000
CDUS43 KGRR 020523
CLILAN


CLIMATE REPORT
NATIONAL WEATHER SERVICE GRAND RAPIDS, MI
123 AM EDT TUE JUN 2 2015


...................................

...THE LANSING MI CLIMATE SUMMARY FOR JUNE 1 2015...

CLIMATE NORMAL PERIOD 1981 TO 2010
CLIMATE RECORD PERIOD 1864 TO 2015


WEATHER ITEM   OBSERVED TIME   RECORD YEAR NORMAL DEPARTURE LAST
                VALUE   (LST)  VALUE       VALUE  FROM      YEAR
                                                  NORMAL
..................................................................
TEMPERATURE (F)
 YESTERDAY
  MAXIMUM         64    358 PM  97    1934  74    -10       86
  MINIMUM         41    539 AM  30    1966  52    -11       57
  AVERAGE         53                        63    -10       72

PRECIPITATION (IN)
  YESTERDAY        0.00          1.22 1879   0.12  -0.12     0.00
  MONTH TO DATE    0.00                      0.12  -0.12     0.00
  SINCE JUN 1      0.00                      0.12  -0.12     0.00
  SINCE JAN 1      8.05                     11.69  -3.64    11.21

SNOWFALL (IN)
  YESTERDAY        0.0           0.0    MM   0.0    0.0      0.0
  MONTH TO DATE    0.0                       0.0    0.0      0.0
  SINCE JUN 1      0.0                       0.0    0.0      0.0
  SINCE JUL 1     35.6                      51.1  -15.5     69.1
  SNOW DEPTH       0

DEGREE DAYS
 HEATING
  YESTERDAY       12                         4      8        0
  MONTH TO DATE   12                         4      8        0
  SINCE JUN 1     12                         4      8        0
  SINCE JUL 1   7187                      6661    526     7519

 COOLING
  YESTERDAY        0                         2     -2        7
  MONTH TO DATE    0                         2     -2        7
  SINCE JUN 1      0                         2     -2        7
  SINCE JAN 1     59                        43     16       46
..................................................................


WIND (MPH)
  RESULTANT WIND SPEED   8   RESULTANT WIND DIRECTION  NE (40)
  HIGHEST WIND SPEED    17   HIGHEST WIND DIRECTION    NE (40)
  HIGHEST GUST SPEED    24   HIGHEST GUST DIRECTION    NE (60)
  AVERAGE WIND SPEED     7.7


SKY COVER
  AVERAGE SKY COVER 0.2


WEATHER CONDITIONS
 THE FOLLOWING WEATHER WAS RECORDED YESTERDAY.
  NO SIGNIFICANT WEATHER WAS OBSERVED.


RELATIVE HUMIDITY (PERCENT)
 HIGHEST    86           500 AM
 LOWEST     47           700 PM
 AVERAGE    67

..........................................................


THE LANSING MI CLIMATE NORMALS FOR TODAY
                         NORMAL    RECORD    YEAR
 MAXIMUM TEMPERATURE (F)   74        93      1919
                                             1895
 MINIMUM TEMPERATURE (F)   53        36      1966
                                             1964
                                             1901


SUNRISE AND SUNSET
JUNE  2 2015..........SUNRISE   602 AM EDT   SUNSET   911 PM EDT
JUNE  3 2015..........SUNRISE   602 AM EDT   SUNSET   911 PM EDT


-  INDICATES NEGATIVE NUMBERS.
R  INDICATES RECORD WAS SET OR TIED.
MM INDICATES DATA IS MISSING.
T  INDICATES TRACE AMOUNT.




$$
