000
CDUS43 KGRR 230528
CLILAN


CLIMATE REPORT
NATIONAL WEATHER SERVICE GRAND RAPIDS, MI
127 AM EDT THU OCT 23 2014


...................................

...THE LANSING MI CLIMATE SUMMARY FOR OCTOBER 22 2014...

CLIMATE NORMAL PERIOD 1981 TO 2010
CLIMATE RECORD PERIOD 1864 TO 2014


WEATHER ITEM   OBSERVED TIME   RECORD YEAR NORMAL DEPARTURE LAST
                VALUE   (LST)  VALUE       VALUE  FROM      YEAR
                                                  NORMAL
..................................................................
TEMPERATURE (F)
 YESTERDAY
  MAXIMUM         48    348 PM  82    1963  58    -10       49
                                      1920
  MINIMUM         35   1159 PM  10    1868  39     -4       32
  AVERAGE         42                        48     -6       41

PRECIPITATION (IN)
  YESTERDAY        0.00          2.55 1929   0.08  -0.08     0.00
  MONTH TO DATE    3.28                      1.82   1.46     1.82
  SINCE SEP 1      5.82                      5.32   0.50     2.80
  SINCE JAN 1     33.04                     26.41   6.63    35.72

SNOWFALL (IN)
  YESTERDAY        0.0           1.0  1913   0.0    0.0      0.0
  MONTH TO DATE    0.0                       0.2   -0.2      0.0
  SINCE SEP 1      0.0                       0.2   -0.2      0.0
  SINCE JUL 1      0.0                       0.2   -0.2      0.0
  SNOW DEPTH       0

DEGREE DAYS
 HEATING
  YESTERDAY       23                        17      6       24
  MONTH TO DATE  311                       296     15      217
  SINCE SEP 1    471                       449     22      373
  SINCE JUL 1    511                       484     27      408

 COOLING
  YESTERDAY        0                         0      0        0
  MONTH TO DATE    0                         4     -4       10
  SINCE SEP 1     43                        65    -22       73
  SINCE JAN 1    488                       622   -134      661
..................................................................


WIND (MPH)
  RESULTANT WIND SPEED   4   RESULTANT WIND DIRECTION   N (20)
  HIGHEST WIND SPEED    13   HIGHEST WIND DIRECTION     E (70)
  HIGHEST GUST SPEED    17   HIGHEST GUST DIRECTION    NE (40)
  AVERAGE WIND SPEED     4.3


SKY COVER
  AVERAGE SKY COVER 0.9


WEATHER CONDITIONS
 THE FOLLOWING WEATHER WAS RECORDED YESTERDAY.
  FOG


RELATIVE HUMIDITY (PERCENT)
 HIGHEST    89          1200 AM
 LOWEST     71          1100 AM
 AVERAGE    80

..........................................................


THE LANSING MI CLIMATE NORMALS FOR TODAY
                         NORMAL    RECORD    YEAR
 MAXIMUM TEMPERATURE (F)   57        84      1963
 MINIMUM TEMPERATURE (F)   39        11      1868


SUNRISE AND SUNSET
OCTOBER 23 2014.......SUNRISE   801 AM EDT   SUNSET   644 PM EDT
OCTOBER 24 2014.......SUNRISE   802 AM EDT   SUNSET   642 PM EDT


-  INDICATES NEGATIVE NUMBERS.
R  INDICATES RECORD WAS SET OR TIED.
MM INDICATES DATA IS MISSING.
T  INDICATES TRACE AMOUNT.




$$
