000
CDUS43 KGRR 020518
CLILAN


CLIMATE REPORT
NATIONAL WEATHER SERVICE GRAND RAPIDS, MI
118 AM EDT TUE SEP 2 2014


...................................

...THE LANSING MI CLIMATE SUMMARY FOR SEPTEMBER 1 2014...

CLIMATE NORMAL PERIOD 1981 TO 2010
CLIMATE RECORD PERIOD 1864 TO 2014


WEATHER ITEM   OBSERVED TIME   RECORD YEAR NORMAL DEPARTURE LAST
                VALUE   (LST)  VALUE       VALUE  FROM      YEAR
                                                  NORMAL
..................................................................
TEMPERATURE (F)
 YESTERDAY
  MAXIMUM         81   1157 AM  96    1953  78      3       81
                                      1898
  MINIMUM         65   1248 AM  30    1867  57      8       66
  AVERAGE         73                        67      6       74

PRECIPITATION (IN)
  YESTERDAY        0.41          1.68 1914   0.11   0.30      T
  MONTH TO DATE    0.41                      0.11   0.30      T
  SINCE SEP 1      0.41                      0.11   0.30      T
  SINCE JAN 1     27.63                     21.20   6.43    32.92

SNOWFALL (IN)
  YESTERDAY        0.0           0.0    MM   0.0    0.0      0.0
  MONTH TO DATE    0.0                       0.0    0.0      0.0
  SINCE SEP 1      0.0                       0.0    0.0      0.0
  SINCE JUL 1      0.0                       0.0    0.0      0.0
  SNOW DEPTH       0

DEGREE DAYS
 HEATING
  YESTERDAY        0                         2     -2        0
  MONTH TO DATE    0                         2     -2        0
  SINCE SEP 1      0                         2     -2        0
  SINCE JUL 1     40                        37      3       35

 COOLING
  YESTERDAY        8                         4      4        9
  MONTH TO DATE    8                         4      4        9
  SINCE SEP 1      8                         4      4        9
  SINCE JAN 1    453                       561   -108      597
..................................................................


WIND (MPH)
  RESULTANT WIND SPEED   8   RESULTANT WIND DIRECTION   S (200)
  HIGHEST WIND SPEED    30   HIGHEST WIND DIRECTION     W (260)
  HIGHEST GUST SPEED    35   HIGHEST GUST DIRECTION     W (250)
  AVERAGE WIND SPEED    10.3


SKY COVER
  AVERAGE SKY COVER 0.6


WEATHER CONDITIONS
 THE FOLLOWING WEATHER WAS RECORDED YESTERDAY.
  HEAVY RAIN
  LIGHT RAIN
  FOG
  HAZE


RELATIVE HUMIDITY (PERCENT)
 HIGHEST    97           600 AM
 LOWEST     69          1200 PM
 AVERAGE    83

..........................................................


THE LANSING MI CLIMATE NORMALS FOR TODAY
                         NORMAL    RECORD    YEAR
 MAXIMUM TEMPERATURE (F)   78        99      1894
 MINIMUM TEMPERATURE (F)   56        36      1867


SUNRISE AND SUNSET
SEPTEMBER  2 2014.....SUNRISE   704 AM EDT   SUNSET   811 PM EDT
SEPTEMBER  3 2014.....SUNRISE   705 AM EDT   SUNSET   809 PM EDT


-  INDICATES NEGATIVE NUMBERS.
R  INDICATES RECORD WAS SET OR TIED.
MM INDICATES DATA IS MISSING.
T  INDICATES TRACE AMOUNT.




$$
