000
CDUS43 KGRR 290516
CLILAN


CLIMATE REPORT
NATIONAL WEATHER SERVICE GRAND RAPIDS, MI
116 AM EDT WED MAR 29 2017


...................................

...THE LANSING MI CLIMATE SUMMARY FOR MARCH 28 2017...

CLIMATE NORMAL PERIOD 1981 TO 2010
CLIMATE RECORD PERIOD 1864 TO 2017


WEATHER ITEM   OBSERVED TIME   RECORD YEAR NORMAL DEPARTURE LAST
                VALUE   (LST)  VALUE       VALUE  FROM      YEAR
                                                  NORMAL
..................................................................
TEMPERATURE (F)
 YESTERDAY
  MAXIMUM         50    421 PM  78    1910  50      0       46
  MINIMUM         36   1004 PM  -4    1934  30      6       34
  AVERAGE         43                        40      3       40

PRECIPITATION (IN)
  YESTERDAY        0.00          1.24 1985   0.08  -0.08     0.29
  MONTH TO DATE    2.36                      1.81   0.55     3.02
  SINCE MAR 1      2.36                      1.81   0.55     3.02
  SINCE JAN 1      8.64                      4.93   3.71     6.18

SNOWFALL (IN)
  YESTERDAY        0.0           7.0  1890   0.2   -0.2      0.0
  MONTH TO DATE    2.2                       6.6   -4.4      8.9
  SINCE MAR 1      2.2                       6.6   -4.4      8.9
  SINCE JUL 1     29.8                      48.8  -19.0     42.5
  SNOW DEPTH       0

DEGREE DAYS
 HEATING
  YESTERDAY       22                        25     -3       25
  MONTH TO DATE  847                       857    -10      709
  SINCE MAR 1    847                       857    -10      709
  SINCE JUL 1   4892                      5792   -900     4869

 COOLING
  YESTERDAY        0                         0      0        0
  MONTH TO DATE    0                         0      0        0
  SINCE MAR 1      0                         0      0        0
  SINCE JAN 1      0                         0      0        0
..................................................................


WIND (MPH)
  RESULTANT WIND SPEED   7   RESULTANT WIND DIRECTION  NE (30)
  HIGHEST WIND SPEED    15   HIGHEST WIND DIRECTION    NE (50)
  HIGHEST GUST SPEED    20   HIGHEST GUST DIRECTION    NE (50)
  AVERAGE WIND SPEED     7.4


SKY COVER
  AVERAGE SKY COVER 0.7


WEATHER CONDITIONS
 THE FOLLOWING WEATHER WAS RECORDED YESTERDAY.
  FOG


RELATIVE HUMIDITY (PERCENT)
 HIGHEST    92           800 AM
 LOWEST     56           600 PM
 AVERAGE    74

..........................................................


THE LANSING MI CLIMATE NORMALS FOR TODAY
                         NORMAL    RECORD    YEAR
 MAXIMUM TEMPERATURE (F)   50        78      1963
                                             1905
 MINIMUM TEMPERATURE (F)   31        -1      1887


SUNRISE AND SUNSET
MARCH 29 2017.........SUNRISE   725 AM EDT   SUNSET   801 PM EDT
MARCH 30 2017.........SUNRISE   724 AM EDT   SUNSET   803 PM EDT


-  INDICATES NEGATIVE NUMBERS.
R  INDICATES RECORD WAS SET OR TIED.
MM INDICATES DATA IS MISSING.
T  INDICATES TRACE AMOUNT.




$$
