000
CDUS45 KCYS 302245
CLILAR


CLIMATE REPORT
NATIONAL WEATHER SERVICE CHEYENNE WY
445 PM MDT FRI SEP 30 2016


...................................

...THE LARAMIE WY AIRPORT CLIMATE SUMMARY FOR SEPTEMBER 30 2016...
VALID TODAY AS OF 0400 PM LOCAL TIME.

CLIMATE NORMAL PERIOD 1981 TO 2010
CLIMATE RECORD PERIOD 1948 TO 2016


WEATHER ITEM   OBSERVED TIME   RECORD YEAR NORMAL DEPARTURE LAST
                VALUE   (LST)  VALUE       VALUE  FROM      YEAR
                                                  NORMAL
..................................................................
TEMPERATURE (F)
 TODAY
  MAXIMUM         67    100 PM  79    1980  62      5       71
  MINIMUM         49        MM  -2    1985  33     16       43
  AVERAGE         58                        48     10       57

PRECIPITATION (IN)
  TODAY            0.03          0.91 2004   0.03   0.00     0.00
  MONTH TO DATE    0.77                      1.11  -0.34     0.34
  SINCE JAN 1     10.82                      9.26   1.56    10.20

DEGREE DAYS
 HEATING
  TODAY            7                        18    -11        8
  MONTH TO DATE  275                       353    -78      195
  SINCE SEP 1    275                       353    -78      195
  SINCE JUL 1    441                       525    -84      344

 COOLING
  TODAY            0                         0      0        0
  MONTH TO DATE    4                         1      3        0
  SINCE SEP 1      4                         1      3        0
  SINCE JAN 1    119                        67     52       65
..................................................................


WIND (MPH)
  HIGHEST WIND SPEED    17   HIGHEST WIND DIRECTION     W (250)
  HIGHEST GUST SPEED    27   HIGHEST GUST DIRECTION     W (250)
  AVERAGE WIND SPEED     8.2


SKY COVER
  AVERAGE SKY COVER 0.9


WEATHER CONDITIONS
 THE FOLLOWING WEATHER WAS RECORDED TODAY.
  LIGHT RAIN


RELATIVE HUMIDITY (PERCENT)
 HIGHEST    93           800 AM
 LOWEST     40           100 PM
 AVERAGE    67

..........................................................


THE LARAMIE WY AIRPORT CLIMATE NORMALS FOR TOMORROW
                         NORMAL    RECORD    YEAR
 MAXIMUM TEMPERATURE (F)   62        79      2011
 MINIMUM TEMPERATURE (F)   32        12      1985


SUNRISE AND SUNSET
SEPTEMBER 30 2016.....SUNRISE   659 AM MDT   SUNSET   645 PM MDT
OCTOBER  1 2016.......SUNRISE   700 AM MDT   SUNSET   644 PM MDT


-  INDICATES NEGATIVE NUMBERS.
R  INDICATES RECORD WAS SET OR TIED.
MM INDICATES DATA IS MISSING.
T  INDICATES TRACE AMOUNT.




$$
