000
CDUS45 KCYS 260730
CLILAR


CLIMATE REPORT
NATIONAL WEATHER SERVICE CHEYENNE WY
130 AM MDT TUE MAY 26 2015


...................................

...THE LARAMIE WY AIRPORT CLIMATE SUMMARY FOR MAY 25 2015...

CLIMATE NORMAL PERIOD 1981 TO 2010
CLIMATE RECORD PERIOD 1948 TO 2015


WEATHER ITEM   OBSERVED TIME   RECORD YEAR NORMAL DEPARTURE LAST
                VALUE   (LST)  VALUE       VALUE  FROM      YEAR
                                                  NORMAL
..................................................................
TEMPERATURE (F)
 YESTERDAY
  MAXIMUM         57    307 PM  79    1964  65     -8       61
  MINIMUM         37   1154 PM  27    1990  36      1       41
                                      1950
  AVERAGE         47                        50     -3       51

PRECIPITATION (IN)
  YESTERDAY        0.05          0.59 1950   0.06  -0.01     0.38
  MONTH TO DATE    2.69                      1.30   1.39     2.00
  SINCE JAN 1      5.38                      3.56   1.82     4.53

DEGREE DAYS
 HEATING
  YESTERDAY       18                        15      3       14
  MONTH TO DATE  521                       459     62      506
  SINCE MAR 1   2183                      2332   -149     2297
  SINCE JUL 1   7860                      8508   -648     8341

 COOLING
  YESTERDAY        0                         0      0        0
  MONTH TO DATE    0                         0      0        0
  SINCE MAR 1      0                         0      0        0
  SINCE JAN 1      0                         0      0        0
..................................................................


WIND (MPH)
  HIGHEST WIND SPEED    26   HIGHEST WIND DIRECTION    NW (330)
  HIGHEST GUST SPEED    36   HIGHEST GUST DIRECTION    NW (330)
  AVERAGE WIND SPEED     8.4


SKY COVER
  AVERAGE SKY COVER 0.8


WEATHER CONDITIONS
 THE FOLLOWING WEATHER WAS RECORDED YESTERDAY.
  LIGHT RAIN
  FOG


RELATIVE HUMIDITY (PERCENT)
 HIGHEST    92           300 AM
 LOWEST     54           300 PM
 AVERAGE    73

..........................................................


THE LARAMIE WY AIRPORT CLIMATE NORMALS FOR TODAY
                         NORMAL    RECORD    YEAR
 MAXIMUM TEMPERATURE (F)   65        82      1969
 MINIMUM TEMPERATURE (F)   37        17      1950


SUNRISE AND SUNSET
MAY 26 2015...........SUNRISE   535 AM MDT   SUNSET   825 PM MDT
MAY 27 2015...........SUNRISE   535 AM MDT   SUNSET   825 PM MDT


-  INDICATES NEGATIVE NUMBERS.
R  INDICATES RECORD WAS SET OR TIED.
MM INDICATES DATA IS MISSING.
T  INDICATES TRACE AMOUNT.




$$
