000
CDUS45 KCYS 302128
CLILAR


CLIMATE REPORT
NATIONAL WEATHER SERVICE CHEYENNE WY
328 PM MDT SAT JUL 30 2016


...................................

...THE LARAMIE WY AIRPORT CLIMATE SUMMARY FOR JULY 30 2016...
VALID AS OF 0300 PM LOCAL TIME.

CLIMATE NORMAL PERIOD 1981 TO 2010
CLIMATE RECORD PERIOD 1948 TO 2016


WEATHER ITEM   OBSERVED TIME   RECORD YEAR NORMAL DEPARTURE LAST
                VALUE   (LST)  VALUE       VALUE  FROM      YEAR
                                                  NORMAL
..................................................................
TEMPERATURE (F)
 TODAY
  MAXIMUM         87    150 PM  92    2006  80      7       82
  MINIMUM         48    530 AM  35    1971  49     -1       39
  AVERAGE         68                        65      3       61

PRECIPITATION (IN)
  TODAY            0.00          0.36 1956   0.05  -0.05     0.00
  MONTH TO DATE    0.40                      1.38  -0.98     2.37
  SINCE JAN 1      9.02                      6.87   2.15     8.54

DEGREE DAYS
 HEATING
  TODAY            0                         2     -2        4
  MONTH TO DATE   39                        70    -31       76
  SINCE JUN 1    146                       311   -165      196
  SINCE JUL 1     39                        70    -31       76

 COOLING
  TODAY            3                         1      2        0
  MONTH TO DATE   70                        36     34       20
  SINCE JUN 1     91                        43     48       34
  SINCE JAN 1     91                        43     48       34
..................................................................


WIND (MPH)
  HIGHEST WIND SPEED    22   HIGHEST WIND DIRECTION    SE (150)
  HIGHEST GUST SPEED    29   HIGHEST GUST DIRECTION    SE (150)
  AVERAGE WIND SPEED     8.5


SKY COVER
  AVERAGE SKY COVER 0.2


WEATHER CONDITIONS
 THE FOLLOWING WEATHER WAS RECORDED TODAY.
  FOG
  FOG W/VISIBILITY <= 1/4 MILE


RELATIVE HUMIDITY (PERCENT)
 HIGHEST   100           600 AM
 LOWEST     15           200 PM
 AVERAGE    58

..........................................................


THE LARAMIE WY AIRPORT CLIMATE NORMALS FOR TOMORROW
                         NORMAL    RECORD    YEAR
 MAXIMUM TEMPERATURE (F)   80        90      2002
 MINIMUM TEMPERATURE (F)   49        39      1950


SUNRISE AND SUNSET
JULY 30 2016..........SUNRISE   556 AM MDT   SUNSET   821 PM MDT
JULY 31 2016..........SUNRISE   557 AM MDT   SUNSET   820 PM MDT


-  INDICATES NEGATIVE NUMBERS.
R  INDICATES RECORD WAS SET OR TIED.
MM INDICATES DATA IS MISSING.
T  INDICATES TRACE AMOUNT.




$$
