000
CDUS45 KVEF 160827
CLILAS


CLIMATE REPORT
NATIONAL WEATHER SERVICE LAS VEGAS, NV
127 AM PDT WED APR 16 2014


...................................

...THE LAS VEGAS NV CLIMATE SUMMARY FOR APRIL 15 2014...

CLIMATE NORMAL PERIOD 1981 TO 2010
CLIMATE RECORD PERIOD 1937 TO 2014


WEATHER ITEM   OBSERVED TIME   RECORD YEAR NORMAL DEPARTURE LAST
                VALUE   (LST)  VALUE       VALUE  FROM      YEAR
                                                  NORMAL
..................................................................
TEMPERATURE (F)
 YESTERDAY
  MAXIMUM         83    444 PM  97    1947  78      5       78
  MINIMUM         55    433 AM  34    1939  56     -1       58
  AVERAGE         69                        67      2       68

PRECIPITATION (IN)
  YESTERDAY        0.00          0.06 2003   0.01  -0.01     0.00
  MONTH TO DATE    T                         0.10  -0.10     0.03
  SINCE OCT 1      1.72                      2.97  -1.25     2.04
  SINCE JAN 1      0.30                      1.84  -1.54     0.61

SNOWFALL (IN)
  YESTERDAY        0.0           0.0    MM   0.0    0.0      0.0
  MONTH TO DATE    0.0                       0.0    0.0      0.0
  SINCE MAR 1      0.0                       0.0    0.0      0.0
  SINCE JUL 1      0.0                       0.3   -0.3       T
  SNOW DEPTH       0

DEGREE DAYS
 HEATING
  YESTERDAY        0                         2     -2        0
  MONTH TO DATE   35                        44     -9       11
  SINCE MAR 1    120                       233   -113       97
  SINCE JUL 1   1506                      1924   -418     1734

 COOLING
  YESTERDAY        4                         4      0        3
  MONTH TO DATE   87                        43     44       75
  SINCE MAR 1    118                        73     45      161
  SINCE JAN 1    121                        74     47      161
..................................................................


WIND (MPH)
  RESULTANT WIND SPEED   4   RESULTANT WIND DIRECTION   S (200)
  HIGHEST WIND SPEED    14   HIGHEST WIND DIRECTION     S (200)
  HIGHEST GUST SPEED    15   HIGHEST GUST DIRECTION     S (200)
  AVERAGE WIND SPEED     5.2


SKY COVER
  POSSIBLE SUNSHINE  MM
  AVERAGE SKY COVER 0.6


WEATHER CONDITIONS
 THE FOLLOWING WEATHER WAS RECORDED YESTERDAY.
  NO SIGNIFICANT WEATHER WAS OBSERVED.


RELATIVE HUMIDITY (PERCENT)
 HIGHEST    19           600 AM
 LOWEST      6           300 PM
 AVERAGE    13

..........................................................


THE LAS VEGAS NV CLIMATE NORMALS FOR TODAY
                         NORMAL    RECORD    YEAR
 MAXIMUM TEMPERATURE (F)   78        95      1989
                                             1984
                                             1962
 MINIMUM TEMPERATURE (F)   56        39      1998
                                             1976
                                             1967


SUNRISE AND SUNSET
APRIL 16 2014.........SUNRISE   606 AM PDT   SUNSET   715 PM PDT
APRIL 17 2014.........SUNRISE   605 AM PDT   SUNSET   716 PM PDT


-  INDICATES NEGATIVE NUMBERS.
R  INDICATES RECORD WAS SET OR TIED.
MM INDICATES DATA IS MISSING.
T  INDICATES TRACE AMOUNT.




$$
