379
CDUS45 KVEF 160838
CLILAS


CLIMATE REPORT
NATIONAL WEATHER SERVICE LAS VEGAS, NV
1238 AM PST MON JAN 16 2017


...................................

...THE LAS VEGAS NV CLIMATE SUMMARY FOR JANUARY 15 2017...

CLIMATE NORMAL PERIOD 1981 TO 2010
CLIMATE RECORD PERIOD 1937 TO 2017


WEATHER ITEM   OBSERVED TIME   RECORD YEAR NORMAL DEPARTURE LAST
                VALUE   (LST)  VALUE       VALUE  FROM      YEAR
                                                  NORMAL
..................................................................
TEMPERATURE (F)
 YESTERDAY
  MAXIMUM         58    320 PM  73    1945  58      0       60
  MINIMUM         44    740 AM  20    1962  39      5       38
                                      1949
  AVERAGE         51                        49      2       49

PRECIPITATION (IN)
  YESTERDAY        0.00          0.21 1979   0.02  -0.02     0.00
  MONTH TO DATE    0.10                      0.28  -0.18     0.26
  SINCE OCT 1      1.16                      1.41  -0.25     1.67
  SINCE JAN 1      0.10                      0.28  -0.18     0.26

SNOWFALL (IN)
  YESTERDAY        0.0           0.4  1960   0.0    0.0      0.0
  MONTH TO DATE    0.0                       0.0    0.0      0.0
  SINCE DEC 1      0.0                       0.2   -0.2       T
  SINCE JUL 1      0.0                       0.2   -0.2       T
  SNOW DEPTH       0

DEGREE DAYS
 HEATING
  YESTERDAY       14                        16     -2       16
  MONTH TO DATE  200                       255    -55      276
  SINCE DEC 1    712                       793    -81      819
  SINCE JUL 1    879                      1102   -223     1143

 COOLING
  YESTERDAY        0                         0      0        0
  MONTH TO DATE    0                         0      0        0
  SINCE DEC 1      0                         0      0        0
  SINCE JAN 1      0                         0      0        0
..................................................................


WIND (MPH)
  RESULTANT WIND SPEED   5   RESULTANT WIND DIRECTION  NE (30)
  HIGHEST WIND SPEED    18   HIGHEST WIND DIRECTION     N (20)
  HIGHEST GUST SPEED    22   HIGHEST GUST DIRECTION     N (10)
  AVERAGE WIND SPEED     6.8


SKY COVER
  POSSIBLE SUNSHINE  MM
  AVERAGE SKY COVER 0.3


WEATHER CONDITIONS
 THE FOLLOWING WEATHER WAS RECORDED YESTERDAY.
  NO SIGNIFICANT WEATHER WAS OBSERVED.


RELATIVE HUMIDITY (PERCENT)
 HIGHEST    71          1000 PM
 LOWEST     32           100 PM
 AVERAGE    52

..........................................................


THE LAS VEGAS NV CLIMATE NORMALS FOR TODAY
                         NORMAL    RECORD    YEAR
 MAXIMUM TEMPERATURE (F)   58        73      1976
 MINIMUM TEMPERATURE (F)   39        23      1964
                                             1963
                                             1962


SUNRISE AND SUNSET
JANUARY 16 2017.......SUNRISE   650 AM PST   SUNSET   451 PM PST
JANUARY 17 2017.......SUNRISE   650 AM PST   SUNSET   452 PM PST


-  INDICATES NEGATIVE NUMBERS.
R  INDICATES RECORD WAS SET OR TIED.
MM INDICATES DATA IS MISSING.
T  INDICATES TRACE AMOUNT.




$$
