260
CDUS45 KVEF 280027
CLILAS


CLIMATE REPORT
NATIONAL WEATHER SERVICE LAS VEGAS, NV
426 PM PST MON FEB 27 2017


...................................

...THE LAS VEGAS NV CLIMATE SUMMARY FOR FEBRUARY 27 2017...
VALID TODAY AS OF 0400 PM LOCAL TIME.

CLIMATE NORMAL PERIOD 1981 TO 2010
CLIMATE RECORD PERIOD 1937 TO 2017


WEATHER ITEM   OBSERVED TIME   RECORD YEAR NORMAL DEPARTURE LAST
                VALUE   (LST)  VALUE       VALUE  FROM      YEAR
                                                  NORMAL
..................................................................
TEMPERATURE (F)
 TODAY
  MAXIMUM         57    347 PM  83    1986  66     -9       81
  MINIMUM         47    527 AM  19    1971  46      1       54
  AVERAGE         52                        56     -4       68

PRECIPITATION (IN)
  TODAY            0.00          0.65 2001   0.02  -0.02     0.00
  MONTH TO DATE    0.56                      0.73  -0.17     0.09
  SINCE OCT 1      2.52                      2.40   0.12     1.96
  SINCE JAN 1      1.46                      1.27   0.19     0.55

SNOWFALL (IN)
  TODAY            0.0           T    2004   0.0    0.0      0.0
  MONTH TO DATE    0.0                       0.1   -0.1      0.0
  SINCE DEC 1      0.0                       0.3   -0.3       T
  SINCE JUL 1      0.0                       0.3   -0.3       T
  SNOW DEPTH       0

DEGREE DAYS
 HEATING
  TODAY           13                         9      4        0
  MONTH TO DATE  202                       330   -128      211
  SINCE DEC 1   1194                      1373   -179     1255
  SINCE JUL 1   1361                      1682   -321     1579

 COOLING
  TODAY            0                         0      0        3
  MONTH TO DATE    3                         0      3        5
  SINCE DEC 1      3                         0      3        5
  SINCE JAN 1      3                         0      3        5
..................................................................


WIND (MPH)
  RESULTANT WIND SPEED  12   RESULTANT WIND DIRECTION   S (200)
  HIGHEST WIND SPEED    22   HIGHEST WIND DIRECTION     S (190)
  HIGHEST GUST SPEED    31   HIGHEST GUST DIRECTION     S (190)
  AVERAGE WIND SPEED    13.0


SKY COVER
  POSSIBLE SUNSHINE  MM
  AVERAGE SKY COVER 0.8


WEATHER CONDITIONS
 THE FOLLOWING WEATHER WAS RECORDED TODAY.
  NO SIGNIFICANT WEATHER WAS OBSERVED.


RELATIVE HUMIDITY (PERCENT)
 HIGHEST    50           400 AM
 LOWEST     38           800 AM
 AVERAGE    44

..........................................................


THE LAS VEGAS NV CLIMATE NORMALS FOR TOMORROW
                         NORMAL    RECORD    YEAR
 MAXIMUM TEMPERATURE (F)   66        82      1986
                                             1972
 MINIMUM TEMPERATURE (F)   46        19      1962


SUNRISE AND SUNSET
FEBRUARY 27 2017......SUNRISE   613 AM PST   SUNSET   534 PM PST
FEBRUARY 28 2017......SUNRISE   612 AM PST   SUNSET   535 PM PST


-  INDICATES NEGATIVE NUMBERS.
R  INDICATES RECORD WAS SET OR TIED.
MM INDICATES DATA IS MISSING.
T  INDICATES TRACE AMOUNT.




$$
