000
CDUS45 KVEF 230036
CLILAS


CLIMATE REPORT
NATIONAL WEATHER SERVICE LAS VEGAS, NV
535 PM PDT FRI AUG 22 2014


...................................

...THE LAS VEGAS NV CLIMATE SUMMARY FOR AUGUST 22 2014...
VALID TODAY AS OF 0500 PM LOCAL TIME.

CLIMATE NORMAL PERIOD 1981 TO 2010
CLIMATE RECORD PERIOD 1937 TO 2014


WEATHER ITEM   OBSERVED TIME   RECORD YEAR NORMAL DEPARTURE LAST
                VALUE   (LST)  VALUE       VALUE  FROM      YEAR
                                                  NORMAL
..................................................................
TEMPERATURE (F)
 TODAY
  MAXIMUM         95    342 PM 110    1939 101     -6      102
  MINIMUM         70    524 AM  60    1968  79     -9       84
  AVERAGE         83                        90     -7       93

PRECIPITATION (IN)
  TODAY            0.00          1.65 2012   0.02  -0.02      T
  MONTH TO DATE    0.35                      0.25   0.10     0.17
  SINCE OCT 1      2.29                      3.86  -1.57     2.51
  SINCE JAN 1      0.87                      2.73  -1.86     1.08

SNOWFALL (IN)
  TODAY            0.0           0.0    MM   0.0    0.0      0.0
  MONTH TO DATE    0.0                       0.0    0.0      0.0
  SINCE JUN 1      0.0                       0.0    0.0      0.0
  SINCE JUL 1      0.0                       0.0    0.0      0.0
  SNOW DEPTH       0

DEGREE DAYS
 HEATING
  TODAY            0                         0      0        0
  MONTH TO DATE    0                         0      0        0
  SINCE JUN 1      0                         1     -1        0
  SINCE JUL 1      0                         0      0        0

 COOLING
  TODAY           18                        25     -7       28
  MONTH TO DATE  511                       579    -68      586
  SINCE JUN 1   2150                      2083     67     2305
  SINCE JAN 1   2808                      2633    175     2995
..................................................................


WIND (MPH)
  RESULTANT WIND SPEED   6   RESULTANT WIND DIRECTION   S (170)
  HIGHEST WIND SPEED    22   HIGHEST WIND DIRECTION     S (180)
  HIGHEST GUST SPEED    26   HIGHEST GUST DIRECTION     S (180)
  AVERAGE WIND SPEED     7.0


SKY COVER
  POSSIBLE SUNSHINE  MM
  AVERAGE SKY COVER 0.2


WEATHER CONDITIONS
 THE FOLLOWING WEATHER WAS RECORDED TODAY.
  NO SIGNIFICANT WEATHER WAS OBSERVED.


RELATIVE HUMIDITY (PERCENT)
 HIGHEST    49           300 AM
 LOWEST     23           100 PM
 AVERAGE    36

..........................................................


THE LAS VEGAS NV CLIMATE NORMALS FOR TOMORROW
                         NORMAL    RECORD    YEAR
 MAXIMUM TEMPERATURE (F)  101       110      2011
 MINIMUM TEMPERATURE (F)   78        56      1947


SUNRISE AND SUNSET
AUGUST 22 2014........SUNRISE   605 AM PDT   SUNSET   722 PM PDT
AUGUST 23 2014........SUNRISE   605 AM PDT   SUNSET   720 PM PDT


-  INDICATES NEGATIVE NUMBERS.
R  INDICATES RECORD WAS SET OR TIED.
MM INDICATES DATA IS MISSING.
T  INDICATES TRACE AMOUNT.




$$
