000
CDUS45 KVEF 070031
CLILAS


CLIMATE REPORT
NATIONAL WEATHER SERVICE LAS VEGAS, NV
431 PM PST FRI MAR 6 2015


...................................

...THE LAS VEGAS NV CLIMATE SUMMARY FOR MARCH 6 2015...
VALID TODAY AS OF 0400 PM LOCAL TIME.

CLIMATE NORMAL PERIOD 1981 TO 2010
CLIMATE RECORD PERIOD 1937 TO 2015


WEATHER ITEM   OBSERVED TIME   RECORD YEAR NORMAL DEPARTURE LAST
                VALUE   (LST)  VALUE       VALUE  FROM      YEAR
                                                  NORMAL
..................................................................
TEMPERATURE (F)
 TODAY
  MAXIMUM         73    329 PM  85    1972  68      5       77
  MINIMUM         44    537 AM  24    1939  48     -4       53
  AVERAGE         59                        58      1       65

PRECIPITATION (IN)
  TODAY            0.00          0.45 1973   0.02  -0.02     0.00
  MONTH TO DATE    0.28                      0.13   0.15     0.00
  SINCE OCT 1      1.99                      2.56  -0.57     1.72
  SINCE JAN 1      1.69                      1.43   0.26     0.30

SNOWFALL (IN)
  TODAY            0.0           0.0  2014   0.0    0.0      0.0
  MONTH TO DATE    0.0                       0.0    0.0      0.0
  SINCE MAR 1      0.0                       0.0    0.0      0.0
  SINCE JUL 1      T                         0.3   -0.3      0.0
  SNOW DEPTH      MM

DEGREE DAYS
 HEATING
  TODAY            6                         8     -2        0
  MONTH TO DATE   72                        50     22       30
  SINCE MAR 1     72                        50     22       30
  SINCE JUL 1   1179                      1741   -562     1416

 COOLING
  TODAY            0                         0      0        0
  MONTH TO DATE    0                         0      0        0
  SINCE MAR 1      0                         0      0        0
  SINCE JAN 1     10                         1      9        3
..................................................................


WIND (MPH)
  RESULTANT WIND SPEED   4   RESULTANT WIND DIRECTION   S (170)
  HIGHEST WIND SPEED    16   HIGHEST WIND DIRECTION    NE (60)
  HIGHEST GUST SPEED    20   HIGHEST GUST DIRECTION     E (70)
  AVERAGE WIND SPEED     7.0


SKY COVER
  POSSIBLE SUNSHINE  MM
  AVERAGE SKY COVER 0.0


WEATHER CONDITIONS
 THE FOLLOWING WEATHER WAS RECORDED TODAY.
  NO SIGNIFICANT WEATHER WAS OBSERVED.


RELATIVE HUMIDITY (PERCENT)
 HIGHEST    58           400 AM
 LOWEST     11           300 PM
 AVERAGE    35

..........................................................


THE LAS VEGAS NV CLIMATE NORMALS FOR TOMORROW
                         NORMAL    RECORD    YEAR
 MAXIMUM TEMPERATURE (F)   68        84      1972
 MINIMUM TEMPERATURE (F)   48        27      1940


SUNRISE AND SUNSET
MARCH  6 2015.........SUNRISE   604 AM PST   SUNSET   540 PM PST
MARCH  7 2015.........SUNRISE   603 AM PST   SUNSET   541 PM PST


-  INDICATES NEGATIVE NUMBERS.
R  INDICATES RECORD WAS SET OR TIED.
MM INDICATES DATA IS MISSING.
T  INDICATES TRACE AMOUNT.




$$
