000
CDUS45 KVEF 310829
CLILAS


CLIMATE REPORT
NATIONAL WEATHER SERVICE LAS VEGAS, NV
129 AM PDT FRI OCT 31 2014


...................................

...THE LAS VEGAS NV CLIMATE SUMMARY FOR OCTOBER 30 2014...

CLIMATE NORMAL PERIOD 1981 TO 2010
CLIMATE RECORD PERIOD 1937 TO 2014


WEATHER ITEM   OBSERVED TIME   RECORD YEAR NORMAL DEPARTURE LAST
                VALUE   (LST)  VALUE       VALUE  FROM      YEAR
                                                  NORMAL
..................................................................
TEMPERATURE (F)
 YESTERDAY
  MAXIMUM         83    305 PM  87    1937  74      9       65
  MINIMUM         58    556 AM  26    1971  53      5       47
  AVERAGE         71                        64      7       56

PRECIPITATION (IN)
  YESTERDAY        0.00          0.40 1959   0.01  -0.01     0.00
  MONTH TO DATE    T                         0.26  -0.26      T
  SINCE OCT 1      T                         0.26  -0.26      T
  SINCE JAN 1      1.51                      3.32  -1.81     1.54

SNOWFALL (IN)
  YESTERDAY        0.0           0.0    MM   0.0    0.0      0.0
  MONTH TO DATE    0.0                       0.0    0.0      0.0
  SINCE SEP 1      0.0                       0.0    0.0      0.0
  SINCE JUL 1      0.0                       0.0    0.0      0.0
  SNOW DEPTH       0

DEGREE DAYS
 HEATING
  YESTERDAY        0                         3     -3        9
  MONTH TO DATE    0                        33    -33       40
  SINCE SEP 1      0                        34    -34       40
  SINCE JUL 1      0                        34    -34       40

 COOLING
  YESTERDAY        6                         2      4        0
  MONTH TO DATE  301                       176    125      103
  SINCE SEP 1    921                       704    217      589
  SINCE JAN 1   3946                      3553    393     3761
..................................................................


WIND (MPH)
  RESULTANT WIND SPEED   6   RESULTANT WIND DIRECTION   S (200)
  HIGHEST WIND SPEED    12   HIGHEST WIND DIRECTION     S (200)
  HIGHEST GUST SPEED    14   HIGHEST GUST DIRECTION     S (200)
  AVERAGE WIND SPEED     6.1


SKY COVER
  POSSIBLE SUNSHINE  MM
  AVERAGE SKY COVER 0.5


WEATHER CONDITIONS
 THE FOLLOWING WEATHER WAS RECORDED YESTERDAY.
  NO SIGNIFICANT WEATHER WAS OBSERVED.


RELATIVE HUMIDITY (PERCENT)
 HIGHEST    25           400 AM
 LOWEST     10           100 PM
 AVERAGE    18

..........................................................


THE LAS VEGAS NV CLIMATE NORMALS FOR TODAY
                         NORMAL    RECORD    YEAR
 MAXIMUM TEMPERATURE (F)   74        86      1988
 MINIMUM TEMPERATURE (F)   53        30      1971


SUNRISE AND SUNSET
OCTOBER 31 2014.......SUNRISE   702 AM PDT   SUNSET   546 PM PDT
NOVEMBER  1 2014......SUNRISE   703 AM PDT   SUNSET   545 PM PDT


-  INDICATES NEGATIVE NUMBERS.
R  INDICATES RECORD WAS SET OR TIED.
MM INDICATES DATA IS MISSING.
T  INDICATES TRACE AMOUNT.




$$
