000
CDUS46 KLOX 170914
CLILAX


CLIMATE REPORT
NATIONAL WEATHER SERVICE LOS ANGELES/OXNARD CA
114 AM PST FRI NOV 17 2017


...................................

...THE LOS ANGELES INTL AIRPORT CA CLIMATE SUMMARY FOR NOVEMBER 16 2017...

CLIMATE NORMAL PERIOD 1981 TO 2010
CLIMATE RECORD PERIOD 1944 TO 2017


WEATHER ITEM   OBSERVED TIME   RECORD YEAR NORMAL DEPARTURE LAST
                VALUE   (LST)  VALUE       VALUE  FROM      YEAR
                                                  NORMAL
..................................................................
TEMPERATURE (F)
 YESTERDAY
  MAXIMUM         76   1101 AM  86    2008  69      7       68
  MINIMUM         58    341 AM  39    1964  53      5       56
  AVERAGE         67                        61      6       62

PRECIPITATION (IN)
  YESTERDAY        0.00          1.37 1965   0.04  -0.04     0.00
  MONTH TO DATE    0.09                      0.50  -0.41     0.00
  SINCE OCT 1      0.09                      1.06  -0.97     0.36
  SINCE JAN 1     12.24                     10.16   2.08     6.38

SNOWFALL (IN)
  YESTERDAY        0.0
  MONTH TO DATE    0.0
  SINCE SEP 1      0.0
  SINCE JUL 1      0.0

DEGREE DAYS
 HEATING
  YESTERDAY        0                         5     -5        3
  MONTH TO DATE   16                        56    -40        9
  SINCE SEP 1     17                        96    -79       12
  SINCE JUL 1     17                       100    -83       12

 COOLING
  YESTERDAY        2                         1      1        0
  MONTH TO DATE    8                        16     -8       77
  SINCE SEP 1    420                       201    219      378
  SINCE JAN 1    984                       547    437      960
..................................................................


WIND (MPH)
  HIGHEST WIND SPEED    15   HIGHEST WIND DIRECTION     W (270)
  HIGHEST GUST SPEED    19   HIGHEST GUST DIRECTION     W (260)
  AVERAGE WIND SPEED     5.7


SKY COVER
  POSSIBLE SUNSHINE  MM
  AVERAGE SKY COVER 0.7


WEATHER CONDITIONS
 THE FOLLOWING WEATHER WAS RECORDED YESTERDAY.
  NO SIGNIFICANT WEATHER WAS OBSERVED.


RELATIVE HUMIDITY (PERCENT)
 HIGHEST    84          1200 AM
 LOWEST     36          1100 AM
 AVERAGE    60

..........................................................


THE LOS ANGELES INTL AIRPORT CA CLIMATE NORMALS FOR TODAY
                         NORMAL    RECORD    YEAR
 MAXIMUM TEMPERATURE (F)   69        91      1949
 MINIMUM TEMPERATURE (F)   53        41      1958
                                             1945


SUNRISE AND SUNSET
NOVEMBER 17 2017......SUNRISE   628 AM PST   SUNSET   449 PM PST
NOVEMBER 18 2017......SUNRISE   629 AM PST   SUNSET   448 PM PST


-  INDICATES NEGATIVE NUMBERS.
R  INDICATES RECORD WAS SET OR TIED.
MM INDICATES DATA IS MISSING.
T  INDICATES TRACE AMOUNT.




$$
