000
CDUS46 KLOX 290114
CLILAX


CLIMATE REPORT
NATIONAL WEATHER SERVICE LOS ANGELES/OXNARD CA
614 PM PDT SAT MAY 28 2016


...................................

...THE LOS ANGELES AIRPORT CLIMATE SUMMARY FOR MAY 28 2016...
VALID TODAY AS OF 0600 PM LOCAL TIME.

CLIMATE NORMAL PERIOD 1981 TO 2010
CLIMATE RECORD PERIOD 1944 TO 2016


WEATHER ITEM   OBSERVED TIME   RECORD YEAR NORMAL DEPARTURE LAST
                VALUE   (LST)  VALUE       VALUE  FROM      YEAR
                                                  NORMAL
..................................................................
TEMPERATURE (F)
 TODAY
  MAXIMUM         67    145 PM  84    1973  69     -2       67
  MINIMUM         60    607 AM  50    1946  59      1       57
                                      1945
  AVERAGE         64                        64      0       62

PRECIPITATION (IN)
  TODAY            0.00          0.77 1990   0.01  -0.01     0.00
  MONTH TO DATE    0.59                      0.21   0.38     0.43
  SINCE OCT 1      7.25                     12.44  -5.19     7.25
  SINCE JAN 1      6.01                      8.72  -2.71     2.55

SNOWFALL (IN)
  TODAY            0.0
  MONTH TO DATE    0.0
  SINCE MAR 1      0.0
  SINCE JUL 1      0.0

DEGREE DAYS
 HEATING
  TODAY            1                         2     -1        3
  MONTH TO DATE   60                        80    -20      106
  SINCE MAR 1    262                       459   -197      273
  SINCE JUL 1    958                      1388   -430      806

 COOLING
  TODAY            0                         0      0        0
  MONTH TO DATE    1                         4     -3        0
  SINCE MAR 1     36                        21     15       86
  SINCE JAN 1     93                        30     63      113
..................................................................


WIND (MPH)
  HIGHEST WIND SPEED    17   HIGHEST WIND DIRECTION     W (250)
  HIGHEST GUST SPEED    22   HIGHEST GUST DIRECTION     W (260)
  AVERAGE WIND SPEED     7.5


SKY COVER
  POSSIBLE SUNSHINE  MM
  AVERAGE SKY COVER 0.9


WEATHER CONDITIONS
 THE FOLLOWING WEATHER WAS RECORDED TODAY.
  FOG
  HAZE


RELATIVE HUMIDITY (PERCENT)
 HIGHEST    84          1200 AM
 LOWEST     68          1200 PM
 AVERAGE    76

..........................................................


THE LOS ANGELES AIRPORT CLIMATE NORMALS FOR TOMORROW
                         NORMAL    RECORD    YEAR
 MAXIMUM TEMPERATURE (F)   69        85      1997
 MINIMUM TEMPERATURE (F)   59        50      1953
                                             1945


SUNRISE AND SUNSET
MAY 28 2016...........SUNRISE   545 AM PDT   SUNSET   757 PM PDT
MAY 29 2016...........SUNRISE   544 AM PDT   SUNSET   758 PM PDT


-  INDICATES NEGATIVE NUMBERS.
R  INDICATES RECORD WAS SET OR TIED.
MM INDICATES DATA IS MISSING.
T  INDICATES TRACE AMOUNT.




$$
