000
CDUS46 KLOX 190948
CLILAX


CLIMATE REPORT
NATIONAL WEATHER SERVICE LOS ANGELES/OXNARD CA
147 AM PST SUN FEB 19 2017


...................................

...THE LOS ANGELES INTL AIRPORT CA CLIMATE SUMMARY FOR FEBRUARY 18 2017...

CLIMATE NORMAL PERIOD 1981 TO 2010
CLIMATE RECORD PERIOD 1944 TO 2017


WEATHER ITEM   OBSERVED TIME   RECORD YEAR NORMAL DEPARTURE LAST
                VALUE   (LST)  VALUE       VALUE  FROM      YEAR
                                                  NORMAL
..................................................................
TEMPERATURE (F)
 YESTERDAY
  MAXIMUM         59    302 PM  82    1981  64     -5       64
  MINIMUM         52   1159 PM  40    1946  50      2       55
  AVERAGE         56                        57     -1       60

PRECIPITATION (IN)
  YESTERDAY        0.27          1.29 1993   0.12   0.15     0.13
  MONTH TO DATE    3.86                      2.08   1.78     0.73
  SINCE OCT 1     15.55                      8.51   7.04     4.91
  SINCE JAN 1     11.30                      4.79   6.51     3.67

SNOWFALL (IN)
  YESTERDAY        0.0
  MONTH TO DATE    0.0
  SINCE DEC 1      0.0
  SINCE JUL 1      0.0

DEGREE DAYS
 HEATING
  YESTERDAY        9                         8      1        5
  MONTH TO DATE  110                       144    -34       69
  SINCE DEC 1    593                       666    -73      548
  SINCE JUL 1    672                       848   -176      659

 COOLING
  YESTERDAY        0                         0      0        0
  MONTH TO DATE    0                         0      0       45
  SINCE DEC 1      2                         5     -3       51
  SINCE JAN 1      0                         4     -4       45
..................................................................


WIND (MPH)
  HIGHEST WIND SPEED    20   HIGHEST WIND DIRECTION     W (260)
  HIGHEST GUST SPEED    23   HIGHEST GUST DIRECTION     W (270)
  AVERAGE WIND SPEED     8.5


SKY COVER
  POSSIBLE SUNSHINE  MM
  AVERAGE SKY COVER 0.6


WEATHER CONDITIONS
 THE FOLLOWING WEATHER WAS RECORDED YESTERDAY.
  RAIN
  LIGHT RAIN
  FOG


RELATIVE HUMIDITY (PERCENT)
 HIGHEST   100           500 AM
 LOWEST     80           500 PM
 AVERAGE    90

..........................................................


THE LOS ANGELES INTL AIRPORT CA CLIMATE NORMALS FOR TODAY
                         NORMAL    RECORD    YEAR
 MAXIMUM TEMPERATURE (F)   64        87      1995
 MINIMUM TEMPERATURE (F)   50        38      1955


SUNRISE AND SUNSET
FEBRUARY 19 2017......SUNRISE   634 AM PST   SUNSET   542 PM PST
FEBRUARY 20 2017......SUNRISE   632 AM PST   SUNSET   543 PM PST


-  INDICATES NEGATIVE NUMBERS.
R  INDICATES RECORD WAS SET OR TIED.
MM INDICATES DATA IS MISSING.
T  INDICATES TRACE AMOUNT.




$$
