000
CDUS46 KLOX 290907
CLILAX


CLIMATE REPORT
NATIONAL WEATHER SERVICE LOS ANGELES/OXNARD CA
207 AM PDT SAT APR 29 2017


...................................

...THE LOS ANGELES INTL AIRPORT CA CLIMATE SUMMARY FOR APRIL 28 2017...

CLIMATE NORMAL PERIOD 1981 TO 2010
CLIMATE RECORD PERIOD 1944 TO 2017


WEATHER ITEM   OBSERVED TIME   RECORD YEAR NORMAL DEPARTURE LAST
                VALUE   (LST)  VALUE       VALUE  FROM      YEAR
                                                  NORMAL
..................................................................
TEMPERATURE (F)
 YESTERDAY
  MAXIMUM         84   1212 PM  93    2008  68     16       65
  MINIMUM         64    435 PM  46    1984  55      9       54
  AVERAGE         74                        61     13       60

PRECIPITATION (IN)
  YESTERDAY        0.00          0.84 2005   0.02  -0.02     0.00
  MONTH TO DATE    0.38                      0.67  -0.29     0.29
  SINCE OCT 1     16.19                     12.20   3.99     6.66
  SINCE JAN 1     11.94                      8.48   3.46     5.42

SNOWFALL (IN)
  YESTERDAY        0.0
  MONTH TO DATE    0.0
  SINCE MAR 1      0.0
  SINCE JUL 1      0.0

DEGREE DAYS
 HEATING
  YESTERDAY        0                         4     -4        5
  MONTH TO DATE   67                       149    -82       61
  SINCE MAR 1    179                       370   -191      193
  SINCE JUL 1    952                      1299   -347      889

 COOLING
  YESTERDAY        9                         1      8        0
  MONTH TO DATE   24                         7     17       34
  SINCE MAR 1     26                        13     13       35
  SINCE JAN 1     26                        22      4       92
..................................................................


WIND (MPH)
  HIGHEST WIND SPEED    31   HIGHEST WIND DIRECTION     W (270)
  HIGHEST GUST SPEED    38   HIGHEST GUST DIRECTION     N (10)
  AVERAGE WIND SPEED    17.7


SKY COVER
  POSSIBLE SUNSHINE  MM
  AVERAGE SKY COVER 0.4


WEATHER CONDITIONS
 THE FOLLOWING WEATHER WAS RECORDED YESTERDAY.
  NO SIGNIFICANT WEATHER WAS OBSERVED.


RELATIVE HUMIDITY (PERCENT)
 HIGHEST    56           400 PM
 LOWEST     13          1200 PM
 AVERAGE    35

..........................................................


THE LOS ANGELES INTL AIRPORT CA CLIMATE NORMALS FOR TODAY
                         NORMAL    RECORD    YEAR
 MAXIMUM TEMPERATURE (F)   68        92      1981
 MINIMUM TEMPERATURE (F)   55        44      1948


SUNRISE AND SUNSET
APRIL 29 2017.........SUNRISE   606 AM PDT   SUNSET   736 PM PDT
APRIL 30 2017.........SUNRISE   605 AM PDT   SUNSET   737 PM PDT


-  INDICATES NEGATIVE NUMBERS.
R  INDICATES RECORD WAS SET OR TIED.
MM INDICATES DATA IS MISSING.
T  INDICATES TRACE AMOUNT.




$$
