000
CDUS44 KLUB 170631
CLILBB


CLIMATE REPORT
NATIONAL WEATHER SERVICE LUBBOCK, TX
1230 AM CST WED DEC 17 2014


...................................

...THE LUBBOCK CLIMATE SUMMARY FOR DECEMBER 16 2014...

CLIMATE NORMAL PERIOD 1981 TO 2010
CLIMATE RECORD PERIOD 1911 TO 2014


WEATHER ITEM   OBSERVED TIME   RECORD YEAR NORMAL DEPARTURE LAST
                VALUE   (LST)  VALUE       VALUE  FROM      YEAR
                                                  NORMAL
..................................................................
TEMPERATURE (F)
 YESTERDAY
  MAXIMUM         53    317 PM  77    2006  54     -1       69
  MINIMUM         27    803 AM   3    1987  27      0       22
  AVERAGE         40                        40      0       46

PRECIPITATION (IN)
  YESTERDAY        0.00          1.11 1913   0.03  -0.03     0.00
  MONTH TO DATE    0.01                      0.41  -0.40     0.09
  SINCE DEC 1      0.01                      0.41  -0.40     0.09
  SINCE JAN 1     22.18                     18.77   3.41    12.10

SNOWFALL (IN)
  YESTERDAY        0.0           4.2  1931   0.1   -0.1      0.0
  MONTH TO DATE    0.0                       1.1   -1.1      0.2
  SINCE DEC 1      0.0                       1.1   -1.1      0.2
  SINCE JUL 1      0.5                       2.0   -1.5      2.4
  SNOW DEPTH       0

DEGREE DAYS
 HEATING
  YESTERDAY       25                        25      0       19
  MONTH TO DATE  269                       375   -106      431
  SINCE DEC 1    269                       375   -106      431
  SINCE JUL 1    944                      1017    -73     1084

 COOLING
  YESTERDAY        0                         0      0        0
  MONTH TO DATE    0                         0      0        0
  SINCE DEC 1      0                         0      0        0
  SINCE JAN 1   1917                      1804    113     2123
..................................................................


WIND (MPH)
  RESULTANT WIND SPEED   5   RESULTANT WIND DIRECTION   E (90)
  HIGHEST WIND SPEED    18   HIGHEST WIND DIRECTION    SE (150)
  HIGHEST GUST SPEED    22   HIGHEST GUST DIRECTION    SE (150)
  AVERAGE WIND SPEED     9.5


SKY COVER
  AVERAGE SKY COVER 0.7


WEATHER CONDITIONS
 THE FOLLOWING WEATHER WAS RECORDED YESTERDAY.
  NO SIGNIFICANT WEATHER WAS OBSERVED.


RELATIVE HUMIDITY (PERCENT)
 HIGHEST    85           600 AM
 LOWEST     35           200 PM
 AVERAGE    60

..........................................................


THE LUBBOCK CLIMATE NORMALS FOR TODAY
                         NORMAL    RECORD    YEAR
 MAXIMUM TEMPERATURE (F)   53        78      1980
 MINIMUM TEMPERATURE (F)   27         5      1932


SUNRISE AND SUNSET
DECEMBER 17 2014......SUNRISE   746 AM CST   SUNSET   541 PM CST
DECEMBER 18 2014......SUNRISE   746 AM CST   SUNSET   542 PM CST


-  INDICATES NEGATIVE NUMBERS.
R  INDICATES RECORD WAS SET OR TIED.
MM INDICATES DATA IS MISSING.
T  INDICATES TRACE AMOUNT.




$$
