000
CDUS44 KLUB 290643
CLILBB


CLIMATE REPORT
NATIONAL WEATHER SERVICE LUBBOCK, TX
1242 AM CST THU JAN 29 2015


...................................

...THE LUBBOCK CLIMATE SUMMARY FOR JANUARY 28 2015...

CLIMATE NORMAL PERIOD 1981 TO 2010
CLIMATE RECORD PERIOD 1911 TO 2015


WEATHER ITEM   OBSERVED TIME   RECORD YEAR NORMAL DEPARTURE LAST
                VALUE   (LST)  VALUE       VALUE  FROM      YEAR
                                                  NORMAL
..................................................................
TEMPERATURE (F)
 YESTERDAY
  MAXIMUM         77    331 PM  80    2003  55     22       34
  MINIMUM         38    751 AM   6    2014  27     11        6
  AVERAGE         58                        41     17       20

PRECIPITATION (IN)
  YESTERDAY        0.00          1.36 2010   0.02  -0.02     0.00
  MONTH TO DATE    1.03                      0.57   0.46     0.00
  SINCE DEC 1      1.42                      1.33   0.09     0.60
  SINCE JAN 1      1.03                      0.57   0.46     0.00

SNOWFALL (IN)
  YESTERDAY        0.0           2.8  2010   0.1   -0.1      0.0
  MONTH TO DATE    4.2                       2.3    1.9      0.0
  SINCE DEC 1      6.6                       4.6    2.0      0.2
  SINCE JUL 1      7.1                       5.5    1.6      2.4
  SNOW DEPTH       0

DEGREE DAYS
 HEATING
  YESTERDAY        7                        24    -17       45
  MONTH TO DATE  731                       696     35      718
  SINCE DEC 1   1390                      1452    -62     1522
  SINCE JUL 1   2065                      2094    -29     2175

 COOLING
  YESTERDAY        0                         0      0        0
  MONTH TO DATE    0                         0      0        0
  SINCE DEC 1      0                         0      0        0
  SINCE JAN 1      0                         0      0        0
..................................................................


WIND (MPH)
  RESULTANT WIND SPEED  12   RESULTANT WIND DIRECTION   W (270)
  HIGHEST WIND SPEED    29   HIGHEST WIND DIRECTION     W (270)
  HIGHEST GUST SPEED    36   HIGHEST GUST DIRECTION     W (260)
  AVERAGE WIND SPEED    12.2


SKY COVER
  AVERAGE SKY COVER 0.3


WEATHER CONDITIONS
 THE FOLLOWING WEATHER WAS RECORDED YESTERDAY.
  NO SIGNIFICANT WEATHER WAS OBSERVED.


RELATIVE HUMIDITY (PERCENT)
 HIGHEST    85           500 AM
 LOWEST     18           400 PM
 AVERAGE    52

..........................................................


THE LUBBOCK CLIMATE NORMALS FOR TODAY
                         NORMAL    RECORD    YEAR
 MAXIMUM TEMPERATURE (F)   56        80      1911
 MINIMUM TEMPERATURE (F)   27         1      1948


SUNRISE AND SUNSET
JANUARY 29 2015.......SUNRISE   746 AM CST   SUNSET   615 PM CST
JANUARY 30 2015.......SUNRISE   745 AM CST   SUNSET   616 PM CST


-  INDICATES NEGATIVE NUMBERS.
R  INDICATES RECORD WAS SET OR TIED.
MM INDICATES DATA IS MISSING.
T  INDICATES TRACE AMOUNT.




$$
