000
CDUS44 KLUB 270629
CLILBB


CLIMATE REPORT
NATIONAL WEATHER SERVICE LUBBOCK, TX
129 AM CDT WED MAY 27 2015


...................................

...THE LUBBOCK CLIMATE SUMMARY FOR MAY 26 2015...

CLIMATE NORMAL PERIOD 1981 TO 2010
CLIMATE RECORD PERIOD 1911 TO 2015


WEATHER ITEM   OBSERVED TIME   RECORD YEAR NORMAL DEPARTURE LAST
                VALUE   (LST)  VALUE       VALUE  FROM      YEAR
                                                  NORMAL
..................................................................
TEMPERATURE (F)
 YESTERDAY
  MAXIMUM         85    438 PM 101    1945  86     -1       69
  MINIMUM         54    527 AM  43    1950  59     -5       53
  AVERAGE         70                        73     -3       61

PRECIPITATION (IN)
  YESTERDAY        0.00          1.60 2014   0.09  -0.09     1.60
  MONTH TO DATE    8.41                      1.83   6.58     5.23
  SINCE MAR 1      9.95                      4.34   5.61     5.97
  SINCE JAN 1     12.22                      5.74   6.48     6.13

SNOWFALL (IN)
  YESTERDAY        0.0           T    1996   0.0    0.0      0.0
  MONTH TO DATE    0.0                       0.0    0.0      0.0
  SINCE MAR 1      1.1                       0.8    0.3       T
  SINCE JUL 1     14.7                       8.2    6.5      4.2
  SNOW DEPTH       0

DEGREE DAYS
 HEATING
  YESTERDAY        0                         1     -1        4
  MONTH TO DATE   42                        39      3       51
  SINCE MAR 1    554                       637    -83      661
  SINCE JUL 1   3273                      3376   -103     3513

 COOLING
  YESTERDAY        5                         8     -3        0
  MONTH TO DATE   68                       145    -77      178
  SINCE MAR 1    123                       201    -78      236
  SINCE JAN 1    123                       201    -78      236
..................................................................


WIND (MPH)
  RESULTANT WIND SPEED   9   RESULTANT WIND DIRECTION  SW (240)
  HIGHEST WIND SPEED    24   HIGHEST WIND DIRECTION     W (250)
  HIGHEST GUST SPEED    31   HIGHEST GUST DIRECTION     W (250)
  AVERAGE WIND SPEED    11.4


SKY COVER
  AVERAGE SKY COVER 0.4


WEATHER CONDITIONS
 THE FOLLOWING WEATHER WAS RECORDED YESTERDAY.
  NO SIGNIFICANT WEATHER WAS OBSERVED.


RELATIVE HUMIDITY (PERCENT)
 HIGHEST    93          1200 AM
 LOWEST     23           500 PM
 AVERAGE    58

..........................................................


THE LUBBOCK CLIMATE NORMALS FOR TODAY
                         NORMAL    RECORD    YEAR
 MAXIMUM TEMPERATURE (F)   87       103      1984
 MINIMUM TEMPERATURE (F)   59        48      1961
                                             1950


SUNRISE AND SUNSET
MAY 27 2015...........SUNRISE   640 AM CDT   SUNSET   849 PM CDT
MAY 28 2015...........SUNRISE   639 AM CDT   SUNSET   850 PM CDT


-  INDICATES NEGATIVE NUMBERS.
R  INDICATES RECORD WAS SET OR TIED.
MM INDICATES DATA IS MISSING.
T  INDICATES TRACE AMOUNT.




$$
