000
CDUS44 KLUB 240625
CLILBB


CLIMATE REPORT
NATIONAL WEATHER SERVICE LUBBOCK, TX
125 AM CDT WED MAY 24 2017


...................................

...THE LUBBOCK CLIMATE SUMMARY FOR MAY 23 2017...

CLIMATE NORMAL PERIOD 1981 TO 2010
CLIMATE RECORD PERIOD 1911 TO 2017


WEATHER ITEM   OBSERVED TIME   RECORD YEAR NORMAL DEPARTURE LAST
                VALUE   (LST)  VALUE       VALUE  FROM      YEAR
                                                  NORMAL
..................................................................
TEMPERATURE (F)
 YESTERDAY
  MAXIMUM         72    435 PM 105    2000  86    -14       90
  MINIMUM         49   1151 AM  45    1917  58     -9       65
  AVERAGE         61                        72    -11       78

PRECIPITATION (IN)
  YESTERDAY        0.11          4.32 1941   0.09   0.02     0.00
  MONTH TO DATE    0.58                      1.56  -0.98     3.28
  SINCE MAR 1      2.57                      4.07  -1.50     4.50
  SINCE JAN 1      5.49                      5.47   0.02     4.89

SNOWFALL (IN)
  YESTERDAY        0.0           T    1954   0.0    0.0      0.0
  MONTH TO DATE    0.0                       0.0    0.0      0.0
  SINCE MAR 1      T                         0.8   -0.8       T
  SINCE JUL 1      0.2                       8.2   -8.0     13.3
  SNOW DEPTH       0

DEGREE DAYS
 HEATING
  YESTERDAY        4                         1      3        0
  MONTH TO DATE   23                        36    -13       83
  SINCE MAR 1    384                       634   -250      454
  SINCE JUL 1   2468                      3373   -905     2854

 COOLING
  YESTERDAY        0                         8     -8       13
  MONTH TO DATE  100                       121    -21      104
  SINCE MAR 1    225                       177     48      151
  SINCE JAN 1    229                       177     52      155
..................................................................


WIND (MPH)
  RESULTANT WIND SPEED  13   RESULTANT WIND DIRECTION   N (10)
  HIGHEST WIND SPEED    29   HIGHEST WIND DIRECTION     N (20)
  HIGHEST GUST SPEED    38   HIGHEST GUST DIRECTION    NE (30)
  AVERAGE WIND SPEED    14.7


SKY COVER
  AVERAGE SKY COVER 0.7


WEATHER CONDITIONS
 THE FOLLOWING WEATHER WAS RECORDED YESTERDAY.
  THUNDERSTORM
  HEAVY RAIN
  RAIN
  LIGHT RAIN
  FOG


RELATIVE HUMIDITY (PERCENT)
 HIGHEST    86          1200 PM
 LOWEST     26           500 PM
 AVERAGE    56

..........................................................


THE LUBBOCK CLIMATE NORMALS FOR TODAY
                         NORMAL    RECORD    YEAR
 MAXIMUM TEMPERATURE (F)   86       109      2000
 MINIMUM TEMPERATURE (F)   58        40      1930


SUNRISE AND SUNSET
MAY 24 2017...........SUNRISE   641 AM CDT   SUNSET   848 PM CDT
MAY 25 2017...........SUNRISE   640 AM CDT   SUNSET   848 PM CDT


-  INDICATES NEGATIVE NUMBERS.
R  INDICATES RECORD WAS SET OR TIED.
MM INDICATES DATA IS MISSING.
T  INDICATES TRACE AMOUNT.




$$
