000
CDUS44 KLUB 270626
CLILBB


CLIMATE REPORT
NATIONAL WEATHER SERVICE LUBBOCK, TX
126 AM CDT TUE JUN 27 2017


...................................

...THE LUBBOCK CLIMATE SUMMARY FOR JUNE 26 2017...

CLIMATE NORMAL PERIOD 1981 TO 2010
CLIMATE RECORD PERIOD 1911 TO 2017


WEATHER ITEM   OBSERVED TIME   RECORD YEAR NORMAL DEPARTURE LAST
                VALUE   (LST)  VALUE       VALUE  FROM      YEAR
                                                  NORMAL
..................................................................
TEMPERATURE (F)
 YESTERDAY
  MAXIMUM         83    455 PM 112    2011  92     -9       92
  MINIMUM         60    107 AM  53    1958  66     -6       70
  AVERAGE         72                        79     -7       81

PRECIPITATION (IN)
  YESTERDAY        0.84          1.23 2003   0.08   0.76     0.02
  MONTH TO DATE    1.63                      2.69  -1.06     1.02
  SINCE JUN 1      1.63                      2.69  -1.06     1.02
  SINCE JAN 1      7.12                      8.90  -1.78     6.29

SNOWFALL (IN)
  YESTERDAY        0.0           0.0  2002   0.0    0.0      0.0
  MONTH TO DATE    T                         0.0    0.0      0.0
  SINCE JUN 1      T                         0.0    0.0      0.0
  SINCE JUL 1      0.2                       8.2   -8.0     13.3
  SNOW DEPTH       0

DEGREE DAYS
 HEATING
  YESTERDAY        0                         0      0        0
  MONTH TO DATE    0                         0      0        3
  SINCE JUN 1      0                         0      0        3
  SINCE JUL 1   2468                      3377   -909     2857

 COOLING
  YESTERDAY        7                        14     -7       16
  MONTH TO DATE  401                       317     84      367
  SINCE JUN 1    401                       317     84      367
  SINCE JAN 1    703                       563    140      594
..................................................................


WIND (MPH)
  RESULTANT WIND SPEED   5   RESULTANT WIND DIRECTION   E (100)
  HIGHEST WIND SPEED    46   HIGHEST WIND DIRECTION     N (20)
  HIGHEST GUST SPEED    60   HIGHEST GUST DIRECTION     N (20)
  AVERAGE WIND SPEED    10.7


SKY COVER
  AVERAGE SKY COVER 0.6


WEATHER CONDITIONS
 THE FOLLOWING WEATHER WAS RECORDED YESTERDAY.
  THUNDERSTORM
  HEAVY RAIN
  RAIN
  LIGHT RAIN
  FOG


RELATIVE HUMIDITY (PERCENT)
 HIGHEST    97           300 AM
 LOWEST     47           600 PM
 AVERAGE    72

..........................................................


THE LUBBOCK CLIMATE NORMALS FOR TODAY
                         NORMAL    RECORD    YEAR
 MAXIMUM TEMPERATURE (F)   92       114      1994
 MINIMUM TEMPERATURE (F)   67        56      1958


SUNRISE AND SUNSET
JUNE 27 2017..........SUNRISE   639 AM CDT   SUNSET   902 PM CDT
JUNE 28 2017..........SUNRISE   640 AM CDT   SUNSET   902 PM CDT


-  INDICATES NEGATIVE NUMBERS.
R  INDICATES RECORD WAS SET OR TIED.
MM INDICATES DATA IS MISSING.
T  INDICATES TRACE AMOUNT.




$$
