000
CDUS44 KLUB 242246
CLILBB


CLIMATE REPORT
NATIONAL WEATHER SERVICE LUBBOCK, TX
545 PM CDT SAT SEP 24 2016


...................................

...THE LUBBOCK CLIMATE SUMMARY FOR SEPTEMBER 24 2016...
VALID TODAY AS OF 0500 PM LOCAL TIME.

CLIMATE NORMAL PERIOD 1981 TO 2010
CLIMATE RECORD PERIOD 1911 TO 2016


WEATHER ITEM   OBSERVED TIME   RECORD YEAR NORMAL DEPARTURE LAST
                VALUE   (LST)  VALUE       VALUE  FROM      YEAR
                                                  NORMAL
..................................................................
TEMPERATURE (F)
 TODAY
  MAXIMUM         82    333 PM  97    1953  82      0       73
  MINIMUM         68    721 AM  38    1989  56     12       60
  AVERAGE         75                        69      6       67

PRECIPITATION (IN)
  TODAY            0.02          2.72 2014   0.09  -0.07     0.27
  MONTH TO DATE    1.46                      2.06  -0.60     0.49
  SINCE SEP 1      1.46                      2.06  -0.60     0.49
  SINCE JAN 1     11.38                     15.13  -3.75    22.78

SNOWFALL (IN)
  TODAY            0.0           0.0  2002   0.0    0.0      0.0
  MONTH TO DATE    0.0                       0.0    0.0      0.0
  SINCE SEP 1      0.0                       0.0    0.0      0.0
  SINCE JUL 1      0.0                       0.0    0.0      0.0
  SNOW DEPTH       0

DEGREE DAYS
 HEATING
  TODAY            0                         1     -1        0
  MONTH TO DATE    0                        11    -11        0
  SINCE SEP 1      0                        11    -11        0
  SINCE JUL 1      0                        11    -11        0

 COOLING
  TODAY           10                         5      5        2
  MONTH TO DATE  251                       196     55      301
  SINCE SEP 1    251                       196     55      301
  SINCE JAN 1   1977                      1722    255     1806
..................................................................


WIND (MPH)
  RESULTANT WIND SPEED   9   RESULTANT WIND DIRECTION   S (180)
  HIGHEST WIND SPEED    20   HIGHEST WIND DIRECTION     S (170)
  HIGHEST GUST SPEED    24   HIGHEST GUST DIRECTION     S (180)
  AVERAGE WIND SPEED    10.2


SKY COVER
  AVERAGE SKY COVER 0.8


WEATHER CONDITIONS
 THE FOLLOWING WEATHER WAS RECORDED TODAY.
  THUNDERSTORM
  RAIN
  LIGHT RAIN
  FOG


RELATIVE HUMIDITY (PERCENT)
 HIGHEST    81           600 AM
 LOWEST     54           300 PM
 AVERAGE    68

..........................................................


THE LUBBOCK CLIMATE NORMALS FOR TOMORROW
                         NORMAL    RECORD    YEAR
 MAXIMUM TEMPERATURE (F)   82       100      2005
 MINIMUM TEMPERATURE (F)   55        36      2000


SUNRISE AND SUNSET
SEPTEMBER 24 2016.....SUNRISE   737 AM CDT   SUNSET   740 PM CDT
SEPTEMBER 25 2016.....SUNRISE   738 AM CDT   SUNSET   739 PM CDT


-  INDICATES NEGATIVE NUMBERS.
R  INDICATES RECORD WAS SET OR TIED.
MM INDICATES DATA IS MISSING.
T  INDICATES TRACE AMOUNT.




$$
