355
CDUS44 KLUB 022330
CLILBB


CLIMATE REPORT
NATIONAL WEATHER SERVICE LUBBOCK, TX
528 PM CST FRI DEC 2 2016


...................................

...THE LUBBOCK CLIMATE SUMMARY FOR DECEMBER 2 2016...
VALID TODAY AS OF 0500 PM LOCAL TIME.

CLIMATE NORMAL PERIOD 1981 TO 2010
CLIMATE RECORD PERIOD 1911 TO 2016


WEATHER ITEM   OBSERVED TIME   RECORD YEAR NORMAL DEPARTURE LAST
                VALUE   (LST)  VALUE       VALUE  FROM      YEAR
                                                  NORMAL
..................................................................
TEMPERATURE (F)
 TODAY
  MAXIMUM         46    112 PM  81    1995  57    -11       58
  MINIMUM         33    127 AM  13    1985  30      3       24
                                      1915
  AVERAGE         40                        43     -3       41

PRECIPITATION (IN)
  TODAY            0.07          0.32 1971   0.03   0.04     0.00
  MONTH TO DATE    0.07                      0.05   0.02     0.00
  SINCE DEC 1      0.07                      0.05   0.02     0.00
  SINCE JAN 1     13.05                     18.41  -5.36    27.88

SNOWFALL (IN)
  TODAY           MM             2.8  1971   0.0   MM        0.0
  MONTH TO DATE    0.0                       0.1   -0.1      0.0
  SINCE DEC 1      0.0                       0.1   -0.1      0.0
  SINCE JUL 1      0.0                       1.0   -1.0       T
  SNOW DEPTH       0

DEGREE DAYS
 HEATING
  TODAY           25                        22      3       24
  MONTH TO DATE   47                        44      3       46
  SINCE DEC 1     47                        44      3       46
  SINCE JUL 1    411                       686   -275      565

 COOLING
  TODAY            0                         0      0        0
  MONTH TO DATE    0                         0      0        0
  SINCE DEC 1      0                         0      0        0
  SINCE JAN 1   2114                      1804    310     1922
..................................................................


WIND (MPH)
  RESULTANT WIND SPEED  11   RESULTANT WIND DIRECTION  NE (60)
  HIGHEST WIND SPEED    18   HIGHEST WIND DIRECTION    NE (50)
  HIGHEST GUST SPEED    22   HIGHEST GUST DIRECTION    NE (50)
  AVERAGE WIND SPEED    11.1


SKY COVER
  AVERAGE SKY COVER 0.7


WEATHER CONDITIONS
 THE FOLLOWING WEATHER WAS RECORDED TODAY.
  HEAVY RAIN
  RAIN
  FOG


RELATIVE HUMIDITY (PERCENT)
 HIGHEST    53          1100 AM
 LOWEST     36           800 AM
 AVERAGE    45

..........................................................


THE LUBBOCK CLIMATE NORMALS FOR TOMORROW
                         NORMAL    RECORD    YEAR
 MAXIMUM TEMPERATURE (F)   57        82      2010
 MINIMUM TEMPERATURE (F)   29        15      1967


SUNRISE AND SUNSET
DECEMBER  2 2016......SUNRISE   735 AM CST   SUNSET   539 PM CST
DECEMBER  3 2016......SUNRISE   736 AM CST   SUNSET   539 PM CST


-  INDICATES NEGATIVE NUMBERS.
R  INDICATES RECORD WAS SET OR TIED.
MM INDICATES DATA IS MISSING.
T  INDICATES TRACE AMOUNT.




$$
