765
CDUS43 KLBF 102233
CLILBF


CLIMATE REPORT
NATIONAL WEATHER SERVICE NORTH PLATTE
433 PM CST SAT DEC 10 2016


...................................

...THE NORTH PLATTE NE CLIMATE SUMMARY FOR DECEMBER 10 2016...
VALID TODAY AS OF 0400 PM LOCAL TIME.

CLIMATE NORMAL PERIOD 1981 TO 2010
CLIMATE RECORD PERIOD 1874 TO 2016


WEATHER ITEM   OBSERVED TIME   RECORD YEAR NORMAL DEPARTURE LAST
                VALUE   (LST)  VALUE       VALUE  FROM      YEAR
                                                  NORMAL
..................................................................
TEMPERATURE (F)
 TODAY
  MAXIMUM         31    217 PM  70    1890  40     -9       62
  MINIMUM         16   1237 AM -19    1919  12      4       29
  AVERAGE         24                        26     -2       46

PRECIPITATION (IN)
  TODAY            T             0.67 1965   0.01  -0.01     0.00
  MONTH TO DATE    0.01                      0.14  -0.13     0.09
  SINCE DEC 1      0.01                      0.14  -0.13     0.09
  SINCE JAN 1     22.44                     19.96   2.48    20.64

SNOWFALL (IN)
  TODAY            T             2.2  1909   0.1   -0.1      0.0
  MONTH TO DATE    0.2                       1.4   -1.2      1.6
  SINCE DEC 1      0.2                       1.4   -1.2      1.6
  SINCE JUL 1      5.2                       7.6   -2.4      6.2
  SNOW DEPTH       0

DEGREE DAYS
 HEATING
  TODAY           41                        39      2       19
  MONTH TO DATE  394                       380     14      277
  SINCE DEC 1    394                       380     14      277
  SINCE JUL 1   1435                      1931   -496     1463

 COOLING
  TODAY            0                         0      0        0
  MONTH TO DATE    0                         0      0        0
  SINCE DEC 1      0                         0      0        0
  SINCE JAN 1    911                       768    143      823
..................................................................


WIND (MPH)
  HIGHEST WIND SPEED    16   HIGHEST WIND DIRECTION     S (160)
  HIGHEST GUST SPEED    19   HIGHEST GUST DIRECTION    SE (130)
  AVERAGE WIND SPEED    10.0


SKY COVER
  POSSIBLE SUNSHINE  MM
  AVERAGE SKY COVER 0.7


WEATHER CONDITIONS
 THE FOLLOWING WEATHER WAS RECORDED TODAY.
  NO SIGNIFICANT WEATHER WAS OBSERVED.


RELATIVE HUMIDITY (PERCENT)
 HIGHEST    80          1200 AM
 LOWEST     63          1200 PM
 AVERAGE    72

..........................................................


THE NORTH PLATTE NE CLIMATE NORMALS FOR TOMORROW
                         NORMAL    RECORD    YEAR
 MAXIMUM TEMPERATURE (F)   39        68      1990
 MINIMUM TEMPERATURE (F)   12       -21      1879


SUNRISE AND SUNSET
DECEMBER 10 2016......SUNRISE   757 AM CST   SUNSET   514 PM CST
DECEMBER 11 2016......SUNRISE   758 AM CST   SUNSET   514 PM CST


-  INDICATES NEGATIVE NUMBERS.
R  INDICATES RECORD WAS SET OR TIED.
MM INDICATES DATA IS MISSING.
T  INDICATES TRACE AMOUNT.




$$
