000
CDUS43 KLBF 272110
CLILBF


CLIMATE REPORT
NATIONAL WEATHER SERVICE NORTH PLATTE
408 PM CDT SAT MAY 27 2017


...................................

...THE NORTH PLATTE NE CLIMATE SUMMARY FOR MAY 27 2017...
VALID TODAY AS OF 0400 PM LOCAL TIME.

CLIMATE NORMAL PERIOD 1981 TO 2010
CLIMATE RECORD PERIOD 1874 TO 2017


WEATHER ITEM   OBSERVED TIME   RECORD YEAR NORMAL DEPARTURE LAST
                VALUE   (LST)  VALUE       VALUE  FROM      YEAR
                                                  NORMAL
..................................................................
TEMPERATURE (F)
 TODAY
  MAXIMUM         66    244 PM  99    2006  75     -9       68
  MINIMUM         50    543 AM  29    1907  48      2       52
  AVERAGE         58                        61     -3       60

PRECIPITATION (IN)
  TODAY            0.06          2.20 1995   0.12  -0.06     0.14
  MONTH TO DATE    3.26                      2.78   0.48     3.16
  SINCE MAR 1      7.31                      6.10   1.21     9.18
  SINCE JAN 1      8.50                      6.94   1.56    10.44

SNOWFALL (IN)
  TODAY            0.0           0.0    MM   0.0    0.0      0.0
  MONTH TO DATE    T                         0.0    0.0       T
  SINCE MAR 1      1.0                       7.6   -6.6      6.8
  SINCE JUL 1     21.3                      28.5   -7.2     32.4
  SNOW DEPTH       0

DEGREE DAYS
 HEATING
  TODAY            7                         5      2        5
  MONTH TO DATE  246                       226     20      257
  SINCE MAR 1   1318                      1588   -270     1421
  SINCE JUL 1   5640                      6616   -976     5698

 COOLING
  TODAY            0                         1     -1        0
  MONTH TO DATE   15                        17     -2        8
  SINCE MAR 1     17                        20     -3        9
  SINCE JAN 1     17                        20     -3        9
..................................................................


WIND (MPH)
  HIGHEST WIND SPEED    20   HIGHEST WIND DIRECTION    NE (50)
  HIGHEST GUST SPEED    25   HIGHEST GUST DIRECTION    NE (50)
  AVERAGE WIND SPEED     8.6


SKY COVER
  POSSIBLE SUNSHINE  MM
  AVERAGE SKY COVER 0.5


WEATHER CONDITIONS
 THE FOLLOWING WEATHER WAS RECORDED TODAY.
  LIGHT RAIN


RELATIVE HUMIDITY (PERCENT)
 HIGHEST    96           500 AM
 LOWEST     63           900 AM
 AVERAGE    80

..........................................................


THE NORTH PLATTE NE CLIMATE NORMALS FOR TOMORROW
                         NORMAL    RECORD    YEAR
 MAXIMUM TEMPERATURE (F)   75        98      2006
 MINIMUM TEMPERATURE (F)   48        33      1992
                                             1947


SUNRISE AND SUNSET
MAY 27 2017...........SUNRISE   615 AM CDT   SUNSET   905 PM CDT
MAY 28 2017...........SUNRISE   614 AM CDT   SUNSET   906 PM CDT


-  INDICATES NEGATIVE NUMBERS.
R  INDICATES RECORD WAS SET OR TIED.
MM INDICATES DATA IS MISSING.
T  INDICATES TRACE AMOUNT.




$$
