000
CDUS43 KLBF 181032
CLILBF


CLIMATE REPORT
NATIONAL WEATHER SERVICE NORTH PLATTE
431 AM CST WED JAN 18 2017


...................................

...THE NORTH PLATTE NE CLIMATE SUMMARY FOR JANUARY 17 2017...

CLIMATE NORMAL PERIOD 1981 TO 2010
CLIMATE RECORD PERIOD 1874 TO 2017


WEATHER ITEM   OBSERVED TIME   RECORD YEAR NORMAL DEPARTURE LAST
                VALUE   (LST)  VALUE       VALUE  FROM      YEAR
                                                  NORMAL
..................................................................
TEMPERATURE (F)
 YESTERDAY
  MAXIMUM         47    409 PM  65    1923  39      8       20
  MINIMUM         17    825 AM -26    1930  11      6        4
  AVERAGE         32                        25      7       12

PRECIPITATION (IN)
  YESTERDAY        0.00          0.50 1912   0.01  -0.01      T
  MONTH TO DATE    0.56                      0.19   0.37     0.07
  SINCE DEC 1      1.18                      0.60   0.58     0.35
  SINCE JAN 1      0.56                      0.19   0.37     0.07

SNOWFALL (IN)
  YESTERDAY        0.0           5.5  1912   0.2   -0.2       T
  MONTH TO DATE    7.2                       2.7    4.5      0.9
  SINCE DEC 1      8.0                       7.3    0.7      4.3
  SINCE JUL 1     13.0                      13.5   -0.5      8.9
  SNOW DEPTH       0

DEGREE DAYS
 HEATING
  YESTERDAY       33                        40     -7       53
  MONTH TO DATE  798                       685    113      655
  SINCE DEC 1   2024                      1914    110     1737
  SINCE JUL 1   3065                      3465   -400     2923

 COOLING
  YESTERDAY        0                         0      0        0
  MONTH TO DATE    0                         0      0        0
  SINCE DEC 1      0                         0      0        0
  SINCE JAN 1      0                         0      0        0
..................................................................


WIND (MPH)
  HIGHEST WIND SPEED    13   HIGHEST WIND DIRECTION     W (270)
  HIGHEST GUST SPEED    15   HIGHEST GUST DIRECTION     W (260)
  AVERAGE WIND SPEED     5.2


SKY COVER
  POSSIBLE SUNSHINE  MM
  AVERAGE SKY COVER 0.0


WEATHER CONDITIONS
 THE FOLLOWING WEATHER WAS RECORDED YESTERDAY.
  NO SIGNIFICANT WEATHER WAS OBSERVED.


RELATIVE HUMIDITY (PERCENT)
 HIGHEST    92          1100 PM
 LOWEST     49           300 PM
 AVERAGE    71

..........................................................


THE NORTH PLATTE NE CLIMATE NORMALS FOR TODAY
                         NORMAL    RECORD    YEAR
 MAXIMUM TEMPERATURE (F)   39        70      1880
 MINIMUM TEMPERATURE (F)   11       -24      1892


SUNRISE AND SUNSET
JANUARY 18 2017.......SUNRISE   804 AM CST   SUNSET   543 PM CST
JANUARY 19 2017.......SUNRISE   804 AM CST   SUNSET   544 PM CST


-  INDICATES NEGATIVE NUMBERS.
R  INDICATES RECORD WAS SET OR TIED.
MM INDICATES DATA IS MISSING.
T  INDICATES TRACE AMOUNT.




$$
