000
CDUS43 KLBF 060936
CLILBF


CLIMATE REPORT
NATIONAL WEATHER SERVICE NORTH PLATTE
434 AM CDT FRI MAY 6 2016


...................................

...THE NORTH PLATTE NE CLIMATE SUMMARY FOR MAY 5 2016...

CLIMATE NORMAL PERIOD 1981 TO 2010
CLIMATE RECORD PERIOD 1874 TO 2016


WEATHER ITEM   OBSERVED TIME   RECORD YEAR NORMAL DEPARTURE LAST
                VALUE   (LST)  VALUE       VALUE  FROM      YEAR
                                                  NORMAL
..................................................................
TEMPERATURE (F)
 YESTERDAY
  MAXIMUM         82    251 PM  95    2004  69     13       62
  MINIMUM         38    544 AM  22    2013  40     -2       51
  AVERAGE         60                        54      6       57

PRECIPITATION (IN)
  YESTERDAY        0.00          1.03 1950   0.09  -0.09     0.27
  MONTH TO DATE    0.19                      0.46  -0.27     0.59
  SINCE MAR 1      6.21                      3.78   2.43     3.61
  SINCE JAN 1      7.47                      4.62   2.85     4.35

SNOWFALL (IN)
  YESTERDAY        0.0           6.0  1950   0.0    0.0      0.0
  MONTH TO DATE    0.0                       0.0    0.0      0.0
  SINCE MAR 1      6.8                       7.6   -0.8      2.4
  SINCE JUL 1     32.4                      28.5    3.9     21.3
  SNOW DEPTH       0

DEGREE DAYS
 HEATING
  YESTERDAY        5                        11     -6        8
  MONTH TO DATE   67                        58      9       24
  SINCE MAR 1   1231                      1420   -189     1119
  SINCE JUL 1   5508                      6448   -940     6008

 COOLING
  YESTERDAY        0                         0      0        0
  MONTH TO DATE    0                         0      0        0
  SINCE MAR 1      1                         3     -2        2
  SINCE JAN 1      1                         3     -2        2
..................................................................


WIND (MPH)
  HIGHEST WIND SPEED    18   HIGHEST WIND DIRECTION     S (160)
  HIGHEST GUST SPEED    25   HIGHEST GUST DIRECTION     S (170)
  AVERAGE WIND SPEED     8.1


SKY COVER
  POSSIBLE SUNSHINE  MM
  AVERAGE SKY COVER 0.0


WEATHER CONDITIONS
 THE FOLLOWING WEATHER WAS RECORDED YESTERDAY.
  NO SIGNIFICANT WEATHER WAS OBSERVED.


RELATIVE HUMIDITY (PERCENT)
 HIGHEST    92           600 AM
 LOWEST     30           200 PM
 AVERAGE    61

..........................................................


THE NORTH PLATTE NE CLIMATE NORMALS FOR TODAY
                         NORMAL    RECORD    YEAR
 MAXIMUM TEMPERATURE (F)   69        94      1934
                                             1916
 MINIMUM TEMPERATURE (F)   41        23      1989


SUNRISE AND SUNSET
MAY  6 2016...........SUNRISE   634 AM CDT   SUNSET   846 PM CDT
MAY  7 2016...........SUNRISE   632 AM CDT   SUNSET   847 PM CDT


-  INDICATES NEGATIVE NUMBERS.
R  INDICATES RECORD WAS SET OR TIED.
MM INDICATES DATA IS MISSING.
T  INDICATES TRACE AMOUNT.




$$
