000
CDUS43 KLBF 032235
CLILBF

CLIMATE REPORT
NATIONAL WEATHER SERVICE NORTH PLATTE
532 PM CDT MON AUG 3 2015


...................................

...THE NORTH PLATTE NE CLIMATE SUMMARY FOR AUGUST 3 2015...
VALID TODAY AS OF 0500 PM LOCAL TIME.

CLIMATE NORMAL PERIOD 1981 TO 2010
CLIMATE RECORD PERIOD 1874 TO 2015


WEATHER ITEM   OBSERVED TIME   RECORD YEAR NORMAL DEPARTURE LAST
                VALUE   (LST)  VALUE       VALUE  FROM      YEAR
                                                  NORMAL
..................................................................
TEMPERATURE (F)
 TODAY
  MAXIMUM         86    312 PM 105    1954  88     -2       91
  MINIMUM         58    533 AM  42    1974  61     -3       58
  AVERAGE         72                        74     -2       75

PRECIPITATION (IN)
  TODAY            0.00          1.30 2005   0.10  -0.10     0.00
  MONTH TO DATE    T                         0.30  -0.30     0.47
  SINCE JUN 1      5.28                      6.79  -1.51     9.36
  SINCE JAN 1     13.38                     14.23  -0.85    13.65

SNOWFALL (IN)
  TODAY            0.0           0.0  2002   0.0    0.0      0.0
                                      2001
  MONTH TO DATE    0.0                       0.0    0.0      0.0
  SINCE JUN 1      0.0                       0.0    0.0       T
  SINCE JUL 1      0.0                       0.0    0.0      0.0
  SNOW DEPTH       0

DEGREE DAYS
 HEATING
  TODAY            0                         0      0        0
  MONTH TO DATE    0                         0      0        0
  SINCE JUN 1     11                        56    -45       56
  SINCE JUL 1      6                         5      1       17

 COOLING
  TODAY            7                         9     -2       10
  MONTH TO DATE   28                        28      0       28
  SINCE JUN 1    504                       459     45      394
  SINCE JAN 1    506                       487     19      443
..................................................................


WIND (MPH)
  HIGHEST WIND SPEED    18   HIGHEST WIND DIRECTION    SE (120)
  HIGHEST GUST SPEED    23   HIGHEST GUST DIRECTION     E (100)
  AVERAGE WIND SPEED     9.0


SKY COVER
  POSSIBLE SUNSHINE  MM
  AVERAGE SKY COVER 0.1


WEATHER CONDITIONS
 THE FOLLOWING WEATHER WAS RECORDED TODAY.
  NO SIGNIFICANT WEATHER WAS OBSERVED.


RELATIVE HUMIDITY (PERCENT)
 HIGHEST    93           400 AM
 LOWEST     61           200 PM
 AVERAGE    77

..........................................................


THE NORTH PLATTE NE CLIMATE NORMALS FOR TOMORROW
                         NORMAL    RECORD    YEAR
 MAXIMUM TEMPERATURE (F)   88       103      1934
 MINIMUM TEMPERATURE (F)   61        38      1974


SUNRISE AND SUNSET
AUGUST  3 2015........SUNRISE   640 AM CDT   SUNSET   857 PM CDT
AUGUST  4 2015........SUNRISE   641 AM CDT   SUNSET   856 PM CDT


-  INDICATES NEGATIVE NUMBERS.
R  INDICATES RECORD WAS SET OR TIED.
MM INDICATES DATA IS MISSING.
T  INDICATES TRACE AMOUNT.

$$
