000
CDUS43 KLBF 172242
CLILBF


CLIMATE REPORT
NATIONAL WEATHER SERVICE NORTH PLATTE
440 PM CST WED JAN 17 2018


...................................

...THE NORTH PLATTE NE CLIMATE SUMMARY FOR JANUARY 17 2018...
VALID TODAY AS OF 0400 PM LOCAL TIME.

CLIMATE NORMAL PERIOD 1981 TO 2010
CLIMATE RECORD PERIOD 1874 TO 2018


WEATHER ITEM   OBSERVED TIME   RECORD YEAR NORMAL DEPARTURE LAST
                VALUE   (LST)  VALUE       VALUE  FROM      YEAR
                                                  NORMAL
..................................................................
TEMPERATURE (F)
 TODAY
  MAXIMUM         39    422 PM  65    1923  39      0       47
  MINIMUM          4    820 AM -26    1930  11     -7       17
  AVERAGE         22                        25     -3       32

PRECIPITATION (IN)
  TODAY            0.00          0.50 1912   0.01  -0.01     0.00
  MONTH TO DATE    0.22                      0.19   0.03     0.56
  SINCE DEC 1      0.77                      0.60   0.17     1.18
  SINCE JAN 1      0.22                      0.19   0.03     0.56

SNOWFALL (IN)
  TODAY            0.0           5.5  1912   0.2   -0.2      0.0
  MONTH TO DATE    2.8                       2.7    0.1      7.2
  SINCE DEC 1     10.3                       7.3    3.0      8.0
  SINCE JUL 1     11.3                      13.5   -2.2     13.0
  SNOW DEPTH       T

DEGREE DAYS
 HEATING
  TODAY           43                        40      3       33
  MONTH TO DATE  782                       685     97      798
  SINCE DEC 1   2003                      1914     89     2024
  SINCE JUL 1   3294                      3465   -171     3065

 COOLING
  TODAY            0                         0      0        0
  MONTH TO DATE    0                         0      0        0
  SINCE DEC 1      0                         0      0        0
  SINCE JAN 1      0                         0      0        0
..................................................................


WIND (MPH)
  HIGHEST WIND SPEED    12   HIGHEST WIND DIRECTION     S (170)
  HIGHEST GUST SPEED    15   HIGHEST GUST DIRECTION     S (190)
  AVERAGE WIND SPEED     5.3


SKY COVER
  POSSIBLE SUNSHINE  MM
  AVERAGE SKY COVER 0.0


WEATHER CONDITIONS
 THE FOLLOWING WEATHER WAS RECORDED TODAY.
  NO SIGNIFICANT WEATHER WAS OBSERVED.


RELATIVE HUMIDITY (PERCENT)
 HIGHEST    73           900 AM
 LOWEST     43           100 PM
 AVERAGE    58

..........................................................


THE NORTH PLATTE NE CLIMATE NORMALS FOR TOMORROW
                         NORMAL    RECORD    YEAR
 MAXIMUM TEMPERATURE (F)   39        70      1880
 MINIMUM TEMPERATURE (F)   11       -24      1892


SUNRISE AND SUNSET
JANUARY 17 2018.......SUNRISE   805 AM CST   SUNSET   541 PM CST
JANUARY 18 2018.......SUNRISE   804 AM CST   SUNSET   542 PM CST


-  INDICATES NEGATIVE NUMBERS.
R  INDICATES RECORD WAS SET OR TIED.
MM INDICATES DATA IS MISSING.
T  INDICATES TRACE AMOUNT.




$$
