000
CDUS43 KLBF 280934
CLILBF

CLIMATE REPORT
NATIONAL WEATHER SERVICE NORTH PLATTE
434 AM CDT SAT MAR 28 2015


...................................

...THE NORTH PLATTE NE CLIMATE SUMMARY FOR MARCH 27 2015...

CLIMATE NORMAL PERIOD 1981 TO 2010
CLIMATE RECORD PERIOD 1874 TO 2015


WEATHER ITEM   OBSERVED TIME   RECORD YEAR NORMAL DEPARTURE LAST
                VALUE   (LST)  VALUE       VALUE  FROM      YEAR
                                                  NORMAL
..................................................................
TEMPERATURE (F)
 YESTERDAY
  MAXIMUM         68    424 PM  86    1879  56     12       48
  MINIMUM         30    356 AM  -4    1888  27      3       26
  AVERAGE         49                        41      8       37

PRECIPITATION (IN)
  YESTERDAY        T             0.79 1980   0.05  -0.05     0.23
  MONTH TO DATE    0.01                      0.87  -0.86     0.66
  SINCE MAR 1      0.01                      0.87  -0.86     0.66
  SINCE JAN 1      0.75                      1.71  -0.96     1.71

SNOWFALL (IN)
  YESTERDAY        T             6.2  1939   0.1   -0.1       T
  MONTH TO DATE    0.2                       3.8   -3.6      6.1
  SINCE MAR 1      0.2                       3.8   -3.6      6.1
  SINCE JUL 1     19.1                      24.7   -5.6     28.5
  SNOW DEPTH       0

DEGREE DAYS
 HEATING
  YESTERDAY       16                        24     -8       28
  MONTH TO DATE  609                       745   -136      789
  SINCE MAR 1    609                       745   -136      789
  SINCE JUL 1   5498                      5773   -275     5980

 COOLING
  YESTERDAY        0                         0      0        0
  MONTH TO DATE    0                         0      0        0
  SINCE MAR 1      0                         0      0        0
  SINCE JAN 1      0                         0      0        0
..................................................................


WIND (MPH)
  HIGHEST WIND SPEED    18   HIGHEST WIND DIRECTION    SW (220)
  HIGHEST GUST SPEED    24   HIGHEST GUST DIRECTION    SW (220)
  AVERAGE WIND SPEED     7.9


SKY COVER
  POSSIBLE SUNSHINE  MM
  AVERAGE SKY COVER 0.7


WEATHER CONDITIONS
 THE FOLLOWING WEATHER WAS RECORDED YESTERDAY.
  LIGHT SNOW
  FOG


RELATIVE HUMIDITY (PERCENT)
 HIGHEST    92           400 AM
 LOWEST     29           500 PM
 AVERAGE    61

..........................................................


THE NORTH PLATTE NE CLIMATE NORMALS FOR TODAY
                         NORMAL    RECORD    YEAR
 MAXIMUM TEMPERATURE (F)   56        86      1986
 MINIMUM TEMPERATURE (F)   27         1      1899


SUNRISE AND SUNSET
MARCH 28 2015.........SUNRISE   733 AM CDT   SUNSET   803 PM CDT
MARCH 29 2015.........SUNRISE   731 AM CDT   SUNSET   804 PM CDT


-  INDICATES NEGATIVE NUMBERS.
R  INDICATES RECORD WAS SET OR TIED.
MM INDICATES DATA IS MISSING.
T  INDICATES TRACE AMOUNT.




$$
