000
CDUS43 KLBF 220905
CLILBF


CLIMATE REPORT
NATIONAL WEATHER SERVICE NORTH PLATTE
404 AM CDT FRI SEP 22 2017


...................................

...THE NORTH PLATTE NE CLIMATE SUMMARY FOR SEPTEMBER 21 2017...

CLIMATE NORMAL PERIOD 1981 TO 2010
CLIMATE RECORD PERIOD 1874 TO 2017


WEATHER ITEM   OBSERVED TIME   RECORD YEAR NORMAL DEPARTURE LAST
                VALUE   (LST)  VALUE       VALUE  FROM      YEAR
                                                  NORMAL
..................................................................
TEMPERATURE (F)
 YESTERDAY
  MAXIMUM         96    431 PM  98    2005  76     20       87
  MINIMUM         46    319 AM  24    1983  44      2       62
  AVERAGE         71                        60     11       75

PRECIPITATION (IN)
  YESTERDAY        0.00          1.63 2006   0.05  -0.05     0.00
  MONTH TO DATE    0.54                      0.99  -0.45     0.81
  SINCE SEP 1      0.54                      0.99  -0.45     0.81
  SINCE JAN 1     18.30                     17.21   1.09    19.97

SNOWFALL (IN)
  YESTERDAY        0.0           0.0  2002   0.0    0.0      0.0
                                      2001
  MONTH TO DATE    0.0                       0.1   -0.1      0.0
  SINCE SEP 1      0.0                       0.1   -0.1      0.0
  SINCE JUL 1      T                         0.1   -0.1      0.0
  SNOW DEPTH       0

DEGREE DAYS
 HEATING
  YESTERDAY        0                         6     -6        0
  MONTH TO DATE   41                        77    -36       33
  SINCE SEP 1     41                        77    -36       33
  SINCE JUL 1     45                        97    -52       45

 COOLING
  YESTERDAY        6                         1      5       10
  MONTH TO DATE  119                        63     56       83
  SINCE SEP 1    119                        63     56       83
  SINCE JAN 1    942                       758    184      890
..................................................................


WIND (MPH)
  HIGHEST WIND SPEED    22   HIGHEST WIND DIRECTION     S (170)
  HIGHEST GUST SPEED    33   HIGHEST GUST DIRECTION     S (190)
  AVERAGE WIND SPEED    11.9


SKY COVER
  POSSIBLE SUNSHINE  MM
  AVERAGE SKY COVER 0.0


WEATHER CONDITIONS
 THE FOLLOWING WEATHER WAS RECORDED YESTERDAY.
  NO SIGNIFICANT WEATHER WAS OBSERVED.


RELATIVE HUMIDITY (PERCENT)
 HIGHEST    93           100 AM
 LOWEST     14           500 PM
 AVERAGE    54

..........................................................


THE NORTH PLATTE NE CLIMATE NORMALS FOR TODAY
                         NORMAL    RECORD    YEAR
 MAXIMUM TEMPERATURE (F)   75        93      1938
 MINIMUM TEMPERATURE (F)   44        24      1995


SUNRISE AND SUNSET
SEPTEMBER 22 2017.....SUNRISE   730 AM CDT   SUNSET   739 PM CDT
SEPTEMBER 23 2017.....SUNRISE   731 AM CDT   SUNSET   738 PM CDT


-  INDICATES NEGATIVE NUMBERS.
R  INDICATES RECORD WAS SET OR TIED.
MM INDICATES DATA IS MISSING.
T  INDICATES TRACE AMOUNT.




$$
