000
CDUS43 KLBF 252244
CLILBF

CLIMATE REPORT
NATIONAL WEATHER SERVICE NORTH PLATTE
442 PM CST SUN JAN 25 2015


...................................

...THE NORTH PLATTE NE CLIMATE SUMMARY FOR JANUARY 25 2015...
VALID TODAY AS OF 0400 PM LOCAL TIME.

CLIMATE NORMAL PERIOD 1981 TO 2010
CLIMATE RECORD PERIOD 1874 TO 2015


WEATHER ITEM   OBSERVED TIME   RECORD YEAR NORMAL DEPARTURE LAST
                VALUE   (LST)  VALUE       VALUE  FROM      YEAR
                                                  NORMAL
..................................................................
TEMPERATURE (F)
 TODAY
  MAXIMUM         52    421 PM  66    2005  39     13       56
                                      1935
  MINIMUM         25    732 AM -14    1969  12     13       30
                                      1957
                                      1950
  AVERAGE         39                        25     14       43

PRECIPITATION (IN)
  TODAY            0.00          0.29 1950   0.01  -0.01     0.00
  MONTH TO DATE    0.06                      0.27  -0.21     0.07
  SINCE DEC 1      1.10                      0.68   0.42     0.23
  SINCE JAN 1      0.06                      0.27  -0.21     0.07

SNOWFALL (IN)
  TODAY            0.0           3.0  1950   0.2   -0.2      0.0
  MONTH TO DATE    1.5                       3.9   -2.4      0.8
  SINCE DEC 1     10.2                       8.5    1.7      4.4
  SINCE JUL 1     10.6                      14.7   -4.1      7.5
  SNOW DEPTH       0

DEGREE DAYS
 HEATING
  TODAY           26                        40    -14       22
  MONTH TO DATE 1009                      1005      4      939
  SINCE DEC 1   2176                      2234    -58     2206
  SINCE JUL 1   3696                      3785    -89     3691

 COOLING
  TODAY            0                         0      0        0
  MONTH TO DATE    0                         0      0        0
  SINCE DEC 1      0                         0      0        0
  SINCE JAN 1      0                         0      0        0
..................................................................


WIND (MPH)
  HIGHEST WIND SPEED    25   HIGHEST WIND DIRECTION    NW (330)
  HIGHEST GUST SPEED    36   HIGHEST GUST DIRECTION    NW (320)
  AVERAGE WIND SPEED    15.0


SKY COVER
  POSSIBLE SUNSHINE  MM
  AVERAGE SKY COVER 0.0


WEATHER CONDITIONS
 THE FOLLOWING WEATHER WAS RECORDED TODAY.
  NO SIGNIFICANT WEATHER WAS OBSERVED.


RELATIVE HUMIDITY (PERCENT)
 HIGHEST    85           800 AM
 LOWEST     26           400 PM
 AVERAGE    56

..........................................................


THE NORTH PLATTE NE CLIMATE NORMALS FOR TOMORROW
                         NORMAL    RECORD    YEAR
 MAXIMUM TEMPERATURE (F)   39        69      1951
 MINIMUM TEMPERATURE (F)   12       -25      1950


SUNRISE AND SUNSET
JANUARY 25 2015.......SUNRISE   800 AM CST   SUNSET   551 PM CST
JANUARY 26 2015.......SUNRISE   759 AM CST   SUNSET   552 PM CST


-  INDICATES NEGATIVE NUMBERS.
R  INDICATES RECORD WAS SET OR TIED.
MM INDICATES DATA IS MISSING.
T  INDICATES TRACE AMOUNT.




$$
