000
CDUS43 KLBF 070942
CLILBF

CLIMATE REPORT
NATIONAL WEATHER SERVICE NORTH PLATTE
441 AM CDT TUE JUL 7 2015


...................................

...THE NORTH PLATTE NE CLIMATE SUMMARY FOR JULY 6 2015...

CLIMATE NORMAL PERIOD 1981 TO 2010
CLIMATE RECORD PERIOD 1874 TO 2015


WEATHER ITEM   OBSERVED TIME   RECORD YEAR NORMAL DEPARTURE LAST
                VALUE   (LST)  VALUE       VALUE  FROM      YEAR
                                                  NORMAL
..................................................................
TEMPERATURE (F)
 YESTERDAY
  MAXIMUM         77    324 PM 105    1973  88    -11       92
  MINIMUM         57   1159 PM  48    1885  59     -2       61
  AVERAGE         67                        74     -7       77

PRECIPITATION (IN)
  YESTERDAY        0.04          1.95 2011   0.09  -0.05     0.00
  MONTH TO DATE    0.18                      0.55  -0.37     0.00
  SINCE JUN 1      2.91                      3.97  -1.06     8.75
  SINCE JAN 1     11.01                     11.41  -0.40    13.04

SNOWFALL (IN)
  YESTERDAY        0.0           0.0  2002   0.0    0.0      0.0
                                      2001
  MONTH TO DATE    0.0                       0.0    0.0      0.0
  SINCE JUN 1      0.0                       0.0    0.0       T
  SINCE JUL 1      0.0                       0.0    0.0      0.0
  SNOW DEPTH       0

DEGREE DAYS
 HEATING
  YESTERDAY        0                         0      0        0
  MONTH TO DATE    0                         0      0        3
  SINCE JUN 1      5                        51    -46       42
  SINCE JUL 1      0                         0      0        3

 COOLING
  YESTERDAY        2                         9     -7       12
  MONTH TO DATE   60                        51      9       39
  SINCE JUN 1    238                       189     49      170
  SINCE JAN 1    240                       217     23      219
..................................................................


WIND (MPH)
  HIGHEST WIND SPEED    31   HIGHEST WIND DIRECTION     N (20)
  HIGHEST GUST SPEED    40   HIGHEST GUST DIRECTION     N (20)
  AVERAGE WIND SPEED    13.8


SKY COVER
  POSSIBLE SUNSHINE  MM
  AVERAGE SKY COVER 0.5


WEATHER CONDITIONS
 THE FOLLOWING WEATHER WAS RECORDED YESTERDAY.
  LIGHT RAIN
  HAZE


RELATIVE HUMIDITY (PERCENT)
 HIGHEST    93           700 AM
 LOWEST     43           500 PM
 AVERAGE    68

..........................................................


THE NORTH PLATTE NE CLIMATE NORMALS FOR TODAY
                         NORMAL    RECORD    YEAR
 MAXIMUM TEMPERATURE (F)   88       104      1990
 MINIMUM TEMPERATURE (F)   60        48      1922


SUNRISE AND SUNSET
JULY  7 2015..........SUNRISE   617 AM CDT   SUNSET   918 PM CDT
JULY  8 2015..........SUNRISE   618 AM CDT   SUNSET   917 PM CDT


-  INDICATES NEGATIVE NUMBERS.
R  INDICATES RECORD WAS SET OR TIED.
MM INDICATES DATA IS MISSING.
T  INDICATES TRACE AMOUNT.

$$
