000
CDUS42 KILM 242042
CLILBT


CLIMATE REPORT
NATIONAL WEATHER SERVICE WILMINGTON NC
442 PM EDT SUN MAY 24 2015


...................................

...THE LUMBERTON NC CLIMATE SUMMARY FOR MAY 24 2015...
VALID TODAY AS OF 0400 PM LOCAL TIME.

CLIMATE NORMAL PERIOD 1981 TO 2010
CLIMATE RECORD PERIOD 9999 TO 9999


WEATHER ITEM   OBSERVED TIME   NORMAL DEPARTURE LAST
                VALUE   (LST)  VALUE  FROM      YEAR
                                      NORMAL
......................................................
TEMPERATURE (F)
 TODAY
  MAXIMUM         87    256 PM  84      3       84
  MINIMUM         54    529 AM  60     -6       58
  AVERAGE         71            72     -1       71

PRECIPITATION (IN)
  TODAY            0.00          0.12  -0.12     0.00
  MONTH TO DATE    1.77          2.18  -0.41     3.32
  SINCE MAR 1      7.84          8.33  -0.49    10.91
  SINCE JAN 1     17.30         14.20   3.10    16.98

DEGREE DAYS
 HEATING
  TODAY            0             0      0        0
  MONTH TO DATE   12            30    -18       17
  SINCE MAR 1    414           529   -115      649
  SINCE JUL 1   2778          2759     19     2945

 COOLING
  TODAY            6             8     -2        6
  MONTH TO DATE  162           122     40      158
  SINCE MAR 1    256           187     69      208
  SINCE JAN 1    256           190     66      209
......................................................


WIND (MPH)
  HIGHEST WIND SPEED    14   HIGHEST WIND DIRECTION    SE (120)
  HIGHEST GUST SPEED    21   HIGHEST GUST DIRECTION    SE (120)
  AVERAGE WIND SPEED     3.0


SKY COVER
  POSSIBLE SUNSHINE  MM
  AVERAGE SKY COVER 0.1


WEATHER CONDITIONS
 THE FOLLOWING WEATHER WAS RECORDED TODAY.
  NO SIGNIFICANT WEATHER WAS OBSERVED.


RELATIVE HUMIDITY (PERCENT)
 HIGHEST    93          1200 AM
 LOWEST     31           200 PM
 AVERAGE    62

..........................................................


THE LUMBERTON NC CLIMATE NORMALS FOR TOMORROW
                         NORMAL    RECORD    YEAR
 MAXIMUM TEMPERATURE (F)   84        98      2011
 MINIMUM TEMPERATURE (F)   61        43      2013


SUNRISE AND SUNSET
MAY 24 2015...........SUNRISE   608 AM EDT   SUNSET   819 PM EDT
MAY 25 2015...........SUNRISE   607 AM EDT   SUNSET   819 PM EDT


-  INDICATES NEGATIVE NUMBERS.
R  INDICATES RECORD WAS SET OR TIED.
MM INDICATES DATA IS MISSING.
T  INDICATES TRACE AMOUNT.




$$
