000
CDUS44 KLCH 112213
CLILCH


CLIMATE REPORT
NATIONAL WEATHER SERVICE LAKE CHARLES, LA
412 PM CST THU FEB 11 2016


...................................

...THE LAKE CHARLES CLIMATE SUMMARY FOR FEBRUARY 11 2016...
VALID TODAY AS OF 0400 PM LOCAL TIME.

CLIMATE NORMAL PERIOD 1981 TO 2010
CLIMATE RECORD PERIOD 1895 TO 2016


WEATHER ITEM   OBSERVED TIME   RECORD YEAR NORMAL DEPARTURE LAST
                VALUE   (LST)  VALUE       VALUE  FROM      YEAR
                                                  NORMAL
..................................................................
TEMPERATURE (F)
 TODAY
  MAXIMUM         73    325 PM  79    1967  64      9       73
  MINIMUM         51    130 AM  22    1981  45      6       42
  AVERAGE         62                        54      8       58

PRECIPITATION (IN)
  TODAY            0.00          3.21 2004   0.13  -0.13     0.00
  MONTH TO DATE    0.07                      1.42  -1.35     0.38
  SINCE DEC 1      7.41                     11.33  -3.92     9.31
  SINCE JAN 1      4.17                      6.65  -2.48     7.28

SNOWFALL (IN)
  TODAY            0.0           T    1981   0.1   -0.1      0.0
                                      1963
  MONTH TO DATE    0.0                       0.1   -0.1      0.0
  SINCE DEC 1      0.0                       0.1   -0.1      0.0
  SINCE JUL 1      0.0                       0.1   -0.1      0.0
  SNOW DEPTH       0

DEGREE DAYS
 HEATING
  TODAY            3                        11     -8        7
  MONTH TO DATE  140                       131      9      126
  SINCE DEC 1    771                       915   -144      900
  SINCE JUL 1    847                      1122   -275     1176

 COOLING
  TODAY            0                         0      0        0
  MONTH TO DATE    5                         0      5        3
  SINCE DEC 1     65                        30     35       20
  SINCE JAN 1      8                        10     -2        3
..................................................................


WIND (MPH)
  HIGHEST WIND SPEED    20   HIGHEST WIND DIRECTION    SW (240)
  HIGHEST GUST SPEED    28   HIGHEST GUST DIRECTION    SW (230)
  AVERAGE WIND SPEED     9.3


SKY COVER
  POSSIBLE SUNSHINE  MM
  AVERAGE SKY COVER 0.0


WEATHER CONDITIONS
 THE FOLLOWING WEATHER WAS RECORDED TODAY.
  NO SIGNIFICANT WEATHER WAS OBSERVED.


RELATIVE HUMIDITY (PERCENT)
 HIGHEST   100           700 AM
 LOWEST     53          1200 PM
 AVERAGE    77

..........................................................


THE LAKE CHARLES CLIMATE NORMALS FOR TOMORROW
                         NORMAL    RECORD    YEAR
 MAXIMUM TEMPERATURE (F)   64        79      1932
                                             1922
 MINIMUM TEMPERATURE (F)   45         3      1899


SUNRISE AND SUNSET
FEBRUARY 11 2016......SUNRISE   657 AM CST   SUNSET   558 PM CST
FEBRUARY 12 2016......SUNRISE   656 AM CST   SUNSET   559 PM CST


-  INDICATES NEGATIVE NUMBERS.
R  INDICATES RECORD WAS SET OR TIED.
MM INDICATES DATA IS MISSING.
T  INDICATES TRACE AMOUNT.




$$
