000
CDUS43 KLMK 042031
CLILEX


CLIMATE REPORT
NATIONAL WEATHER SERVICE LOUISVILLE KY
431 PM EDT WED MAY 4 2016


...................................

...THE LEXINGTON KY CLIMATE SUMMARY FOR MAY 4 2016...
VALID TODAY AS OF 0400 PM LOCAL TIME.

CLIMATE NORMAL PERIOD 1981 TO 2010
CLIMATE RECORD PERIOD 1872 TO 2016


WEATHER ITEM   OBSERVED TIME   RECORD YEAR NORMAL DEPARTURE LAST
                VALUE   (LST)  VALUE       VALUE  FROM      YEAR
                                                  NORMAL
..................................................................
TEMPERATURE (F)
 TODAY
  MAXIMUM         63   1017 AM  88    1949  71     -8       81
                                      1938
  MINIMUM         46    531 AM  31    1957  50     -4       55
  AVERAGE         55                        61     -6       68

PRECIPITATION (IN)
  TODAY            0.07          2.02 1958   0.17  -0.10     0.00
  MONTH TO DATE    0.51                      0.64  -0.13     0.00
  SINCE MAR 1      6.61                      8.31  -1.70    18.87
  SINCE JAN 1     12.31                     14.71  -2.40    23.72

SNOWFALL (IN)
  TODAY            0.0          MM      MM   0.0    0.0      0.0
  MONTH TO DATE    0.0                       0.0    0.0      0.0
  SINCE MAR 1      0.7                       1.7   -1.0     17.1
  SINCE JUL 1     15.3                      13.0    2.3     40.0
  SNOW DEPTH       0

DEGREE DAYS
 HEATING
  TODAY           10                         5      5        0
  MONTH TO DATE   19                        23     -4       18
  SINCE MAR 1    675                       941   -266      927
  SINCE JUL 1   3646                      4512   -866     4905

 COOLING
  TODAY            0                         1     -1        3
  MONTH TO DATE    6                         4      2        3
  SINCE MAR 1     34                        26      8       15
  SINCE JAN 1     34                        26      8       15
..................................................................


WIND (MPH)
  HIGHEST WIND SPEED    21   HIGHEST WIND DIRECTION     W (290)
  HIGHEST GUST SPEED    26   HIGHEST GUST DIRECTION     W (290)
  AVERAGE WIND SPEED     8.3


SKY COVER
  POSSIBLE SUNSHINE  MM
  AVERAGE SKY COVER 0.7


WEATHER CONDITIONS
 THE FOLLOWING WEATHER WAS RECORDED TODAY.
  RAIN
  LIGHT RAIN
  FOG


RELATIVE HUMIDITY (PERCENT)
 HIGHEST    93           400 AM
 LOWEST     49          1100 AM
 AVERAGE    71

..........................................................


THE LEXINGTON KY CLIMATE NORMALS FOR TOMORROW
                         NORMAL    RECORD    YEAR
 MAXIMUM TEMPERATURE (F)   71        92      1952
 MINIMUM TEMPERATURE (F)   51        33      2011
                                             1957


SUNRISE AND SUNSET
MAY  4 2016...........SUNRISE   638 AM EDT   SUNSET   833 PM EDT
MAY  5 2016...........SUNRISE   637 AM EDT   SUNSET   833 PM EDT


-  INDICATES NEGATIVE NUMBERS.
R  INDICATES RECORD WAS SET OR TIED.
MM INDICATES DATA IS MISSING.
T  INDICATES TRACE AMOUNT.




$$
