000
CDUS43 KLMK 232128
CLILEX


CLIMATE REPORT
NATIONAL WEATHER SERVICE LOUISVILLE KY
428 PM EST TUE JAN 23 2018


...................................

...THE LEXINGTON KY CLIMATE SUMMARY FOR JANUARY 23 2018...
VALID TODAY AS OF 0400 PM LOCAL TIME.

CLIMATE NORMAL PERIOD 1981 TO 2010
CLIMATE RECORD PERIOD 1872 TO 2018


WEATHER ITEM   OBSERVED TIME   RECORD YEAR NORMAL DEPARTURE LAST
                VALUE   (LST)  VALUE       VALUE  FROM      YEAR
                                                  NORMAL
..................................................................
TEMPERATURE (F)
 TODAY
  MAXIMUM         54   1202 AM  68    1967  41     13       54
                                      1943
  MINIMUM         41    359 PM -20    1963  25     16       42
  AVERAGE         48                        33     15       48

PRECIPITATION (IN)
  TODAY            0.00          1.67 1932   0.10  -0.10     0.52
  MONTH TO DATE    1.18                      2.36  -1.18     4.61
  SINCE DEC 1      3.55                      6.29  -2.74    10.79
  SINCE JAN 1      1.18                      2.36  -1.18     4.61

SNOWFALL (IN)
  TODAY            0.0           4.4  1963   0.1   -0.1      0.0
  MONTH TO DATE    6.1                       2.7    3.4      2.5
  SINCE DEC 1      6.3                       5.2    1.1      2.6
  SINCE JUL 1      6.3                       5.5    0.8      2.6
  SNOW DEPTH       0

DEGREE DAYS
 HEATING
  TODAY           17                        32    -15       17
  MONTH TO DATE  832                       736     96      542
  SINCE DEC 1   1756                      1637    119     1399
  SINCE JUL 1   2536                      2524     12     1985

 COOLING
  TODAY            0                         0      0        0
  MONTH TO DATE    0                         0      0        0
  SINCE DEC 1      0                         0      0        0
  SINCE JAN 1      0                         0      0        0
..................................................................


WIND (MPH)
  HIGHEST WIND SPEED    30   HIGHEST WIND DIRECTION     W (250)
  HIGHEST GUST SPEED    46   HIGHEST GUST DIRECTION     W (260)
  AVERAGE WIND SPEED    16.5


SKY COVER
  POSSIBLE SUNSHINE  MM
  AVERAGE SKY COVER 0.9


WEATHER CONDITIONS
 THE FOLLOWING WEATHER WAS RECORDED TODAY.
  NO SIGNIFICANT WEATHER WAS OBSERVED.


RELATIVE HUMIDITY (PERCENT)
 HIGHEST    71          1200 AM
 LOWEST     53           600 AM
 AVERAGE    62

..........................................................


THE LEXINGTON KY CLIMATE NORMALS FOR TOMORROW
                         NORMAL    RECORD    YEAR
 MAXIMUM TEMPERATURE (F)   41        80      1943
 MINIMUM TEMPERATURE (F)   25       -21      1963


SUNRISE AND SUNSET
JANUARY 23 2018.......SUNRISE   749 AM EST   SUNSET   551 PM EST
JANUARY 24 2018.......SUNRISE   749 AM EST   SUNSET   553 PM EST


-  INDICATES NEGATIVE NUMBERS.
R  INDICATES RECORD WAS SET OR TIED.
MM INDICATES DATA IS MISSING.
T  INDICATES TRACE AMOUNT.




$$
