000
CDUS43 KLMK 272027 RRA
CLILEX

CLIMATE REPORT
NATIONAL WEATHER SERVICE LOUISVILLE KY
426 PM EDT SAT MAY 27 2017


...................................

...THE LEXINGTON KY CLIMATE SUMMARY FOR MAY 27 2017...
VALID TODAY AS OF 0400 PM LOCAL TIME.

CLIMATE NORMAL PERIOD 1981 TO 2010
CLIMATE RECORD PERIOD 1872 TO 2017


WEATHER ITEM   OBSERVED TIME   RECORD YEAR NORMAL DEPARTURE LAST
                VALUE   (LST)  VALUE       VALUE  FROM      YEAR
                                                  NORMAL
..................................................................
TEMPERATURE (F)
 TODAY
  MAXIMUM         82    201 PM  93    1911  78      4       85
  MINIMUM         69    437 AM  35    1961  57     12       62
  AVERAGE         76                        67      9       74

PRECIPITATION (IN)
  TODAY            0.09          2.03 1917   0.18  -0.09     0.00
  MONTH TO DATE    5.32                      4.55   0.77     6.49
  SINCE MAR 1     10.44                     12.22  -1.78    12.59
  SINCE JAN 1     18.54                     18.62  -0.08    18.29

SNOWFALL (IN)
  TODAY            0.0          MM      MM   0.0    0.0      0.0
  MONTH TO DATE    0.0                       0.0    0.0      0.0
  SINCE MAR 1      T                         1.7   -1.7      0.7
  SINCE JUL 1      3.4                      13.0   -9.6     15.3
  SNOW DEPTH       0

DEGREE DAYS
 HEATING
  TODAY            0                         2     -2        0
  MONTH TO DATE   99                       105     -6      137
  SINCE MAR 1    761                      1023   -262      793
  SINCE JUL 1   3471                      4594  -1123     3764

 COOLING
  TODAY           11                         4      7        9
  MONTH TO DATE  100                        65     35       46
  SINCE MAR 1    171                        87     84       74
  SINCE JAN 1    175                        87     88       74
..................................................................


WIND (MPH)
  HIGHEST WIND SPEED    22   HIGHEST WIND DIRECTION    SW (210)
  HIGHEST GUST SPEED    29   HIGHEST GUST DIRECTION    SW (210)
  AVERAGE WIND SPEED     8.3


SKY COVER
  POSSIBLE SUNSHINE  MM
  AVERAGE SKY COVER 0.9


WEATHER CONDITIONS
 THE FOLLOWING WEATHER WAS RECORDED TODAY.
  THUNDERSTORM
  HEAVY RAIN
  LIGHT RAIN


RELATIVE HUMIDITY (PERCENT)
 HIGHEST    74          1000 AM
 LOWEST     62           100 PM
 AVERAGE    68

..........................................................


THE LEXINGTON KY CLIMATE NORMALS FOR TOMORROW
                         NORMAL    RECORD    YEAR
 MAXIMUM TEMPERATURE (F)   78        93      1941
                                             1911
 MINIMUM TEMPERATURE (F)   57        39      1907


SUNRISE AND SUNSET
MAY 27 2017...........SUNRISE   620 AM EDT   SUNSET   852 PM EDT
MAY 28 2017...........SUNRISE   619 AM EDT   SUNSET   853 PM EDT


-  INDICATES NEGATIVE NUMBERS.
R  INDICATES RECORD WAS SET OR TIED.
MM INDICATES DATA IS MISSING.
T  INDICATES TRACE AMOUNT.




$$
