000
CDUS43 KLMK 270629
CLILEX


CLIMATE REPORT
NATIONAL WEATHER SERVICE LOUISVILLE KY
128 AM EST SAT DEC 27 2014


...................................

...THE LEXINGTON KY CLIMATE SUMMARY FOR DECEMBER 26 2014...

CLIMATE NORMAL PERIOD 1981 TO 2010
CLIMATE RECORD PERIOD 1872 TO 2014


WEATHER ITEM   OBSERVED TIME   RECORD YEAR NORMAL DEPARTURE LAST
                VALUE   (LST)  VALUE       VALUE  FROM      YEAR
                                                  NORMAL
..................................................................
TEMPERATURE (F)
 YESTERDAY
  MAXIMUM         53    359 PM  71    1942  42     11       43
  MINIMUM         30    616 AM  -1    1948  26      4       28
  AVERAGE         42                        34      8       36

PRECIPITATION (IN)
  YESTERDAY        0.00          2.50 1895   0.13  -0.13     0.00
  MONTH TO DATE    3.23                      3.35  -0.12     4.96
  SINCE DEC 1      3.23                      3.35  -0.12     4.96
  SINCE JAN 1     54.14                     44.59   9.55    58.91

SNOWFALL (IN)
  YESTERDAY        0.0           5.0  1894   0.1   -0.1      0.0
  MONTH TO DATE    T                         1.9   -1.9      0.6
  SINCE DEC 1      T                         1.9   -1.9      0.6
  SINCE JUL 1      1.6                       2.2   -0.6      2.0
  SNOW DEPTH       0

DEGREE DAYS
 HEATING
  YESTERDAY       23                        31     -8       29
  MONTH TO DATE  661                       742    -81      684
  SINCE DEC 1    661                       742    -81      684
  SINCE JUL 1   1668                      1629     39     1611

 COOLING
  YESTERDAY        0                         0      0        0
  MONTH TO DATE    0                         0      0        0
  SINCE DEC 1      0                         0      0        0
  SINCE JAN 1   1274                      1190     84     1245
..................................................................


WIND (MPH)
  HIGHEST WIND SPEED    17   HIGHEST WIND DIRECTION     S (200)
  HIGHEST GUST SPEED    21   HIGHEST GUST DIRECTION    SW (210)
  AVERAGE WIND SPEED     9.1


SKY COVER
  POSSIBLE SUNSHINE  MM
  AVERAGE SKY COVER 0.0


WEATHER CONDITIONS
 THE FOLLOWING WEATHER WAS RECORDED YESTERDAY.
  NO SIGNIFICANT WEATHER WAS OBSERVED.


RELATIVE HUMIDITY (PERCENT)
 HIGHEST    92           100 AM
 LOWEST     50           300 PM
 AVERAGE    71

..........................................................


THE LEXINGTON KY CLIMATE NORMALS FOR TODAY
                         NORMAL    RECORD    YEAR
 MAXIMUM TEMPERATURE (F)   42        70      2008
 MINIMUM TEMPERATURE (F)   26        -5      1935


SUNRISE AND SUNSET
DECEMBER 27 2014......SUNRISE   753 AM EST   SUNSET   526 PM EST
DECEMBER 28 2014......SUNRISE   754 AM EST   SUNSET   526 PM EST


-  INDICATES NEGATIVE NUMBERS.
R  INDICATES RECORD WAS SET OR TIED.
MM INDICATES DATA IS MISSING.
T  INDICATES TRACE AMOUNT.




$$
