000
CDUS44 KSHV 050837
CLILFK


CLIMATE REPORT
NATIONAL WEATHER SERVICE SHREVEPORT, LA
237 AM CST MON DEC 5 2016


...................................

...THE LUFKIN CLIMATE SUMMARY FOR DECEMBER 4 2016...

CLIMATE NORMAL PERIOD 1981 TO 2010
CLIMATE RECORD PERIOD 1906 TO 2016


WEATHER ITEM   OBSERVED TIME   RECORD YEAR NORMAL DEPARTURE LAST
                VALUE   (LST)  VALUE       VALUE  FROM      YEAR
                                                  NORMAL
..................................................................
TEMPERATURE (F)
 YESTERDAY
  MAXIMUM         50    818 PM  89    1910  63    -13       59
  MINIMUM         47    330 AM  20    1929  41      6       33
  AVERAGE         49                        52     -3       46

PRECIPITATION (IN)
  YESTERDAY        0.08          1.45 1913   0.15  -0.07     0.00
  MONTH TO DATE    3.98                      0.62   3.36     0.03
  SINCE DEC 1      3.98                      0.62   3.36     0.03
  SINCE JAN 1     49.31                     45.13   4.18    61.70

SNOWFALL (IN)
  YESTERDAY        0.0
  MONTH TO DATE    0.0
  SINCE DEC 1      0.0
  SINCE JUL 1      0.0
  SNOW DEPTH       0

DEGREE DAYS
 HEATING
  YESTERDAY       16                        13      3       19
  MONTH TO DATE   62                        51     11       66
  SINCE DEC 1     62                        51     11       66
  SINCE JUL 1    210                       358   -148      251

 COOLING
  YESTERDAY        0                         1     -1        0
  MONTH TO DATE    0                         4     -4        0
  SINCE DEC 1      0                         4     -4        0
  SINCE JAN 1   2809                      2587    222     3068
..................................................................


WIND (MPH)
  HIGHEST WIND SPEED    15   HIGHEST WIND DIRECTION     E (90)
  HIGHEST GUST SPEED    18   HIGHEST GUST DIRECTION     E (90)
  AVERAGE WIND SPEED     6.7


SKY COVER
  POSSIBLE SUNSHINE  MM
  AVERAGE SKY COVER 1.0


WEATHER CONDITIONS
 THE FOLLOWING WEATHER WAS RECORDED YESTERDAY.
  LIGHT RAIN
  FOG


RELATIVE HUMIDITY (PERCENT)
 HIGHEST   100           300 AM
 LOWEST     86           400 PM
 AVERAGE    93

..........................................................


THE LUFKIN CLIMATE NORMALS FOR TODAY
                         NORMAL    RECORD    YEAR
 MAXIMUM TEMPERATURE (F)   63        83      1906
 MINIMUM TEMPERATURE (F)   41        22      2009


SUNRISE AND SUNSET
DECEMBER  5 2016......SUNRISE   703 AM CST   SUNSET   516 PM CST
DECEMBER  6 2016......SUNRISE   704 AM CST   SUNSET   516 PM CST


-  INDICATES NEGATIVE NUMBERS.
R  INDICATES RECORD WAS SET OR TIED.
MM INDICATES DATA IS MISSING.
T  INDICATES TRACE AMOUNT.




$$
