000
CDUS44 KSHV 240951
CLILFK


CLIMATE REPORT
NATIONAL WEATHER SERVICE SHREVEPORT, LA
325 AM CST TUE JAN 24 2017


...................................

...THE LUFKIN CLIMATE SUMMARY FOR JANUARY 23 2017...

CLIMATE NORMAL PERIOD 1981 TO 2010
CLIMATE RECORD PERIOD 1906 TO 2017


WEATHER ITEM   OBSERVED TIME   RECORD YEAR NORMAL DEPARTURE LAST
                VALUE   (LST)  VALUE       VALUE  FROM      YEAR
                                                  NORMAL
..................................................................
TEMPERATURE (F)
 YESTERDAY
  MAXIMUM         68    412 PM  85    1943  60      8       52
  MINIMUM         43    721 AM  10    1940  39      4       26
  AVERAGE         56                        49      7       39

PRECIPITATION (IN)
  YESTERDAY        0.00          4.50 1920   0.13  -0.13     0.00
  MONTH TO DATE    5.65                      3.04   2.61     2.35
  SINCE DEC 1     10.56                      7.48   3.08     6.40
  SINCE JAN 1      5.65                      3.04   2.61     2.35

SNOWFALL (IN)
  YESTERDAY        0.0
  MONTH TO DATE    T
  SINCE DEC 1      T
  SINCE JUL 1      T
  SNOW DEPTH       0

DEGREE DAYS
 HEATING
  YESTERDAY        9                        16     -7       26
  MONTH TO DATE  211                       380   -169      423
  SINCE DEC 1    583                       851   -268      746
  SINCE JUL 1    731                      1158   -427      931

 COOLING
  YESTERDAY        0                         0      0        0
  MONTH TO DATE   25                         0     25        0
  SINCE DEC 1     56                        13     43       33
  SINCE JAN 1     25                         0     25        0
..................................................................


WIND (MPH)
  HIGHEST WIND SPEED    13   HIGHEST WIND DIRECTION     W (280)
  HIGHEST GUST SPEED    18   HIGHEST GUST DIRECTION    NW (300)
  AVERAGE WIND SPEED     5.6


SKY COVER
  POSSIBLE SUNSHINE  MM
  AVERAGE SKY COVER 0.0


WEATHER CONDITIONS
 THE FOLLOWING WEATHER WAS RECORDED YESTERDAY.
  NO SIGNIFICANT WEATHER WAS OBSERVED.


RELATIVE HUMIDITY (PERCENT)
 HIGHEST    82           900 PM
 LOWEST     24           400 PM
 AVERAGE    53

..........................................................


THE LUFKIN CLIMATE NORMALS FOR TODAY
                         NORMAL    RECORD    YEAR
 MAXIMUM TEMPERATURE (F)   60        81      1943
 MINIMUM TEMPERATURE (F)   39        10      1940


SUNRISE AND SUNSET
JANUARY 24 2017.......SUNRISE   715 AM CST   SUNSET   547 PM CST
JANUARY 25 2017.......SUNRISE   715 AM CST   SUNSET   548 PM CST


-  INDICATES NEGATIVE NUMBERS.
R  INDICATES RECORD WAS SET OR TIED.
MM INDICATES DATA IS MISSING.
T  INDICATES TRACE AMOUNT.




$$
