000
CDUS44 KSHV 262234
CLILFK


CLIMATE REPORT
NATIONAL WEATHER SERVICE SHREVEPORT, LA
431 PM CST MON JAN 26 2015


...................................

...THE LUFKIN CLIMATE SUMMARY FOR JANUARY 26 2015...
VALID TODAY AS OF 0400 PM LOCAL TIME.

CLIMATE NORMAL PERIOD 1981 TO 2010
CLIMATE RECORD PERIOD 1906 TO 2015


WEATHER ITEM   OBSERVED TIME   RECORD YEAR NORMAL DEPARTURE LAST
                VALUE   (LST)  VALUE       VALUE  FROM      YEAR
                                                  NORMAL
..................................................................
TEMPERATURE (F)
 TODAY
  MAXIMUM         70    358 PM  81    2005  61      9       72
                                      1952
  MINIMUM         35    726 AM  17    1940  39     -4       40
  AVERAGE         53                        50      3       56

PRECIPITATION (IN)
  TODAY            0.00          2.06 1932   0.14  -0.14     0.00
  MONTH TO DATE    7.36                      3.45   3.91     1.13
  SINCE DEC 1      9.41                      7.89   1.52     3.34
  SINCE JAN 1      7.36                      3.45   3.91     1.13

SNOWFALL (IN)
  TODAY            0.0
  MONTH TO DATE    0.0
  SINCE DEC 1      0.0
  SINCE JUL 1      0.0
  SNOW DEPTH       0

DEGREE DAYS
 HEATING
  TODAY           12                        16     -4        9
  MONTH TO DATE  475                       428     47      458
  SINCE DEC 1    799                       899   -100      973
  SINCE JUL 1   1095                      1206   -111     1329

 COOLING
  TODAY            0                         0      0        0
  MONTH TO DATE    0                         0      0        0
  SINCE DEC 1     12                        13     -1       16
  SINCE JAN 1      0                         0      0        0
..................................................................


WIND (MPH)
  HIGHEST WIND SPEED    12   HIGHEST WIND DIRECTION     W (250)
  HIGHEST GUST SPEED    18   HIGHEST GUST DIRECTION    NW (300)
  AVERAGE WIND SPEED     4.5


SKY COVER
  POSSIBLE SUNSHINE  MM
  AVERAGE SKY COVER 0.0


WEATHER CONDITIONS
 THE FOLLOWING WEATHER WAS RECORDED TODAY.
  NO SIGNIFICANT WEATHER WAS OBSERVED.


RELATIVE HUMIDITY (PERCENT)
 HIGHEST    76           500 AM
 LOWEST     26           300 PM
 AVERAGE    51

..........................................................


THE LUFKIN CLIMATE NORMALS FOR TOMORROW
                         NORMAL    RECORD    YEAR
 MAXIMUM TEMPERATURE (F)   61        85      1975
 MINIMUM TEMPERATURE (F)   39        20      1940


SUNRISE AND SUNSET
JANUARY 26 2015.......SUNRISE   715 AM CST   SUNSET   549 PM CST
JANUARY 27 2015.......SUNRISE   714 AM CST   SUNSET   550 PM CST


-  INDICATES NEGATIVE NUMBERS.
R  INDICATES RECORD WAS SET OR TIED.
MM INDICATES DATA IS MISSING.
T  INDICATES TRACE AMOUNT.




$$
