000
CDUS44 KSHV 240853
CLILFK


CLIMATE REPORT
NATIONAL WEATHER SERVICE SHREVEPORT, LA
253 AM CST FRI NOV 24 2017


...................................

...THE LUFKIN CLIMATE SUMMARY FOR NOVEMBER 23 2017...

CLIMATE NORMAL PERIOD 1981 TO 2010
CLIMATE RECORD PERIOD 1906 TO 2017


WEATHER ITEM   OBSERVED TIME   RECORD YEAR NORMAL DEPARTURE LAST
                VALUE   (LST)  VALUE       VALUE  FROM      YEAR
                                                  NORMAL
..................................................................
TEMPERATURE (F)
 YESTERDAY
  MAXIMUM         63    327 PM  84    2010  67     -4       68
                                      1973
  MINIMUM         33    727 AM  23    1975  45    -12       46
  AVERAGE         48                        56     -8       57

PRECIPITATION (IN)
  YESTERDAY        0.00          5.11 1986   0.15  -0.15     0.80
  MONTH TO DATE    1.34                      3.87  -2.53     1.59
  SINCE DEC 1     56.96                     47.81   9.15    48.22
  SINCE JAN 1     52.05                     43.37   8.68    44.17

SNOWFALL (IN)
  YESTERDAY        0.0
  MONTH TO DATE    0.0
  SINCE SEP 1      0.0
  SINCE JUL 1      0.0
  SNOW DEPTH       0

DEGREE DAYS
 HEATING
  YESTERDAY       17                        10      7        8
  MONTH TO DATE  107                       162    -55       79
  SINCE SEP 1    196                       228    -32       96
  SINCE JUL 1    196                       228    -32       96

 COOLING
  YESTERDAY        0                         1     -1        0
  MONTH TO DATE   92                        33     59       54
  SINCE SEP 1    633                       554     79      721
  SINCE JAN 1   2656                      2577     79     2809
..................................................................


WIND (MPH)
  HIGHEST WIND SPEED     8   HIGHEST WIND DIRECTION    NW (310)
  HIGHEST GUST SPEED    10   HIGHEST GUST DIRECTION    NW (320)
  AVERAGE WIND SPEED     1.5


SKY COVER
  POSSIBLE SUNSHINE  MM
  AVERAGE SKY COVER 0.0


WEATHER CONDITIONS
 THE FOLLOWING WEATHER WAS RECORDED YESTERDAY.
  NO SIGNIFICANT WEATHER WAS OBSERVED.


RELATIVE HUMIDITY (PERCENT)
 HIGHEST   100           600 AM
 LOWEST     32           300 PM
 AVERAGE    66

..........................................................


THE LUFKIN CLIMATE NORMALS FOR TODAY
                         NORMAL    RECORD    YEAR
 MAXIMUM TEMPERATURE (F)   67        85      1945
 MINIMUM TEMPERATURE (F)   44        22      1970


SUNRISE AND SUNSET
NOVEMBER 24 2017......SUNRISE   654 AM CST   SUNSET   517 PM CST
NOVEMBER 25 2017......SUNRISE   655 AM CST   SUNSET   517 PM CST


-  INDICATES NEGATIVE NUMBERS.
R  INDICATES RECORD WAS SET OR TIED.
MM INDICATES DATA IS MISSING.
T  INDICATES TRACE AMOUNT.




$$
