000
CDUS44 KSHV 290747
CLILFK


CLIMATE REPORT
NATIONAL WEATHER SERVICE SHREVEPORT, LA
246 AM CDT MON MAY 29 2017


...................................

...THE LUFKIN CLIMATE SUMMARY FOR MAY 28 2017...

CLIMATE NORMAL PERIOD 1981 TO 2010
CLIMATE RECORD PERIOD 1906 TO 2017


WEATHER ITEM   OBSERVED TIME   RECORD YEAR NORMAL DEPARTURE LAST
                VALUE   (LST)  VALUE       VALUE  FROM      YEAR
                                                  NORMAL
..................................................................
TEMPERATURE (F)
 YESTERDAY
  MAXIMUM         91    331 PM  99    1996  88      3       89
  MINIMUM         66    720 PM  48    1961  67     -1       60
  AVERAGE         79                        77      2       75

PRECIPITATION (IN)
  YESTERDAY        1.20          3.66 1965   0.17   1.03     0.00
  MONTH TO DATE    6.79                      4.15   2.64     9.23
  SINCE DEC 1     27.36                     23.47   3.89    33.12
  SINCE JAN 1     22.45                     19.03   3.42    29.07

SNOWFALL (IN)
  YESTERDAY        0.0
  MONTH TO DATE    0.0
  SINCE MAR 1      0.0
  SINCE JUL 1      T
  SNOW DEPTH       0

DEGREE DAYS
 HEATING
  YESTERDAY        0                         0      0        0
  MONTH TO DATE    6                         1      5        2
  SINCE MAR 1    169                       280   -111      150
  SINCE JUL 1   1145                      1914   -769     1472

 COOLING
  YESTERDAY       14                        12      2       10
  MONTH TO DATE  193                       254    -61      208
  SINCE MAR 1    411                       411      0      396
  SINCE JAN 1    493                       430     63      410
..................................................................


WIND (MPH)
  HIGHEST WIND SPEED    26   HIGHEST WIND DIRECTION     N (20)
  HIGHEST GUST SPEED    37   HIGHEST GUST DIRECTION    NE (30)
  AVERAGE WIND SPEED     8.9


SKY COVER
  POSSIBLE SUNSHINE  MM
  AVERAGE SKY COVER 0.7


WEATHER CONDITIONS
 THE FOLLOWING WEATHER WAS RECORDED YESTERDAY.
  THUNDERSTORM
  HEAVY RAIN
  RAIN
  LIGHT RAIN
  FOG


RELATIVE HUMIDITY (PERCENT)
 HIGHEST   100           500 AM
 LOWEST     59           300 PM
 AVERAGE    80

..........................................................


THE LUFKIN CLIMATE NORMALS FOR TODAY
                         NORMAL    RECORD    YEAR
 MAXIMUM TEMPERATURE (F)   88        99      1996
 MINIMUM TEMPERATURE (F)   67        55      1961


SUNRISE AND SUNSET
MAY 29 2017...........SUNRISE   616 AM CDT   SUNSET   817 PM CDT
MAY 30 2017...........SUNRISE   616 AM CDT   SUNSET   817 PM CDT


-  INDICATES NEGATIVE NUMBERS.
R  INDICATES RECORD WAS SET OR TIED.
MM INDICATES DATA IS MISSING.
T  INDICATES TRACE AMOUNT.




$$
