000
CDUS44 KSHV 160813
CLILFK


CLIMATE REPORT
NATIONAL WEATHER SERVICE SHREVEPORT, LA
303 AM CDT TUE SEP 16 2014


...................................

...THE LUFKIN CLIMATE SUMMARY FOR SEPTEMBER 15 2014...

CLIMATE NORMAL PERIOD 1981 TO 2010
CLIMATE RECORD PERIOD 1906 TO 2014


WEATHER ITEM   OBSERVED TIME   RECORD YEAR NORMAL DEPARTURE LAST
                VALUE   (LST)  VALUE       VALUE  FROM      YEAR
                                                  NORMAL
..................................................................
TEMPERATURE (F)
 YESTERDAY
  MAXIMUM         91    115 PM 101    1931  89      2       95
  MINIMUM         71    623 AM  53    1940  67      4       70
  AVERAGE         81                        78      3       83

PRECIPITATION (IN)
  YESTERDAY        0.00          2.00 1930   0.15  -0.15     0.00
  MONTH TO DATE    1.76                      2.16  -0.40     0.22
  SINCE DEC 1     35.89                     37.19  -1.30    30.43
  SINCE JAN 1     33.68                     32.75   0.93    26.12

SNOWFALL (IN)
  YESTERDAY        0.0
  MONTH TO DATE    0.0
  SINCE SEP 1      0.0
  SINCE JUL 1      0.0
  SNOW DEPTH       0

DEGREE DAYS
 HEATING
  YESTERDAY        0                         0      0        0
  MONTH TO DATE    0                         0      0        0
  SINCE SEP 1      0                         0      0        0
  SINCE JUL 1      0                         0      0        0

 COOLING
  YESTERDAY       16                        13      3       18
  MONTH TO DATE  278                       219     59      272
  SINCE SEP 1    278                       219     59      272
  SINCE JAN 1   2512                      2242    270     2439
..................................................................


WIND (MPH)
  HIGHEST WIND SPEED     8   HIGHEST WIND DIRECTION    NE (40)
  HIGHEST GUST SPEED    11   HIGHEST GUST DIRECTION    NE (30)
  AVERAGE WIND SPEED     3.4


SKY COVER
  POSSIBLE SUNSHINE  MM
  AVERAGE SKY COVER 0.1


WEATHER CONDITIONS
 THE FOLLOWING WEATHER WAS RECORDED YESTERDAY.
  FOG
  HAZE


RELATIVE HUMIDITY (PERCENT)
 HIGHEST    84          1200 AM
 LOWEST     59          1200 PM
 AVERAGE    72

..........................................................


THE LUFKIN CLIMATE NORMALS FOR TODAY
                         NORMAL    RECORD    YEAR
 MAXIMUM TEMPERATURE (F)   89       100      1920
 MINIMUM TEMPERATURE (F)   66        52      1989


SUNRISE AND SUNSET
SEPTEMBER 16 2014.....SUNRISE   704 AM CDT   SUNSET   723 PM CDT
SEPTEMBER 17 2014.....SUNRISE   704 AM CDT   SUNSET   722 PM CDT


-  INDICATES NEGATIVE NUMBERS.
R  INDICATES RECORD WAS SET OR TIED.
MM INDICATES DATA IS MISSING.
T  INDICATES TRACE AMOUNT.




$$
