000
CDUS44 KSHV 190739
CLILFK


CLIMATE REPORT
NATIONAL WEATHER SERVICE SHREVEPORT, LA
236 AM CDT TUE SEP 19 2017


...................................

...THE LUFKIN CLIMATE SUMMARY FOR SEPTEMBER 18 2017...

CLIMATE NORMAL PERIOD 1981 TO 2010
CLIMATE RECORD PERIOD 1906 TO 2017


WEATHER ITEM   OBSERVED TIME   RECORD YEAR NORMAL DEPARTURE LAST
                VALUE   (LST)  VALUE       VALUE  FROM      YEAR
                                                  NORMAL
..................................................................
TEMPERATURE (F)
 YESTERDAY
  MAXIMUM         89    126 PM 101    1935  88      1       94
  MINIMUM         72   1118 PM  48    1981  65      7       72
  AVERAGE         81                        77      4       83

PRECIPITATION (IN)
  YESTERDAY        1.05          1.48 2006   0.13   0.92     0.00
  MONTH TO DATE    1.95                      2.55  -0.60     0.75
  SINCE DEC 1     51.99                     37.58  14.41    46.13
  SINCE JAN 1     47.08                     33.14  13.94    42.08

SNOWFALL (IN)
  YESTERDAY        0.0
  MONTH TO DATE    0.0
  SINCE SEP 1      0.0
  SINCE JUL 1      0.0
  SNOW DEPTH       0

DEGREE DAYS
 HEATING
  YESTERDAY        0                         0      0        0
  MONTH TO DATE    0                         0      0        0
  SINCE SEP 1      0                         0      0        0
  SINCE JUL 1      0                         0      0        0

 COOLING
  YESTERDAY       16                        12      4       18
  MONTH TO DATE  183                       255    -72      299
  SINCE SEP 1    183                       255    -72      299
  SINCE JAN 1   2206                      2278    -72     2387
..................................................................


WIND (MPH)
  HIGHEST WIND SPEED    21   HIGHEST WIND DIRECTION     W (290)
  HIGHEST GUST SPEED    25   HIGHEST GUST DIRECTION     W (280)
  AVERAGE WIND SPEED     2.8


SKY COVER
  POSSIBLE SUNSHINE  MM
  AVERAGE SKY COVER 0.6


WEATHER CONDITIONS
 THE FOLLOWING WEATHER WAS RECORDED YESTERDAY.
  THUNDERSTORM
  HEAVY RAIN
  RAIN
  LIGHT RAIN
  FOG
  FOG W/VISIBILITY <= 1/4 MILE


RELATIVE HUMIDITY (PERCENT)
 HIGHEST   100           100 AM
 LOWEST     63          1200 PM
 AVERAGE    82

..........................................................


THE LUFKIN CLIMATE NORMALS FOR TODAY
                         NORMAL    RECORD    YEAR
 MAXIMUM TEMPERATURE (F)   88       102      1956
 MINIMUM TEMPERATURE (F)   65        46      1981


SUNRISE AND SUNSET
SEPTEMBER 19 2017.....SUNRISE   706 AM CDT   SUNSET   719 PM CDT
SEPTEMBER 20 2017.....SUNRISE   706 AM CDT   SUNSET   718 PM CDT


-  INDICATES NEGATIVE NUMBERS.
R  INDICATES RECORD WAS SET OR TIED.
MM INDICATES DATA IS MISSING.
T  INDICATES TRACE AMOUNT.




$$
