000
CDUS44 KSHV 240751
CLILFK


CLIMATE REPORT
NATIONAL WEATHER SERVICE SHREVEPORT, LA
241 AM CDT FRI OCT 24 2014


...................................

...THE LUFKIN CLIMATE SUMMARY FOR OCTOBER 23 2014...

CLIMATE NORMAL PERIOD 1981 TO 2010
CLIMATE RECORD PERIOD 1906 TO 2014


WEATHER ITEM   OBSERVED TIME   RECORD YEAR NORMAL DEPARTURE LAST
                VALUE   (LST)  VALUE       VALUE  FROM      YEAR
                                                  NORMAL
..................................................................
TEMPERATURE (F)
 YESTERDAY
  MAXIMUM         78    209 PM  91    1932  78      0       81
  MINIMUM         54   1159 PM  33    1937  54      0       47
  AVERAGE         66                        66      0       64

PRECIPITATION (IN)
  YESTERDAY        0.00          1.76 1970   0.19  -0.19     0.00
  MONTH TO DATE    3.12                      3.44  -0.32     1.93
  SINCE DEC 1     40.33                     42.55  -2.22    36.49
  SINCE JAN 1     38.12                     38.11   0.01    32.18

SNOWFALL (IN)
  YESTERDAY        0.0
  MONTH TO DATE    0.0
  SINCE SEP 1      0.0
  SINCE JUL 1      0.0
  SNOW DEPTH       0

DEGREE DAYS
 HEATING
  YESTERDAY        0                         3     -3        1
  MONTH TO DATE    0                        35    -35       20
  SINCE SEP 1      0                        39    -39       20
  SINCE JUL 1      0                        39    -39       20

 COOLING
  YESTERDAY        1                         3     -2        0
  MONTH TO DATE  185                       124     61      156
  SINCE SEP 1    681                       498    183      622
  SINCE JAN 1   2915                      2521    394     2789
..................................................................


WIND (MPH)
  HIGHEST WIND SPEED    10   HIGHEST WIND DIRECTION    NE (40)
  HIGHEST GUST SPEED    14   HIGHEST GUST DIRECTION     N (20)
  AVERAGE WIND SPEED     3.3


SKY COVER
  POSSIBLE SUNSHINE  MM
  AVERAGE SKY COVER 0.0


WEATHER CONDITIONS
 THE FOLLOWING WEATHER WAS RECORDED YESTERDAY.
  NO SIGNIFICANT WEATHER WAS OBSERVED.


RELATIVE HUMIDITY (PERCENT)
 HIGHEST    86          1100 PM
 LOWEST     40           100 PM
 AVERAGE    63

..........................................................


THE LUFKIN CLIMATE NORMALS FOR TODAY
                         NORMAL    RECORD    YEAR
 MAXIMUM TEMPERATURE (F)   77        91      1931
 MINIMUM TEMPERATURE (F)   53        31      1908


SUNRISE AND SUNSET
OCTOBER 24 2014.......SUNRISE   728 AM CDT   SUNSET   638 PM CDT
OCTOBER 25 2014.......SUNRISE   729 AM CDT   SUNSET   637 PM CDT


-  INDICATES NEGATIVE NUMBERS.
R  INDICATES RECORD WAS SET OR TIED.
MM INDICATES DATA IS MISSING.
T  INDICATES TRACE AMOUNT.




$$
