000
CDUS44 KLCH 260851
CLILFT


CLIMATE REPORT
NATIONAL WEATHER SERVICE LAKE CHARLES, LA
351 AM CDT WED JUL 26 2017


...................................

...THE LAFAYETTE CLIMATE SUMMARY FOR JULY 25 2017...

CLIMATE NORMAL PERIOD 1981 TO 2010
CLIMATE RECORD PERIOD 1893 TO 2017


WEATHER ITEM   OBSERVED TIME   RECORD YEAR NORMAL DEPARTURE LAST
                VALUE   (LST)  VALUE       VALUE  FROM      YEAR
                                                  NORMAL
..................................................................
TEMPERATURE (F)
 YESTERDAY
  MAXIMUM         90    132 PM  99    1925  92     -2       94
                                      1924
                                      1923
  MINIMUM         79   1010 PM  64    1915  75      4       75
  AVERAGE         85                        84      1       85

PRECIPITATION (IN)
  YESTERDAY        0.00          3.65 1979   0.17  -0.17     1.20
  MONTH TO DATE    6.95                      5.27   1.68     2.73
  SINCE JUN 1     17.97                     12.35   5.62     9.72
  SINCE JAN 1     38.52                     34.97   3.55    38.11

DEGREE DAYS
 COOLING
  YESTERDAY       20                        19      1       20
  MONTH TO DATE  468                       459      9      513
  SINCE JUN 1    901                       957    -56     1040
  SINCE JAN 1   1821                      1571    250     1697
..................................................................


WIND (MPH)
  HIGHEST WIND SPEED    14   HIGHEST WIND DIRECTION    SW (220)
  HIGHEST GUST SPEED    17   HIGHEST GUST DIRECTION    SW (230)
  AVERAGE WIND SPEED     4.3


SKY COVER
  POSSIBLE SUNSHINE  MM
  AVERAGE SKY COVER 0.2


WEATHER CONDITIONS
 THE FOLLOWING WEATHER WAS RECORDED YESTERDAY.
  FOG


RELATIVE HUMIDITY (PERCENT)
 HIGHEST   100          1000 PM
 LOWEST     68          1200 PM
 AVERAGE    84

..........................................................


THE LAFAYETTE CLIMATE NORMALS FOR TODAY
                         NORMAL    RECORD    YEAR
 MAXIMUM TEMPERATURE (F)   92       101      1893
 MINIMUM TEMPERATURE (F)   75        66      1911


SUNRISE AND SUNSET
JULY 26 2017..........SUNRISE   623 AM CDT   SUNSET   805 PM CDT
JULY 27 2017..........SUNRISE   624 AM CDT   SUNSET   805 PM CDT


-  INDICATES NEGATIVE NUMBERS.
R  INDICATES RECORD WAS SET OR TIED.
MM INDICATES DATA IS MISSING.
T  INDICATES TRACE AMOUNT.




$$
