000
CDUS44 KLCH 022347
CLILFT


CLIMATE REPORT
NATIONAL WEATHER SERVICE LAKE CHARLES, LA
646 PM CDT TUE JUN 2 2015


...................................

...THE LAFAYETTE CLIMATE SUMMARY FOR JUNE 2 2015...
VALID TODAY AS OF 0500 PM LOCAL TIME.

CLIMATE NORMAL PERIOD 1981 TO 2010
CLIMATE RECORD PERIOD 1893 TO 2015


WEATHER ITEM   OBSERVED TIME   RECORD YEAR NORMAL DEPARTURE LAST
                VALUE   (LST)  VALUE       VALUE  FROM      YEAR
                                                  NORMAL
..................................................................
TEMPERATURE (F)
 TODAY
  MAXIMUM         88    359 PM 101    2011  89     -1       86
  MINIMUM         68    548 AM  54    1903  71     -3       72
  AVERAGE         78                        80     -2       79

PRECIPITATION (IN)
  TODAY            0.00          1.50 1909   0.20  -0.20     0.28
  MONTH TO DATE    0.00                      0.40  -0.40     0.97
  SINCE JUN 1      0.00                      0.40  -0.40     0.97
  SINCE JAN 1     30.60                     23.02   7.58    24.01

DEGREE DAYS
 COOLING
  TODAY           13                        15     -2       14
  MONTH TO DATE   26                        30     -4       29
  SINCE JUN 1     26                        30     -4       29
  SINCE JAN 1    718                       644     74      498
..................................................................


WIND (MPH)
  HIGHEST WIND SPEED     9   HIGHEST WIND DIRECTION     N (360)
  HIGHEST GUST SPEED    12   HIGHEST GUST DIRECTION    NE (60)
  AVERAGE WIND SPEED     2.3


SKY COVER
  POSSIBLE SUNSHINE  MM
  AVERAGE SKY COVER 0.1


WEATHER CONDITIONS
 THE FOLLOWING WEATHER WAS RECORDED TODAY.
  NO SIGNIFICANT WEATHER WAS OBSERVED.


RELATIVE HUMIDITY (PERCENT)
 HIGHEST    90           200 AM
 LOWEST     43           400 PM
 AVERAGE    67

..........................................................


THE LAFAYETTE CLIMATE NORMALS FOR TOMORROW
                         NORMAL    RECORD    YEAR
 MAXIMUM TEMPERATURE (F)   90        97      1911
 MINIMUM TEMPERATURE (F)   71        51      1903


SUNRISE AND SUNSET
JUNE  2 2015..........SUNRISE   607 AM CDT   SUNSET   805 PM CDT
JUNE  3 2015..........SUNRISE   607 AM CDT   SUNSET   806 PM CDT


-  INDICATES NEGATIVE NUMBERS.
R  INDICATES RECORD WAS SET OR TIED.
MM INDICATES DATA IS MISSING.
T  INDICATES TRACE AMOUNT.




$$
