000
CDUS44 KLCH 160920
CLILFT


CLIMATE REPORT
NATIONAL WEATHER SERVICE LAKE CHARLES, LA
319 AM CST TUE JAN 16 2018


...................................

...THE LAFAYETTE CLIMATE SUMMARY FOR JANUARY 15 2018...

CLIMATE NORMAL PERIOD 1981 TO 2010
CLIMATE RECORD PERIOD 1893 TO 2018


WEATHER ITEM   OBSERVED TIME   RECORD YEAR NORMAL DEPARTURE LAST
                VALUE   (LST)  VALUE       VALUE  FROM      YEAR
                                                  NORMAL
..................................................................
TEMPERATURE (F)
 YESTERDAY
  MAXIMUM         61    301 PM  82    1932  62     -1       76
                                      1928
  MINIMUM         28    705 AM  23    1964  43    -15       62
  AVERAGE         45                        52     -7       69

PRECIPITATION (IN)
  YESTERDAY        0.00          2.51 1955   0.18  -0.18     0.00
  MONTH TO DATE    1.36                      2.75  -1.39     0.99
  SINCE DEC 1      7.65                      8.33  -0.68    10.08
  SINCE JAN 1      1.36                      2.75  -1.39     0.99

SNOWFALL (IN)
  YESTERDAY        0.0           0.0    MM   0.0    0.0      0.0
  MONTH TO DATE    T                         0.0    0.0      0.0
  SINCE DEC 1      1.7                       0.0    1.7      0.0
  SINCE JUL 1      1.7                       0.0    1.7      0.0
  SNOW DEPTH       0

DEGREE DAYS
 HEATING
  YESTERDAY       20                        13      7        0
  MONTH TO DATE  308                       195    113      123
  SINCE DEC 1    678                       550    128      358
  SINCE JUL 1    845                       749     96      444
..................................................................


WIND (MPH)
  HIGHEST WIND SPEED     9   HIGHEST WIND DIRECTION     S (200)
  HIGHEST GUST SPEED    11   HIGHEST GUST DIRECTION     S (200)
  AVERAGE WIND SPEED     0.7


SKY COVER
  POSSIBLE SUNSHINE  MM
  AVERAGE SKY COVER 0.0


WEATHER CONDITIONS
 THE FOLLOWING WEATHER WAS RECORDED YESTERDAY.
  NO SIGNIFICANT WEATHER WAS OBSERVED.


RELATIVE HUMIDITY (PERCENT)
 HIGHEST   100           300 AM
 LOWEST     32           300 PM
 AVERAGE    66

..........................................................


THE LAFAYETTE CLIMATE NORMALS FOR TODAY
                         NORMAL    RECORD    YEAR
 MAXIMUM TEMPERATURE (F)   62        80      1914
 MINIMUM TEMPERATURE (F)   43        20      1905


SUNRISE AND SUNSET
JANUARY 16 2018.......SUNRISE   705 AM CST   SUNSET   531 PM CST
JANUARY 17 2018.......SUNRISE   705 AM CST   SUNSET   532 PM CST


-  INDICATES NEGATIVE NUMBERS.
R  INDICATES RECORD WAS SET OR TIED.
MM INDICATES DATA IS MISSING.
T  INDICATES TRACE AMOUNT.




$$
