000
CDUS44 KLCH 180835
CLILFT


CLIMATE REPORT
NATIONAL WEATHER SERVICE LAKE CHARLES, LA
235 AM CST SAT NOV 18 2017


...................................

...THE LAFAYETTE CLIMATE SUMMARY FOR NOVEMBER 17 2017...

CLIMATE NORMAL PERIOD 1981 TO 2010
CLIMATE RECORD PERIOD 1893 TO 2017


WEATHER ITEM   OBSERVED TIME   RECORD YEAR NORMAL DEPARTURE LAST
                VALUE   (LST)  VALUE       VALUE  FROM      YEAR
                                                  NORMAL
..................................................................
TEMPERATURE (F)
 YESTERDAY
  MAXIMUM         72    632 PM  90    1914  72      0       82
                                      1913
  MINIMUM         58    715 AM  25    1920  51      7       50
  AVERAGE         65                        61      4       66

PRECIPITATION (IN)
  YESTERDAY        0.00          2.01 2015   0.12  -0.12     0.00
  MONTH TO DATE    5.63                      2.48   3.15     0.39
  SINCE SEP 1      9.64                     12.43  -2.79     4.37
  SINCE JAN 1     62.48                     53.05   9.43    69.46

SNOWFALL (IN)
  YESTERDAY        0.0           T    1936   0.0    0.0      0.0
  MONTH TO DATE    0.0                       0.0    0.0      0.0
  SINCE SEP 1      0.0                       0.0    0.0      0.0
  SINCE JUL 1      0.0                       0.0    0.0      0.0
  SNOW DEPTH       0

DEGREE DAYS
 HEATING
  YESTERDAY        0                         6     -6        0
  MONTH TO DATE   23                        70    -47       19
  SINCE SEP 1     65                       106    -41       26
  SINCE JUL 1     65                       106    -41       26
..................................................................


WIND (MPH)
  HIGHEST WIND SPEED    15   HIGHEST WIND DIRECTION     S (190)
  HIGHEST GUST SPEED    23   HIGHEST GUST DIRECTION     S (200)
  AVERAGE WIND SPEED     5.2


SKY COVER
  POSSIBLE SUNSHINE  MM
  AVERAGE SKY COVER 0.2


WEATHER CONDITIONS
 THE FOLLOWING WEATHER WAS RECORDED YESTERDAY.
  FOG
  FOG W/VISIBILITY <= 1/4 MILE


RELATIVE HUMIDITY (PERCENT)
 HIGHEST   100          1200 AM
 LOWEST     73           900 AM
 AVERAGE    87

..........................................................


THE LAFAYETTE CLIMATE NORMALS FOR TODAY
                         NORMAL    RECORD    YEAR
 MAXIMUM TEMPERATURE (F)   72        90      1914
                                             1913
 MINIMUM TEMPERATURE (F)   50        25      1959


SUNRISE AND SUNSET
NOVEMBER 18 2017......SUNRISE   636 AM CST   SUNSET   510 PM CST
NOVEMBER 19 2017......SUNRISE   637 AM CST   SUNSET   510 PM CST


-  INDICATES NEGATIVE NUMBERS.
R  INDICATES RECORD WAS SET OR TIED.
MM INDICATES DATA IS MISSING.
T  INDICATES TRACE AMOUNT.




$$
