000
CDUS44 KLCH 280827
CLILFT


CLIMATE REPORT
NATIONAL WEATHER SERVICE LAKE CHARLES, LA
327 AM CDT TUE JUL 28 2015


...................................

...THE LAFAYETTE CLIMATE SUMMARY FOR JULY 27 2015...

CLIMATE NORMAL PERIOD 1981 TO 2010
CLIMATE RECORD PERIOD 1893 TO 2015


WEATHER ITEM   OBSERVED TIME   RECORD YEAR NORMAL DEPARTURE LAST
                VALUE   (LST)  VALUE       VALUE  FROM      YEAR
                                                  NORMAL
..................................................................
TEMPERATURE (F)
 YESTERDAY
  MAXIMUM         96    207 PM 100    1930  92      4       94
  MINIMUM         76    544 AM  66    1924  75      1       77
  AVERAGE         86                        84      2       86

PRECIPITATION (IN)
  YESTERDAY        0.00          3.17 1904   0.17  -0.17     0.00
  MONTH TO DATE    1.94                      5.61  -3.67     5.98
  SINCE JUN 1      9.55                     12.69  -3.14    14.57
  SINCE JAN 1     40.15                     35.31   4.84    37.61

DEGREE DAYS
 COOLING
  YESTERDAY       21                        19      2       21
  MONTH TO DATE  549                       497     52      459
  SINCE JUN 1   1051                       995     56      966
  SINCE JAN 1   1743                      1609    134     1435
..................................................................


WIND (MPH)
  HIGHEST WIND SPEED    15   HIGHEST WIND DIRECTION    SW (230)
  HIGHEST GUST SPEED    19   HIGHEST GUST DIRECTION    SW (230)
  AVERAGE WIND SPEED     3.4


SKY COVER
  POSSIBLE SUNSHINE  MM
  AVERAGE SKY COVER 0.2


WEATHER CONDITIONS
 THE FOLLOWING WEATHER WAS RECORDED YESTERDAY.
  NO SIGNIFICANT WEATHER WAS OBSERVED.


RELATIVE HUMIDITY (PERCENT)
 HIGHEST    91          1200 AM
 LOWEST     46           200 PM
 AVERAGE    69

..........................................................


THE LAFAYETTE CLIMATE NORMALS FOR TODAY
                         NORMAL    RECORD    YEAR
 MAXIMUM TEMPERATURE (F)   93       100      1960
                                             1925
 MINIMUM TEMPERATURE (F)   75        67      1911
                                             1897


SUNRISE AND SUNSET
JULY 28 2015..........SUNRISE   624 AM CDT   SUNSET   805 PM CDT
JULY 29 2015..........SUNRISE   625 AM CDT   SUNSET   804 PM CDT


-  INDICATES NEGATIVE NUMBERS.
R  INDICATES RECORD WAS SET OR TIED.
MM INDICATES DATA IS MISSING.
T  INDICATES TRACE AMOUNT.




$$
