000
CDUS44 KLCH 301245
CLILFT


CLIMATE REPORT
NATIONAL WEATHER SERVICE LAKE CHARLES, LA
745 AM CDT MON MAY 30 2016


...................................

...THE LAFAYETTE CLIMATE SUMMARY FOR MAY 29 2016...

CLIMATE NORMAL PERIOD 1981 TO 2010
CLIMATE RECORD PERIOD 1893 TO 2016


WEATHER ITEM   OBSERVED TIME   RECORD YEAR NORMAL DEPARTURE LAST
                VALUE   (LST)  VALUE       VALUE  FROM      YEAR
                                                  NORMAL
..................................................................
TEMPERATURE (F)
 YESTERDAY
  MAXIMUM         89    341 PM  98    1896  89      0       88
  MINIMUM         69    536 AM  54    1934  70     -1       74
  AVERAGE         79                        79      0       81

PRECIPITATION (IN)
  YESTERDAY        0.00          2.42 1949   0.18  -0.18     0.00
  MONTH TO DATE    6.71                      4.43   2.28     5.51
  SINCE MAR 1     19.26                     12.15   7.11    20.55
  SINCE JAN 1     28.39                     22.27   6.12    27.65

DEGREE DAYS
 COOLING
  YESTERDAY       14                        14      0       16
  MONTH TO DATE  309                       331    -22      353
  SINCE MAR 1    611                       553     58      659
  SINCE JAN 1    621                       585     36      664
..................................................................


WIND (MPH)
  HIGHEST WIND SPEED    12   HIGHEST WIND DIRECTION    NE (30)
  HIGHEST GUST SPEED    14   HIGHEST GUST DIRECTION    NE (30)
  AVERAGE WIND SPEED     2.8


SKY COVER
  POSSIBLE SUNSHINE  MM
  AVERAGE SKY COVER 0.2


WEATHER CONDITIONS
 THE FOLLOWING WEATHER WAS RECORDED YESTERDAY.
  FOG


RELATIVE HUMIDITY (PERCENT)
 HIGHEST    97           400 AM
 LOWEST     50           400 PM
 AVERAGE    74

..........................................................


THE LAFAYETTE CLIMATE NORMALS FOR TODAY
                         NORMAL    RECORD    YEAR
 MAXIMUM TEMPERATURE (F)   89        98      1998
 MINIMUM TEMPERATURE (F)   70        52      1984


SUNRISE AND SUNSET
MAY 30 2016...........SUNRISE   607 AM CDT   SUNSET   804 PM CDT
MAY 31 2016...........SUNRISE   607 AM CDT   SUNSET   805 PM CDT


-  INDICATES NEGATIVE NUMBERS.
R  INDICATES RECORD WAS SET OR TIED.
MM INDICATES DATA IS MISSING.
T  INDICATES TRACE AMOUNT.




$$
