000
CDUS44 KLCH 222230
CLILFT


CLIMATE REPORT
NATIONAL WEATHER SERVICE LAKE CHARLES, LA
429 PM CST WED FEB 22 2017


...................................

...THE LAFAYETTE CLIMATE SUMMARY FOR FEBRUARY 22 2017...
VALID TODAY AS OF 0400 PM LOCAL TIME.

CLIMATE NORMAL PERIOD 1981 TO 2010
CLIMATE RECORD PERIOD 1893 TO 2017


WEATHER ITEM   OBSERVED TIME   RECORD YEAR NORMAL DEPARTURE LAST
                VALUE   (LST)  VALUE       VALUE  FROM      YEAR
                                                  NORMAL
..................................................................
TEMPERATURE (F)
 TODAY
  MAXIMUM         76    359 PM  84    1898  67      9       70
  MINIMUM         61   1243 AM  26    1978  48     13       61
  AVERAGE         69                        57     12       66

PRECIPITATION (IN)
  TODAY            0.00          2.77 1952   0.16  -0.16     0.36
  MONTH TO DATE    0.12                      3.59  -3.47     3.78
  SINCE DEC 1     12.58                     14.84  -2.26    12.31
  SINCE JAN 1      3.49                      9.26  -5.77     8.45

SNOWFALL (IN)
  TODAY            0.0           T    1973   0.0    0.0      0.0
                                      1963
  MONTH TO DATE    0.0                       0.0    0.0      0.0
  SINCE DEC 1      0.0                       0.0    0.0      0.0
  SINCE JUL 1      0.0                       0.0    0.0      0.0
  SNOW DEPTH       0

DEGREE DAYS
 HEATING
  TODAY            0                         8     -8        0
  MONTH TO DATE   59                       229   -170      175
  SINCE DEC 1    483                       986   -503      768
  SINCE JUL 1    569                      1185   -616      856
..................................................................


WIND (MPH)
  HIGHEST WIND SPEED    12   HIGHEST WIND DIRECTION    NE (30)
  HIGHEST GUST SPEED    17   HIGHEST GUST DIRECTION     N (360)
  AVERAGE WIND SPEED     6.7


SKY COVER
  POSSIBLE SUNSHINE  MM
  AVERAGE SKY COVER 0.8


WEATHER CONDITIONS
 THE FOLLOWING WEATHER WAS RECORDED TODAY.
  FOG


RELATIVE HUMIDITY (PERCENT)
 HIGHEST    93           700 AM
 LOWEST     50           400 PM
 AVERAGE    72

..........................................................


THE LAFAYETTE CLIMATE NORMALS FOR TOMORROW
                         NORMAL    RECORD    YEAR
 MAXIMUM TEMPERATURE (F)   67        87      1910
 MINIMUM TEMPERATURE (F)   48        25      1911


SUNRISE AND SUNSET
FEBRUARY 22 2017......SUNRISE   641 AM CST   SUNSET   602 PM CST
FEBRUARY 23 2017......SUNRISE   640 AM CST   SUNSET   603 PM CST


-  INDICATES NEGATIVE NUMBERS.
R  INDICATES RECORD WAS SET OR TIED.
MM INDICATES DATA IS MISSING.
T  INDICATES TRACE AMOUNT.




$$
