000
CDUS44 KLCH 230827
CLILFT


CLIMATE REPORT
NATIONAL WEATHER SERVICE LAKE CHARLES, LA
326 AM CDT TUE SEP 23 2014


...................................

...THE LAFAYETTE CLIMATE SUMMARY FOR SEPTEMBER 22 2014...

CLIMATE NORMAL PERIOD 1981 TO 2010
CLIMATE RECORD PERIOD 1893 TO 2014


WEATHER ITEM   OBSERVED TIME   RECORD YEAR NORMAL DEPARTURE LAST
                VALUE   (LST)  VALUE       VALUE  FROM      YEAR
                                                  NORMAL
..................................................................
TEMPERATURE (F)
 YESTERDAY
  MAXIMUM         90    248 PM  97    1934  87      3       80
                                      1893
  MINIMUM         65   1159 PM  45    1918  68     -3       67
                                      1897
  AVERAGE         78                        78      0       74

PRECIPITATION (IN)
  YESTERDAY        0.00          1.47 1946   0.14  -0.14     0.00
  MONTH TO DATE    5.21                      3.52   1.69     3.27
  SINCE SEP 1      5.21                      3.52   1.69     3.27
  SINCE JAN 1     51.30                     44.14   7.16    46.15

DEGREE DAYS
 HEATING
  YESTERDAY        0                         0      0        0
  MONTH TO DATE    0                         0      0        0
  SINCE SEP 1      0                         0      0        0
  SINCE JUL 1      0                         0      0        0

 COOLING
  YESTERDAY       13                        13      0        9
  MONTH TO DATE  341                       337      4      389
  SINCE SEP 1    341                       337      4      389
  SINCE JAN 1   2398                      2598   -200     2491
..................................................................


WIND (MPH)
  HIGHEST WIND SPEED    21   HIGHEST WIND DIRECTION     N (20)
  HIGHEST GUST SPEED    25   HIGHEST GUST DIRECTION     N (20)
  AVERAGE WIND SPEED     7.3


SKY COVER
  POSSIBLE SUNSHINE  MM
  AVERAGE SKY COVER 0.1


WEATHER CONDITIONS
 THE FOLLOWING WEATHER WAS RECORDED YESTERDAY.
  FOG


RELATIVE HUMIDITY (PERCENT)
 HIGHEST   100           300 AM
 LOWEST     48           500 PM
 AVERAGE    74

..........................................................


THE LAFAYETTE CLIMATE NORMALS FOR TODAY
                         NORMAL    RECORD    YEAR
 MAXIMUM TEMPERATURE (F)   87        98      1921
                                             1893
 MINIMUM TEMPERATURE (F)   68        45      1918


SUNRISE AND SUNSET
SEPTEMBER 23 2014.....SUNRISE   657 AM CDT   SUNSET   703 PM CDT
SEPTEMBER 24 2014.....SUNRISE   657 AM CDT   SUNSET   702 PM CDT


-  INDICATES NEGATIVE NUMBERS.
R  INDICATES RECORD WAS SET OR TIED.
MM INDICATES DATA IS MISSING.
T  INDICATES TRACE AMOUNT.




$$
