000
CDUS41 KOKX 020620
CLILGA


CLIMATE REPORT
NATIONAL WEATHER SERVICE NEW YORK NY
219 AM EDT MON MAY 2 2016


...................................

...THE LAGUARDIA NY CLIMATE SUMMARY FOR MAY 1 2016...

CLIMATE NORMAL PERIOD 1981 TO 2010
CLIMATE RECORD PERIOD 1945 TO 2016


WEATHER ITEM   OBSERVED TIME   RECORD YEAR NORMAL DEPARTURE LAST
                VALUE   (LST)  VALUE       VALUE  FROM      YEAR
                                                  NORMAL
..................................................................
TEMPERATURE (F)
 YESTERDAY
  MAXIMUM         52    226 PM  85    2001  67    -15       59
  MINIMUM         45    942 PM  38    1978  49     -4       48
  AVERAGE         49                        58     -9       54

PRECIPITATION (IN)
  YESTERDAY        0.15          2.18 1976   0.10   0.05     0.00
  MONTH TO DATE    0.15                      0.10   0.05     0.00
  SINCE MAR 1      3.07                      8.07  -5.00     6.36
  SINCE JAN 1     11.60                     14.00  -2.40    13.44

SNOWFALL (IN)
  YESTERDAY        0.0          MM      MM   0.0    0.0      0.0
  MONTH TO DATE    0.0                       0.0    0.0      0.0
  SINCE OCT 1     36.2                      26.9    9.3     53.8
  SINCE JUL 1     36.2                      26.9    9.3     53.8
  SNOW DEPTH       0

DEGREE DAYS
 HEATING
  YESTERDAY       16                         8      8       11
  MONTH TO DATE   16                         8      8       11
  SINCE MAR 1    865                      1093   -228     1189
  SINCE JUL 1   3527                      4522   -995     4911

 COOLING
  YESTERDAY        0                         1     -1        0
  MONTH TO DATE    0                         1     -1        0
  SINCE MAR 1     13                         9      4        2
  SINCE JAN 1     13                         9      4        2
..................................................................


WIND (MPH)
  HIGHEST WIND SPEED    17   HIGHEST WIND DIRECTION    NE (60)
  HIGHEST GUST SPEED    23   HIGHEST GUST DIRECTION    NE (60)
  AVERAGE WIND SPEED     9.1


SKY COVER
  AVERAGE SKY COVER 1.0


WEATHER CONDITIONS
 THE FOLLOWING WEATHER WAS RECORDED YESTERDAY.
  LIGHT RAIN
  FOG
  HAZE


RELATIVE HUMIDITY (PERCENT)
 HIGHEST    93          1100 PM
 LOWEST     50           200 AM
 AVERAGE    72

..........................................................


THE LAGUARDIA NY CLIMATE NORMALS FOR TODAY
                         NORMAL    RECORD    YEAR
 MAXIMUM TEMPERATURE (F)   67        90      2010
                                             2001
 MINIMUM TEMPERATURE (F)   50        40      1978
                                             1963
                                             1941


SUNRISE AND SUNSET
MAY  2 2016...........SUNRISE   552 AM EDT   SUNSET   753 PM EDT
MAY  3 2016...........SUNRISE   551 AM EDT   SUNSET   754 PM EDT


-  INDICATES NEGATIVE NUMBERS.
R  INDICATES RECORD WAS SET OR TIED.
MM INDICATES DATA IS MISSING.
T  INDICATES TRACE AMOUNT.




$$
