427
CDUS41 KOKX 060621
CLILGA


CLIMATE REPORT
NATIONAL WEATHER SERVICE NEW YORK NY
120 AM EST SAT FEB 6 2016


...................................

...THE LAGUARDIA NY CLIMATE SUMMARY FOR FEBRUARY 5 2016...

CLIMATE NORMAL PERIOD 1981 TO 2010
CLIMATE RECORD PERIOD 1945 TO 2016


WEATHER ITEM   OBSERVED TIME   RECORD YEAR NORMAL DEPARTURE LAST
                VALUE   (LST)  VALUE       VALUE  FROM      YEAR
                                                  NORMAL
..................................................................
TEMPERATURE (F)
 YESTERDAY
  MAXIMUM         44   1225 AM  70    1991  40      4       40
  MINIMUM         32    914 AM   6    1995  27      5       14
  AVERAGE         38                        34      4       27

PRECIPITATION (IN)
  YESTERDAY        0.35          1.18 2014   0.09   0.26      T
  MONTH TO DATE    1.05                      0.48   0.57     1.12
  SINCE DEC 1      9.55                      7.21   2.34    12.30
  SINCE JAN 1      5.22                      3.65   1.57     6.10

SNOWFALL (IN)
  YESTERDAY        2.4           3.7  2001   0.3    2.1       T
  MONTH TO DATE    2.4                       1.6    0.8      6.5
  SINCE OCT 1     31.2                      14.5   16.7     27.9
  SINCE JUL 1     31.2                      14.5   16.7     27.9
  SNOW DEPTH       1

DEGREE DAYS
 HEATING
  YESTERDAY       27                        31     -4       38
  MONTH TO DATE   90                       157    -67      193
  SINCE DEC 1   1425                      1981   -556     2025
  SINCE JUL 1   1987                      2756   -769     2779

 COOLING
  YESTERDAY        0                         0      0        0
  MONTH TO DATE    0                         0      0        0
  SINCE DEC 1      1                         0      1        0
  SINCE JAN 1      0                         0      0        0
..................................................................


WIND (MPH)
  HIGHEST WIND SPEED    28   HIGHEST WIND DIRECTION    NW (320)
  HIGHEST GUST SPEED    38   HIGHEST GUST DIRECTION     N (350)
  AVERAGE WIND SPEED    16.9


SKY COVER
  AVERAGE SKY COVER 0.5


WEATHER CONDITIONS
 THE FOLLOWING WEATHER WAS RECORDED YESTERDAY.
  RAIN
  LIGHT RAIN
  SNOW
  LIGHT SNOW
  SLEET
  FOG


RELATIVE HUMIDITY (PERCENT)
 HIGHEST    89           500 AM
 LOWEST     40           500 PM
 AVERAGE    65

..........................................................


THE LAGUARDIA NY CLIMATE NORMALS FOR TODAY
                         NORMAL    RECORD    YEAR
 MAXIMUM TEMPERATURE (F)   41        69      2008
 MINIMUM TEMPERATURE (F)   27         4      1995


SUNRISE AND SUNSET
FEBRUARY  6 2016......SUNRISE   701 AM EST   SUNSET   519 PM EST
FEBRUARY  7 2016......SUNRISE   700 AM EST   SUNSET   520 PM EST


-  INDICATES NEGATIVE NUMBERS.
R  INDICATES RECORD WAS SET OR TIED.
MM INDICATES DATA IS MISSING.
T  INDICATES TRACE AMOUNT.




$$
