000
CDUS41 KOKX 300617
CLILGA


CLIMATE REPORT
NATIONAL WEATHER SERVICE NEW YORK NY
216 AM EDT SAT MAY 30 2015


...................................

...THE LAGUARDIA NY CLIMATE SUMMARY FOR MAY 29 2015...

CLIMATE NORMAL PERIOD 1981 TO 2010
CLIMATE RECORD PERIOD 1945 TO 2015


WEATHER ITEM   OBSERVED TIME   RECORD YEAR NORMAL DEPARTURE LAST
                VALUE   (LST)  VALUE       VALUE  FROM      YEAR
                                                  NORMAL
..................................................................
TEMPERATURE (F)
 YESTERDAY
  MAXIMUM         82    320 PM  95    1987  75      7       63
  MINIMUM         64    540 AM  48    1946  58      6       51
  AVERAGE         73                        67      6       57

PRECIPITATION (IN)
  YESTERDAY        0.00          2.41 1968   0.14  -0.14     0.00
  MONTH TO DATE    0.33                      3.51  -3.18     4.66
  SINCE MAR 1      6.69                     11.48  -4.79    16.55
  SINCE JAN 1     13.77                     17.41  -3.64    23.84

SNOWFALL (IN)
  YESTERDAY        0.0           T    2001   0.0    0.0      0.0
  MONTH TO DATE    0.0                       0.0    0.0      0.0
  SINCE OCT 1     53.8                      26.9   26.9     52.4
  SINCE JUL 1     53.8                      26.9   26.9     52.4
  SNOW DEPTH       0

DEGREE DAYS
 HEATING
  YESTERDAY        0                         2     -2        8
  MONTH TO DATE   50                       131    -81       87
  SINCE MAR 1   1228                      1216     12     1358
  SINCE JUL 1   4950                      4645    305     5015

 COOLING
  YESTERDAY        8                         4      4        0
  MONTH TO DATE  103                        52     51       49
  SINCE MAR 1    105                        60     45       49
  SINCE JAN 1    105                        60     45       49
..................................................................


WIND (MPH)
  HIGHEST WIND SPEED    14   HIGHEST WIND DIRECTION     S (190)
  HIGHEST GUST SPEED    18   HIGHEST GUST DIRECTION     S (160)
  AVERAGE WIND SPEED     7.9


SKY COVER
  AVERAGE SKY COVER 0.4


WEATHER CONDITIONS
 THE FOLLOWING WEATHER WAS RECORDED YESTERDAY.
  NO SIGNIFICANT WEATHER WAS OBSERVED.


RELATIVE HUMIDITY (PERCENT)
 HIGHEST    81          1100 PM
 LOWEST     39           100 PM
 AVERAGE    60

..........................................................


THE LAGUARDIA NY CLIMATE NORMALS FOR TODAY
                         NORMAL    RECORD    YEAR
 MAXIMUM TEMPERATURE (F)   76        96      1987
 MINIMUM TEMPERATURE (F)   58        48      1949


SUNRISE AND SUNSET
MAY 30 2015...........SUNRISE   528 AM EDT   SUNSET   819 PM EDT
MAY 31 2015...........SUNRISE   527 AM EDT   SUNSET   820 PM EDT


-  INDICATES NEGATIVE NUMBERS.
R  INDICATES RECORD WAS SET OR TIED.
MM INDICATES DATA IS MISSING.
T  INDICATES TRACE AMOUNT.




$$
