000
CDUS41 KOKX 302042
CLILGA


CLIMATE REPORT
NATIONAL WEATHER SERVICE NEW YORK NY
442 PM EDT THU MAR 30 2017


...................................

...THE LAGUARDIA NY CLIMATE SUMMARY FOR MARCH 30 2017...
VALID TODAY AS OF 0400 PM LOCAL TIME.

CLIMATE NORMAL PERIOD 1981 TO 2010
CLIMATE RECORD PERIOD 1939 TO 2017


WEATHER ITEM   OBSERVED TIME   RECORD YEAR NORMAL DEPARTURE LAST
                VALUE   (LST)  VALUE       VALUE  FROM      YEAR
                                                  NORMAL
..................................................................
TEMPERATURE (F)
 TODAY
  MAXIMUM         53    238 PM  79    1998  55     -2       53
  MINIMUM         41    605 AM  23    1970  39      2       39
  AVERAGE         47                        47      0       46

PRECIPITATION (IN)
  TODAY            0.00          2.65 1951   0.13  -0.13     0.00
  MONTH TO DATE    2.59                      3.83  -1.24     1.26
  SINCE MAR 1      2.59                      3.83  -1.24     1.26
  SINCE JAN 1      8.59                      9.76  -1.17     9.79

SNOWFALL (IN)
  TODAY            0.0           T    2015   0.0    0.0      0.0
                                      2003
  MONTH TO DATE    9.8                       4.3    5.5      1.8
  SINCE OCT 1     33.2                      26.3    6.9     36.2
  SINCE JUL 1     33.2                      26.3    6.9     36.2
  SNOW DEPTH       0

DEGREE DAYS
 HEATING
  TODAY           18                        18      0       19
  MONTH TO DATE  713                       688     25      490
  SINCE MAR 1    713                       688     25      490
  SINCE JUL 1   3400                      4117   -717     3152

 COOLING
  TODAY            0                         0      0        0
  MONTH TO DATE    0                         0      0        5
  SINCE MAR 1      0                         0      0        5
  SINCE JAN 1      0                         0      0        5
..................................................................


WIND (MPH)
  HIGHEST WIND SPEED    16   HIGHEST WIND DIRECTION    NE (40)
  HIGHEST GUST SPEED    20   HIGHEST GUST DIRECTION     N (20)
  AVERAGE WIND SPEED     7.9


SKY COVER
  AVERAGE SKY COVER 0.3


WEATHER CONDITIONS
 THE FOLLOWING WEATHER WAS RECORDED TODAY.
  NO SIGNIFICANT WEATHER WAS OBSERVED.


RELATIVE HUMIDITY (PERCENT)
 HIGHEST    46           500 AM
 LOWEST     30           300 PM
 AVERAGE    38

..........................................................


THE LAGUARDIA NY CLIMATE NORMALS FOR TOMORROW
                         NORMAL    RECORD    YEAR
 MAXIMUM TEMPERATURE (F)   55        82      1998
 MINIMUM TEMPERATURE (F)   39        24      1964


SUNRISE AND SUNSET
MARCH 30 2017.........SUNRISE   642 AM EDT   SUNSET   719 PM EDT
MARCH 31 2017.........SUNRISE   640 AM EDT   SUNSET   720 PM EDT


-  INDICATES NEGATIVE NUMBERS.
R  INDICATES RECORD WAS SET OR TIED.
MM INDICATES DATA IS MISSING.
T  INDICATES TRACE AMOUNT.




$$
