000
CDUS46 KLOX 260112
CLILGB


CLIMATE REPORT
NATIONAL WEATHER SERVICE LOS ANGELES/OXNARD CA
511 PM PST TUE NOV 25 2014


...................................

...THE LONG BEACH AIRPORT CA CLIMATE SUMMARY FOR NOVEMBER 25 2014...
VALID TODAY AS OF 0500 PM LOCAL TIME.

CLIMATE NORMAL PERIOD 1981 TO 2010
CLIMATE RECORD PERIOD 1958 TO 2014


WEATHER ITEM   OBSERVED TIME   RECORD YEAR NORMAL DEPARTURE LAST
                VALUE   (LST)  VALUE       VALUE  FROM      YEAR
                                                  NORMAL
..................................................................
TEMPERATURE (F)
 TODAY
  MAXIMUM         82    251 PM  97    1977  70     12       74
  MINIMUM         51    433 AM  38    1973  48      3       47
  AVERAGE         67                        59      8       61

PRECIPITATION (IN)
  TODAY            0.00          1.09 1985   0.05  -0.05     0.00
  MONTH TO DATE    0.16                      0.78  -0.62     0.37
  SINCE JUL 1      0.53                      1.65  -1.12     0.56
  SINCE JAN 1      3.72                     10.09  -6.37     3.43

SNOWFALL (IN)
  TODAY            0.0
  MONTH TO DATE    0.0
  SINCE SEP 1      0.0
  SINCE JUL 1      0.0

DEGREE DAYS
 HEATING
  TODAY            0                         6     -6        4
  MONTH TO DATE   29                        94    -65       54
  SINCE SEP 1     29                       115    -86       78
  SINCE JUL 1     29                       115    -86       78

 COOLING
  TODAY            2                         0      2        0
  MONTH TO DATE   40                        19     21       39
  SINCE SEP 1    622                       355    267      417
  SINCE JAN 1   1692                      1123    569     1227
..................................................................


WIND (MPH)
  HIGHEST WIND SPEED    13   HIGHEST WIND DIRECTION     W (290)
  HIGHEST GUST SPEED    15   HIGHEST GUST DIRECTION     W (290)
  AVERAGE WIND SPEED     4.3


SKY COVER
  POSSIBLE SUNSHINE  MM
  AVERAGE SKY COVER 0.0


WEATHER CONDITIONS
 THE FOLLOWING WEATHER WAS RECORDED TODAY.
  NO SIGNIFICANT WEATHER WAS OBSERVED.


RELATIVE HUMIDITY (PERCENT)
 HIGHEST    38           200 AM
 LOWEST      7           100 PM
 AVERAGE    23

..........................................................


THE LONG BEACH AIRPORT CA CLIMATE NORMALS FOR TOMORROW
                         NORMAL    RECORD    YEAR
 MAXIMUM TEMPERATURE (F)   70        87      1959
 MINIMUM TEMPERATURE (F)   48        38      1984


SUNRISE AND SUNSET
NOVEMBER 25 2014......SUNRISE   634 AM PST   SUNSET   445 PM PST
NOVEMBER 26 2014......SUNRISE   635 AM PST   SUNSET   445 PM PST


-  INDICATES NEGATIVE NUMBERS.
R  INDICATES RECORD WAS SET OR TIED.
MM INDICATES DATA IS MISSING.
T  INDICATES TRACE AMOUNT.




$$
