000
CDUS46 KLOX 010113
CLILGB


CLIMATE REPORT
NATIONAL WEATHER SERVICE LOS ANGELES/OXNARD CA
613 PM PDT SUN APR 30 2017


...................................

...THE LONG BEACH AIRPORT CA CLIMATE SUMMARY FOR APRIL 30 2017...
VALID TODAY AS OF 0600 PM LOCAL TIME.

CLIMATE NORMAL PERIOD 1981 TO 2010
CLIMATE RECORD PERIOD 1958 TO 2017


WEATHER ITEM   OBSERVED TIME   RECORD YEAR NORMAL DEPARTURE LAST
                VALUE   (LST)  VALUE       VALUE  FROM      YEAR
                                                  NORMAL
..................................................................
TEMPERATURE (F)
 TODAY
  MAXIMUM         86    220 PM  93    2014  73     13       71
  MINIMUM         57    511 AM  42    1967  55      2       55
  AVERAGE         72                        64      8       63

PRECIPITATION (IN)
  TODAY            0.00          0.12 1983   0.01  -0.01     0.03
  MONTH TO DATE    0.18                      0.60  -0.42     0.11
  SINCE OCT 1     19.58                     11.74   7.84     4.93
  SINCE JAN 1     14.38                      8.16   6.22     3.93

SNOWFALL (IN)
  TODAY            0.0
  MONTH TO DATE    0.0
  SINCE MAR 1      0.0
  SINCE JUL 1      0.0

DEGREE DAYS
 HEATING
  TODAY            0                         2     -2        2
  MONTH TO DATE   29                       106    -77       34
  SINCE MAR 1     99                       285   -186      134
  SINCE JUL 1    877                      1176   -299      777

 COOLING
  TODAY            7                         2      5        0
  MONTH TO DATE   64                        29     35       62
  SINCE MAR 1     90                        39     51       69
  SINCE JAN 1     91                        47     44      116
..................................................................


WIND (MPH)
  HIGHEST WIND SPEED    16   HIGHEST WIND DIRECTION    NW (310)
  HIGHEST GUST SPEED    20   HIGHEST GUST DIRECTION    NW (310)
  AVERAGE WIND SPEED     5.0


SKY COVER
  POSSIBLE SUNSHINE  MM
  AVERAGE SKY COVER 0.0


WEATHER CONDITIONS
 THE FOLLOWING WEATHER WAS RECORDED TODAY.
  NO SIGNIFICANT WEATHER WAS OBSERVED.


RELATIVE HUMIDITY (PERCENT)
 HIGHEST    51           500 AM
 LOWEST     12          1000 AM
 AVERAGE    32

..........................................................


THE LONG BEACH AIRPORT CA CLIMATE NORMALS FOR TOMORROW
                         NORMAL    RECORD    YEAR
 MAXIMUM TEMPERATURE (F)   73        94      2014
 MINIMUM TEMPERATURE (F)   56        42      1967


SUNRISE AND SUNSET
APRIL 30 2017.........SUNRISE   604 AM PDT   SUNSET   736 PM PDT
MAY  1 2017...........SUNRISE   603 AM PDT   SUNSET   736 PM PDT


-  INDICATES NEGATIVE NUMBERS.
R  INDICATES RECORD WAS SET OR TIED.
MM INDICATES DATA IS MISSING.
T  INDICATES TRACE AMOUNT.




$$
