000
CDUS46 KLOX 160912
CLILGB


CLIMATE REPORT
NATIONAL WEATHER SERVICE LOS ANGELES/OXNARD CA
111 AM PST SAT DEC 16 2017


...................................

...THE LONG BEACH AIRPORT CA CLIMATE SUMMARY FOR DECEMBER 15 2017...

CLIMATE NORMAL PERIOD 1981 TO 2010
CLIMATE RECORD PERIOD 1958 TO 2017


WEATHER ITEM   OBSERVED TIME   RECORD YEAR NORMAL DEPARTURE LAST
                VALUE   (LST)  VALUE       VALUE  FROM      YEAR
                                                  NORMAL
..................................................................
TEMPERATURE (F)
 YESTERDAY
  MAXIMUM         83   1244 PM  84    1998  66     17       64
                                      1980
  MINIMUM         49    241 AM  36    1972  46      3       53
  AVERAGE         66                        56     10       59

PRECIPITATION (IN)
  YESTERDAY        0.00          1.38 2008   0.06  -0.06     0.30
  MONTH TO DATE    0.00                      0.82  -0.82     0.30
  SINCE OCT 1      0.07                      2.45  -2.38     1.91
  SINCE JAN 1     14.97                     11.13   3.84     5.90

SNOWFALL (IN)
  YESTERDAY        0.0
  MONTH TO DATE    0.0
  SINCE DEC 1      0.0
  SINCE JUL 1      0.0

DEGREE DAYS
 HEATING
  YESTERDAY        0                         9     -9        6
  MONTH TO DATE   30                       126    -96       97
  SINCE DEC 1     30                       126    -96       97
  SINCE JUL 1     54                       275   -221      177

 COOLING
  YESTERDAY        1                         0      1        0
  MONTH TO DATE   16                         0     16        0
  SINCE DEC 1     16                         0     16        0
  SINCE JAN 1   1545                      1125    420     1446
..................................................................


WIND (MPH)
  HIGHEST WIND SPEED    10   HIGHEST WIND DIRECTION     W (290)
  HIGHEST GUST SPEED    13   HIGHEST GUST DIRECTION     S (190)
  AVERAGE WIND SPEED     3.5


SKY COVER
  POSSIBLE SUNSHINE  MM
  AVERAGE SKY COVER 0.0


WEATHER CONDITIONS
 THE FOLLOWING WEATHER WAS RECORDED YESTERDAY.
  NO SIGNIFICANT WEATHER WAS OBSERVED.


RELATIVE HUMIDITY (PERCENT)
 HIGHEST    51          1100 PM
 LOWEST      9          1200 PM
 AVERAGE    30

..........................................................


THE LONG BEACH AIRPORT CA CLIMATE NORMALS FOR TODAY
                         NORMAL    RECORD    YEAR
 MAXIMUM TEMPERATURE (F)   66        89      1980
 MINIMUM TEMPERATURE (F)   46        38      1979
                                             1978
                                             1975


SUNRISE AND SUNSET
DECEMBER 16 2017......SUNRISE   651 AM PST   SUNSET   446 PM PST
DECEMBER 17 2017......SUNRISE   652 AM PST   SUNSET   446 PM PST


-  INDICATES NEGATIVE NUMBERS.
R  INDICATES RECORD WAS SET OR TIED.
MM INDICATES DATA IS MISSING.
T  INDICATES TRACE AMOUNT.




$$
