000
CDUS46 KLOX 280910
CLILGB


CLIMATE REPORT
NATIONAL WEATHER SERVICE LOS ANGELES/OXNARD CA
210 AM PDT THU AUG 28 2014


...................................

...THE LONG BEACH AIRPORT CA CLIMATE SUMMARY FOR AUGUST 27 2014...

CLIMATE NORMAL PERIOD 1981 TO 2010
CLIMATE RECORD PERIOD 1958 TO 2014


WEATHER ITEM   OBSERVED TIME   RECORD YEAR NORMAL DEPARTURE LAST
                VALUE   (LST)  VALUE       VALUE  FROM      YEAR
                                                  NORMAL
..................................................................
TEMPERATURE (F)
 YESTERDAY
  MAXIMUM         95    144 PM 103    2009  84     11       89
  MINIMUM         67    438 AM  57    1975  65      2       68
  AVERAGE         81                        74      7       79

PRECIPITATION (IN)
  YESTERDAY        0.00          0.00   MM   0.00   0.00     0.00
  MONTH TO DATE    0.07                      0.03   0.04     0.00
  SINCE JUL 1      0.08                      0.06   0.02     0.07
  SINCE JAN 1      3.27                      8.50  -5.23     2.94

SNOWFALL (IN)
  YESTERDAY        0.0
  MONTH TO DATE    0.0
  SINCE JUN 1      0.0
  SINCE JUL 1      0.0

DEGREE DAYS
 HEATING
  YESTERDAY        0                         0      0        0
  MONTH TO DATE    0                         0      0        0
  SINCE JUN 1      0                         6     -6        0
  SINCE JUL 1      0                         0      0        0

 COOLING
  YESTERDAY       16                         9      7       14
  MONTH TO DATE  284                       243     41      188
  SINCE JUN 1    751                       618    133      592
  SINCE JAN 1   1020                       721    299      741
..................................................................


WIND (MPH)
  HIGHEST WIND SPEED    18   HIGHEST WIND DIRECTION    NW (300)
  HIGHEST GUST SPEED    21   HIGHEST GUST DIRECTION    NW (300)
  AVERAGE WIND SPEED     5.6


SKY COVER
  POSSIBLE SUNSHINE  MM
  AVERAGE SKY COVER 0.0


WEATHER CONDITIONS
 THE FOLLOWING WEATHER WAS RECORDED YESTERDAY.
  NO SIGNIFICANT WEATHER WAS OBSERVED.


RELATIVE HUMIDITY (PERCENT)
 HIGHEST    87           400 AM
 LOWEST     24           200 PM
 AVERAGE    56

..........................................................


THE LONG BEACH AIRPORT CA CLIMATE NORMALS FOR TODAY
                         NORMAL    RECORD    YEAR
 MAXIMUM TEMPERATURE (F)   84        96      2009
                                             1995
 MINIMUM TEMPERATURE (F)   65        57      1975


SUNRISE AND SUNSET
AUGUST 28 2014........SUNRISE   624 AM PDT   SUNSET   723 PM PDT
AUGUST 29 2014........SUNRISE   624 AM PDT   SUNSET   722 PM PDT


-  INDICATES NEGATIVE NUMBERS.
R  INDICATES RECORD WAS SET OR TIED.
MM INDICATES DATA IS MISSING.
T  INDICATES TRACE AMOUNT.




$$
