000
CDUS46 KLOX 240858
CLILGB


CLIMATE REPORT
NATIONAL WEATHER SERVICE LOS ANGELES/OXNARD CA
158 AM PDT SUN JUL 24 2016


...................................

...THE LONG BEACH AIRPORT CA CLIMATE SUMMARY FOR JULY 23 2016...

CLIMATE NORMAL PERIOD 1981 TO 2010
CLIMATE RECORD PERIOD 1958 TO 2016


WEATHER ITEM   OBSERVED TIME   RECORD YEAR NORMAL DEPARTURE LAST
                VALUE   (LST)  VALUE       VALUE  FROM      YEAR
                                                  NORMAL
..................................................................
TEMPERATURE (F)
 YESTERDAY
  MAXIMUM         88   1042 AM  94    1974  83      5       83
  MINIMUM         69    502 AM  58    1965  65      4       70
  AVERAGE         79                        74      5       77

PRECIPITATION (IN)
  YESTERDAY        0.00          0.18 1986   0.00   0.00     0.00
  MONTH TO DATE    0.00                      0.02  -0.02     0.54
  SINCE OCT 1      4.99                     12.04  -7.05     8.40
  SINCE JAN 1      3.99                      8.46  -4.47     3.14

SNOWFALL (IN)
  YESTERDAY        0.0
  MONTH TO DATE    0.0
  SINCE JUN 1      0.0
  SINCE JUL 1      0.0

DEGREE DAYS
 HEATING
  YESTERDAY        0                         0      0        0
  MONTH TO DATE    0                         0      0        0
  SINCE JUN 1      0                         6     -6        0
  SINCE JUL 1      0                         0      0        0

 COOLING
  YESTERDAY       14                         9      5       12
  MONTH TO DATE  217                       183     34      231
  SINCE JUN 1    394                       304     90      442
  SINCE JAN 1    531                       407    124      698
..................................................................


WIND (MPH)
  HIGHEST WIND SPEED    17   HIGHEST WIND DIRECTION     S (160)
  HIGHEST GUST SPEED    23   HIGHEST GUST DIRECTION    SE (150)
  AVERAGE WIND SPEED     5.7


SKY COVER
  POSSIBLE SUNSHINE  MM
  AVERAGE SKY COVER 0.1


WEATHER CONDITIONS
 THE FOLLOWING WEATHER WAS RECORDED YESTERDAY.
  NO SIGNIFICANT WEATHER WAS OBSERVED.


RELATIVE HUMIDITY (PERCENT)
 HIGHEST    90           200 AM
 LOWEST     44          1200 PM
 AVERAGE    67

..........................................................


THE LONG BEACH AIRPORT CA CLIMATE NORMALS FOR TODAY
                         NORMAL    RECORD    YEAR
 MAXIMUM TEMPERATURE (F)   83        99      2006
 MINIMUM TEMPERATURE (F)   65        58      1999


SUNRISE AND SUNSET
JULY 24 2016..........SUNRISE   559 AM PDT   SUNSET   759 PM PDT
JULY 25 2016..........SUNRISE   600 AM PDT   SUNSET   758 PM PDT


-  INDICATES NEGATIVE NUMBERS.
R  INDICATES RECORD WAS SET OR TIED.
MM INDICATES DATA IS MISSING.
T  INDICATES TRACE AMOUNT.




$$
