000
CDUS46 KLOX 290908
CLILGB


CLIMATE REPORT
NATIONAL WEATHER SERVICE LOS ANGELES/OXNARD CA
108 AM PST THU JAN 29 2015


...................................

...THE LONG BEACH AIRPORT CA CLIMATE SUMMARY FOR JANUARY 28 2015...

CLIMATE NORMAL PERIOD 1981 TO 2010
CLIMATE RECORD PERIOD 1958 TO 2015


WEATHER ITEM   OBSERVED TIME   RECORD YEAR NORMAL DEPARTURE LAST
                VALUE   (LST)  VALUE       VALUE  FROM      YEAR
                                                  NORMAL
..................................................................
TEMPERATURE (F)
 YESTERDAY
  MAXIMUM         75    130 PM  88    1976  67      8       67
  MINIMUM         53    651 AM  36    1979  47      6       52
  AVERAGE         64                        57      7       60

PRECIPITATION (IN)
  YESTERDAY        0.00          2.13 1980   0.08  -0.08     0.00
  MONTH TO DATE    0.85                      2.34  -1.49      T
  SINCE OCT 1      6.11                      5.92   0.19     1.24
  SINCE JAN 1      0.85                      2.34  -1.49      T

SNOWFALL (IN)
  YESTERDAY        0.0
  MONTH TO DATE    0.0
  SINCE DEC 1      0.0
  SINCE JUL 1      0.0

DEGREE DAYS
 HEATING
  YESTERDAY        1                         8     -7        5
  MONTH TO DATE  129                       232   -103      110
  SINCE DEC 1    311                       503   -192      328
  SINCE JUL 1    347                       652   -305      423

 COOLING
  YESTERDAY        0                         0      0        0
  MONTH TO DATE    7                         0      7       15
  SINCE DEC 1     12                         1     11       27
  SINCE JAN 1      7                         0      7       15
..................................................................


WIND (MPH)
  HIGHEST WIND SPEED    12   HIGHEST WIND DIRECTION    NW (310)
  HIGHEST GUST SPEED    19   HIGHEST GUST DIRECTION     W (260)
  AVERAGE WIND SPEED     4.7


SKY COVER
  POSSIBLE SUNSHINE  MM
  AVERAGE SKY COVER 0.0


WEATHER CONDITIONS
 THE FOLLOWING WEATHER WAS RECORDED YESTERDAY.
  NO SIGNIFICANT WEATHER WAS OBSERVED.


RELATIVE HUMIDITY (PERCENT)
 HIGHEST    93           200 AM
 LOWEST     38           100 PM
 AVERAGE    66

..........................................................


THE LONG BEACH AIRPORT CA CLIMATE NORMALS FOR TODAY
                         NORMAL    RECORD    YEAR
 MAXIMUM TEMPERATURE (F)   67        83      1992
 MINIMUM TEMPERATURE (F)   47        31      1979


SUNRISE AND SUNSET
JANUARY 29 2015.......SUNRISE   651 AM PST   SUNSET   520 PM PST
JANUARY 30 2015.......SUNRISE   651 AM PST   SUNSET   521 PM PST


-  INDICATES NEGATIVE NUMBERS.
R  INDICATES RECORD WAS SET OR TIED.
MM INDICATES DATA IS MISSING.
T  INDICATES TRACE AMOUNT.




$$
