000
CDUS46 KLOX 270138
CLILGB


CLIMATE REPORT
NATIONAL WEATHER SERVICE LOS ANGELES/OXNARD CA
637 PM PDT MON JUN 26 2017


...................................

...THE LONG BEACH AIRPORT CA CLIMATE SUMMARY FOR JUNE 26 2017...
VALID TODAY AS OF 600 PM LOCAL TIME.

CLIMATE NORMAL PERIOD 1981 TO 2010
CLIMATE RECORD PERIOD 1958 TO 2017


WEATHER ITEM   OBSERVED TIME   RECORD YEAR NORMAL DEPARTURE LAST
                VALUE   (LST)  VALUE       VALUE  FROM      YEAR
                                                  NORMAL
..................................................................
TEMPERATURE (F)
 TODAY
  MAXIMUM         85    941 AM 101    1994  79      6       82
  MINIMUM         64    443 AM  50    1965  62      2       65
  AVERAGE         75                        71      4       74

PRECIPITATION (IN)
  TODAY            0.00          T    1968   0.00   0.00     0.00
                                      1964
  MONTH TO DATE    0.00                      0.07  -0.07     0.01
  SINCE OCT 1     19.98                     12.02   7.96     4.99
  SINCE JAN 1     14.78                      8.44   6.34     3.99

SNOWFALL (IN)
  TODAY            0.0
  MONTH TO DATE    0.0
  SINCE JUN 1      0.0
  SINCE JUL 1      0.0

DEGREE DAYS
 HEATING
  TODAY            0                         0      0        0
  MONTH TO DATE    2                         3     -1        0
  SINCE JUN 1      2                         3     -1        0
  SINCE JUL 1    914                      1216   -302      795

 COOLING
  TODAY           10                         6      4        9
  MONTH TO DATE  126                        96     30      136
  SINCE JUN 1    126                        96     30      136
  SINCE JAN 1    286                       199     87      273
..................................................................


WIND (MPH)
  HIGHEST WIND SPEED    14   HIGHEST WIND DIRECTION    SE (150)
  HIGHEST GUST SPEED    17   HIGHEST GUST DIRECTION     S (180)
  AVERAGE WIND SPEED     5.4


SKY COVER
  POSSIBLE SUNSHINE  MM
  AVERAGE SKY COVER 0.0


WEATHER CONDITIONS
 THE FOLLOWING WEATHER WAS RECORDED TODAY.
  NO SIGNIFICANT WEATHER WAS OBSERVED.


RELATIVE HUMIDITY (PERCENT)
 HIGHEST    87           300 AM
 LOWEST     44          1000 AM
 AVERAGE    66

..........................................................


THE LONG BEACH AIRPORT CA CLIMATE NORMALS FOR TOMORROW
                         NORMAL    RECORD    YEAR
 MAXIMUM TEMPERATURE (F)   79       106      1990
 MINIMUM TEMPERATURE (F)   63        50      1965


SUNRISE AND SUNSET
JUNE 26 2017..........SUNRISE   544 AM PDT   SUNSET   807 PM PDT
JUNE 27 2017..........SUNRISE   544 AM PDT   SUNSET   807 PM PDT


-  INDICATES NEGATIVE NUMBERS.
R  INDICATES RECORD WAS SET OR TIED.
MM INDICATES DATA IS MISSING.
T  INDICATES TRACE AMOUNT.




$$
