000
CDHW41 PHFO 210235
CLILIH


CLIMATE REPORT
NATIONAL WEATHER SERVICE HONOLULU HI
426 PM HST THU NOV 20 2014


...................................

...THE LIHUE HI CLIMATE SUMMARY FOR NOVEMBER 20 2014...
VALID TODAY AS OF 0400 PM LOCAL TIME.

CLIMATE NORMAL PERIOD 1981 TO 2010
CLIMATE RECORD PERIOD 1946 TO 2014


WEATHER ITEM   OBSERVED TIME   RECORD YEAR NORMAL DEPARTURE LAST
                VALUE   (LST)  VALUE       VALUE  FROM      YEAR
                                                  NORMAL
..................................................................
TEMPERATURE (F)
 TODAY
  MAXIMUM         84    106 PM  85    1954  80      4       82
  MINIMUM         76    712 AM  63    1985  71      5       68
                                      1980
                                      1952
  AVERAGE         80                        75      5       75

PRECIPITATION (IN)
  TODAY            0.00          4.30 1957   0.14  -0.14     0.09
  MONTH TO DATE    2.06                      3.01  -0.95     3.17
  SINCE SEP 1      6.20                      8.95  -2.75    13.52
  SINCE JAN 1     30.37                     30.40  -0.03    30.73

SNOWFALL (IN)
  TODAY            0.0
  MONTH TO DATE    0.0
  SINCE SEP 1      0.0
  SINCE JUL 1      0.0
  SNOW DEPTH       0

DEGREE DAYS
 HEATING
  TODAY            0                         0      0        0
  MONTH TO DATE    0                         0      0        0
  SINCE SEP 1      0                         0      0        0
  SINCE JUL 1      0                         0      0        0

 COOLING
  TODAY           15                        10      5       10
  MONTH TO DATE  235                       226      9      196
  SINCE SEP 1   1191                      1067    124     1046
  SINCE JAN 1   3709                      3593    116     3342
..................................................................


WIND (MPH)
  HIGHEST WIND SPEED    21   HIGHEST WIND DIRECTION     E (70)
  HIGHEST GUST SPEED    24   HIGHEST GUST DIRECTION     E (80)
  AVERAGE WIND SPEED    15.1


SKY COVER
  POSSIBLE SUNSHINE  MM
  AVERAGE SKY COVER 0.7


WEATHER CONDITIONS
 THE FOLLOWING WEATHER WAS RECORDED TODAY.
  NO SIGNIFICANT WEATHER WAS OBSERVED.


RELATIVE HUMIDITY (PERCENT)
 HIGHEST    74          1200 AM
 LOWEST     58          1100 AM
 AVERAGE    66

..........................................................


THE LIHUE HI CLIMATE NORMALS FOR TOMORROW
                         NORMAL    RECORD    YEAR
 MAXIMUM TEMPERATURE (F)   80        84      1981
                                             1980
 MINIMUM TEMPERATURE (F)   70        60      1958


SUNRISE AND SUNSET
NOVEMBER 20 2014......SUNRISE   653 AM HST   SUNSET   553 PM HST
NOVEMBER 21 2014......SUNRISE   653 AM HST   SUNSET   553 PM HST


-  INDICATES NEGATIVE NUMBERS.
R  INDICATES RECORD WAS SET OR TIED.
MM INDICATES DATA IS MISSING.
T  INDICATES TRACE AMOUNT.




$$
