000
CDHW41 PHFO 251245
CLILIH


CLIMATE REPORT
NATIONAL WEATHER SERVICE HONOLULU HI
245 AM HST SAT OCT 25 2014


...................................

...THE LIHUE HI CLIMATE SUMMARY FOR OCTOBER 24 2014...

CLIMATE NORMAL PERIOD 1981 TO 2010
CLIMATE RECORD PERIOD 1946 TO 2014


WEATHER ITEM   OBSERVED TIME   RECORD YEAR NORMAL DEPARTURE LAST
                VALUE   (LST)  VALUE       VALUE  FROM      YEAR
                                                  NORMAL
..................................................................
TEMPERATURE (F)
 YESTERDAY
  MAXIMUM         85    243 PM  86    2010  83      2       82
                                      2003
                                      1977
  MINIMUM         77    605 AM  64    1965  72      5       70
                                      1962
  AVERAGE         81                        78      3       76

PRECIPITATION (IN)
  YESTERDAY        0.03          0.52 1958   0.14  -0.11      T
  MONTH TO DATE    1.81                      2.82  -1.01     7.46
  SINCE SEP 1      3.21                      4.94  -1.73     9.82
  SINCE JAN 1     27.38                     26.39   0.99    27.03

SNOWFALL (IN)
  YESTERDAY        0.0
  MONTH TO DATE    0.0
  SINCE SEP 1      0.0
  SINCE JUL 1      0.0
  SNOW DEPTH       0

DEGREE DAYS
 HEATING
  YESTERDAY        0                         0      0        0
  MONTH TO DATE    0                         0      0        0
  SINCE SEP 1      0                         0      0        0
  SINCE JUL 1      0                         0      0        0

 COOLING
  YESTERDAY       16                        13      3       11
  MONTH TO DATE  376                       323     53      298
  SINCE SEP 1    853                       756     97      758
  SINCE JAN 1   3371                      3282     89     3054
..................................................................


WIND (MPH)
  HIGHEST WIND SPEED    16   HIGHEST WIND DIRECTION     E (70)
  HIGHEST GUST SPEED    22   HIGHEST GUST DIRECTION     E (80)
  AVERAGE WIND SPEED    12.2


SKY COVER
  POSSIBLE SUNSHINE  MM
  AVERAGE SKY COVER 0.5


WEATHER CONDITIONS
 THE FOLLOWING WEATHER WAS RECORDED YESTERDAY.
  NO SIGNIFICANT WEATHER WAS OBSERVED.


RELATIVE HUMIDITY (PERCENT)
 HIGHEST    79           800 AM
 LOWEST     61          1100 AM
 AVERAGE    70

..........................................................


THE LIHUE HI CLIMATE NORMALS FOR TODAY
                         NORMAL    RECORD    YEAR
 MAXIMUM TEMPERATURE (F)   83        88      1957
 MINIMUM TEMPERATURE (F)   72        63      1965


SUNRISE AND SUNSET
OCTOBER 25 2014.......SUNRISE   638 AM HST   SUNSET   605 PM HST
OCTOBER 26 2014.......SUNRISE   638 AM HST   SUNSET   604 PM HST


-  INDICATES NEGATIVE NUMBERS.
R  INDICATES RECORD WAS SET OR TIED.
MM INDICATES DATA IS MISSING.
T  INDICATES TRACE AMOUNT.




$$
