000
CDHW41 PHFO 240227
CLILIH


CLIMATE REPORT
NATIONAL WEATHER SERVICE HONOLULU HI
426 PM HST THU NOV 23 2017


...................................

...THE LIHUE HI CLIMATE SUMMARY FOR NOVEMBER 23 2017...
VALID TODAY AS OF 0400 PM LOCAL TIME.

CLIMATE NORMAL PERIOD 1981 TO 2010
CLIMATE RECORD PERIOD 1946 TO 2017


WEATHER ITEM   OBSERVED TIME   RECORD YEAR NORMAL DEPARTURE LAST
                VALUE   (LST)  VALUE       VALUE  FROM      YEAR
                                                  NORMAL
..................................................................
TEMPERATURE (F)
 TODAY
  MAXIMUM         75    201 PM  85    1977  80     -5       79
                                      1956
  MINIMUM         69    512 AM  63    1958  70     -1       71
  AVERAGE         72                        75     -3       75

PRECIPITATION (IN)
  TODAY            T             1.24 1974   0.14  -0.14     0.01
  MONTH TO DATE    0.96                      3.43  -2.47     0.21
  SINCE SEP 1      4.30                      9.37  -5.07     1.30
  SINCE JAN 1     22.00                     30.82  -8.82    12.04

SNOWFALL (IN)
  TODAY            0.0
  MONTH TO DATE    0.0
  SINCE SEP 1      0.0
  SINCE JUL 1      0.0
  SNOW DEPTH      MM

DEGREE DAYS
 HEATING
  TODAY            0                         0      0        0
  MONTH TO DATE    0                         0      0        0
  SINCE SEP 1      0                         0      0        0
  SINCE JUL 1      0                         0      0        0

 COOLING
  TODAY            7                        10     -3       10
  MONTH TO DATE  252                       256     -4      273
  SINCE SEP 1   1158                      1097     61     1216
  SINCE JAN 1   4031                      3623    408     3875
..................................................................


WIND (MPH)
  HIGHEST WIND SPEED    31   HIGHEST WIND DIRECTION    NE (30)
  HIGHEST GUST SPEED    36   HIGHEST GUST DIRECTION    NE (40)
  AVERAGE WIND SPEED    MM


SKY COVER
  POSSIBLE SUNSHINE  MM
  AVERAGE SKY COVER  MM


WEATHER CONDITIONS
 THE FOLLOWING WEATHER WAS RECORDED TODAY.
  NO SIGNIFICANT WEATHER WAS OBSERVED.


RELATIVE HUMIDITY (PERCENT)
 HIGHEST    MM
 LOWEST     MM
 AVERAGE    MM

..........................................................


THE LIHUE HI CLIMATE NORMALS FOR TOMORROW
                         NORMAL    RECORD    YEAR
 MAXIMUM TEMPERATURE (F)   80        85      1963
 MINIMUM TEMPERATURE (F)   70        60      1990
                                             1958


SUNRISE AND SUNSET
NOVEMBER 23 2017......SUNRISE   655 AM HST   SUNSET   553 PM HST
NOVEMBER 24 2017......SUNRISE   655 AM HST   SUNSET   553 PM HST


-  INDICATES NEGATIVE NUMBERS.
R  INDICATES RECORD WAS SET OR TIED.
MM INDICATES DATA IS MISSING.
T  INDICATES TRACE AMOUNT.




$$
