000
CDHW41 PHFO 310228
CLILIH


CLIMATE REPORT
NATIONAL WEATHER SERVICE HONOLULU HI
427 PM HST SUN AUG 30 2015


...................................

...THE LIHUE HI CLIMATE SUMMARY FOR AUGUST 30 2015...
VALID TODAY AS OF 0400 PM LOCAL TIME.

CLIMATE NORMAL PERIOD 1981 TO 2010
CLIMATE RECORD PERIOD 1946 TO 2015


WEATHER ITEM   OBSERVED TIME   RECORD YEAR NORMAL DEPARTURE LAST
                VALUE   (LST)  VALUE       VALUE  FROM      YEAR
                                                  NORMAL
..................................................................
TEMPERATURE (F)
 TODAY
  MAXIMUM         86    240 PM  90    1996  85      1       86
  MINIMUM         77    357 AM  67    1954  75      2       72
  AVERAGE         82                        80      2       79

PRECIPITATION (IN)
  TODAY            0.05          0.33 1956   0.06  -0.01     0.05
  MONTH TO DATE    8.83                      2.07   6.76     3.80
  SINCE JUN 1     10.57                      5.55   5.02     8.38
  SINCE JAN 1     16.46                     21.39  -4.93    24.17

SNOWFALL (IN)
  TODAY            0.0
  MONTH TO DATE    0.0
  SINCE JUN 1      0.0
  SINCE JUL 1      0.0
  SNOW DEPTH       0

DEGREE DAYS
 HEATING
  TODAY            0                         0      0        0
  MONTH TO DATE    0                         0      0        0
  SINCE JUN 1      0                         0      0        0
  SINCE JUL 1      0                         0      0        0

 COOLING
  TODAY           17                        15      2       14
  MONTH TO DATE  499                       449     50      439
  SINCE JUN 1   1387                      1282    105     1282
  SINCE JAN 1   2810                      2521    289     2503
..................................................................


WIND (MPH)
  HIGHEST WIND SPEED    20   HIGHEST WIND DIRECTION     E (80)
  HIGHEST GUST SPEED    24   HIGHEST GUST DIRECTION     E (80)
  AVERAGE WIND SPEED    12.2


SKY COVER
  POSSIBLE SUNSHINE  MM
  AVERAGE SKY COVER 0.6


WEATHER CONDITIONS
 THE FOLLOWING WEATHER WAS RECORDED TODAY.
  LIGHT RAIN


RELATIVE HUMIDITY (PERCENT)
 HIGHEST    91           700 AM
 LOWEST     74           900 AM
 AVERAGE    83

..........................................................


THE LIHUE HI CLIMATE NORMALS FOR TOMORROW
                         NORMAL    RECORD    YEAR
 MAXIMUM TEMPERATURE (F)   85        88      2002
                                             1996
                                             1981
 MINIMUM TEMPERATURE (F)   74        69      1954


SUNRISE AND SUNSET
AUGUST 30 2015........SUNRISE   620 AM HST   SUNSET   656 PM HST
AUGUST 31 2015........SUNRISE   620 AM HST   SUNSET   655 PM HST


-  INDICATES NEGATIVE NUMBERS.
R  INDICATES RECORD WAS SET OR TIED.
MM INDICATES DATA IS MISSING.
T  INDICATES TRACE AMOUNT.




$$
