000
CDHW41 PHFO 230324
CLILIH


CLIMATE REPORT
NATIONAL WEATHER SERVICE HONOLULU HI
523 PM HST FRI SEP 22 2017


...................................

...THE LIHUE HI CLIMATE SUMMARY FOR SEPTEMBER 22 2017...
VALID TODAY AS OF 0500 PM LOCAL TIME.

CLIMATE NORMAL PERIOD 1981 TO 2010
CLIMATE RECORD PERIOD 1946 TO 2017


WEATHER ITEM   OBSERVED TIME   RECORD YEAR NORMAL DEPARTURE LAST
                VALUE   (LST)  VALUE       VALUE  FROM      YEAR
                                                  NORMAL
..................................................................
TEMPERATURE (F)
 TODAY
  MAXIMUM         88    152 PM  89    1981  85      3       86
  MINIMUM         77    134 AM  66    2003  74      3       78
                                      1957
  AVERAGE         83                        79      4       82

PRECIPITATION (IN)
  TODAY            0.01          1.18 1951   0.08  -0.07      T
  MONTH TO DATE    0.08                      1.44  -1.36     0.47
  SINCE SEP 1      0.08                      1.44  -1.36     0.47
  SINCE JAN 1     17.78                     22.89  -5.11    11.21

SNOWFALL (IN)
  TODAY            0.0
  MONTH TO DATE    0.0
  SINCE SEP 1      0.0
  SINCE JUL 1      0.0
  SNOW DEPTH      MM

DEGREE DAYS
 HEATING
  TODAY            0                         0      0        0
  MONTH TO DATE    0                         0      0        0
  SINCE SEP 1      0                         0      0        0
  SINCE JUL 1      0                         0      0        0

 COOLING
  TODAY           18                        14      4       17
  MONTH TO DATE  373                       323     50      363
  SINCE SEP 1    373                       323     50      363
  SINCE JAN 1   3246                      2849    397     3022
..................................................................


WIND (MPH)
  HIGHEST WIND SPEED    23   HIGHEST WIND DIRECTION    NE (30)
  HIGHEST GUST SPEED    27   HIGHEST GUST DIRECTION    NE (40)
  AVERAGE WIND SPEED    MM


SKY COVER
  POSSIBLE SUNSHINE  MM
  AVERAGE SKY COVER  MM


WEATHER CONDITIONS
 THE FOLLOWING WEATHER WAS RECORDED TODAY.
  NO SIGNIFICANT WEATHER WAS OBSERVED.


RELATIVE HUMIDITY (PERCENT)
 HIGHEST    MM
 LOWEST     MM
 AVERAGE    MM

..........................................................


THE LIHUE HI CLIMATE NORMALS FOR TOMORROW
                         NORMAL    RECORD    YEAR
 MAXIMUM TEMPERATURE (F)   85        88      2003
                                             1986
                                             1959
 MINIMUM TEMPERATURE (F)   74        66      1950


SUNRISE AND SUNSET
SEPTEMBER 22 2017.....SUNRISE   626 AM HST   SUNSET   633 PM HST
SEPTEMBER 23 2017.....SUNRISE   627 AM HST   SUNSET   632 PM HST


-  INDICATES NEGATIVE NUMBERS.
R  INDICATES RECORD WAS SET OR TIED.
MM INDICATES DATA IS MISSING.
T  INDICATES TRACE AMOUNT.




$$
