000
CDHW41 PHFO 301245
CLILIH


CLIMATE REPORT
NATIONAL WEATHER SERVICE HONOLULU HI
245 AM HST FRI JAN 30 2015


...................................

...THE LIHUE HI CLIMATE SUMMARY FOR JANUARY 29 2015...

CLIMATE NORMAL PERIOD 1981 TO 2010
CLIMATE RECORD PERIOD 1946 TO 2015


WEATHER ITEM   OBSERVED TIME   RECORD YEAR NORMAL DEPARTURE LAST
                VALUE   (LST)  VALUE       VALUE  FROM      YEAR
                                                  NORMAL
..................................................................
TEMPERATURE (F)
 YESTERDAY
  MAXIMUM         85R   258 PM  83    1992  78      7       76
                                      1981
                                      1980
  MINIMUM         65    408 AM  56    1971  65      0       68
  AVERAGE         75                        72      3       72

PRECIPITATION (IN)
  YESTERDAY        T             1.60 1957   0.11  -0.11     0.03
  MONTH TO DATE    1.16                      3.51  -2.35     1.46
  SINCE DEC 1      2.56                      8.71  -6.15     6.74
  SINCE JAN 1      1.16                      3.51  -2.35     1.46

SNOWFALL (IN)
  YESTERDAY        0.0
  MONTH TO DATE    0.0
  SINCE DEC 1      0.0
  SINCE JUL 1      0.0
  SNOW DEPTH       0

DEGREE DAYS
 HEATING
  YESTERDAY        0                         0      0        0
  MONTH TO DATE    0                         0      0        0
  SINCE DEC 1      0                         0      0        0
  SINCE JUL 1      0                         0      0        0

 COOLING
  YESTERDAY       10                         7      3        7
  MONTH TO DATE  200                       203     -3      184
  SINCE DEC 1    416                       457    -41      469
  SINCE JAN 1    200                       203     -3      184
..................................................................


WIND (MPH)
  HIGHEST WIND SPEED    18   HIGHEST WIND DIRECTION    SW (230)
  HIGHEST GUST SPEED    23   HIGHEST GUST DIRECTION    SW (230)
  AVERAGE WIND SPEED     7.0


SKY COVER
  POSSIBLE SUNSHINE  MM
  AVERAGE SKY COVER 0.5


WEATHER CONDITIONS
 THE FOLLOWING WEATHER WAS RECORDED YESTERDAY.
  NO SIGNIFICANT WEATHER WAS OBSERVED.


RELATIVE HUMIDITY (PERCENT)
 HIGHEST    87           800 AM
 LOWEST     51           300 PM
 AVERAGE    69

..........................................................


THE LIHUE HI CLIMATE NORMALS FOR TODAY
                         NORMAL    RECORD    YEAR
 MAXIMUM TEMPERATURE (F)   78        84      1981
 MINIMUM TEMPERATURE (F)   65        56      1998


SUNRISE AND SUNSET
JANUARY 30 2015.......SUNRISE   716 AM HST   SUNSET   625 PM HST
JANUARY 31 2015.......SUNRISE   716 AM HST   SUNSET   626 PM HST


-  INDICATES NEGATIVE NUMBERS.
R  INDICATES RECORD WAS SET OR TIED.
MM INDICATES DATA IS MISSING.
T  INDICATES TRACE AMOUNT.




$$
