000
CDUS44 KLZK 190717
CLILIT


CLIMATE REPORT
NATIONAL WEATHER SERVICE LITTLE ROCK AR
117 AM CST SUN FEB 19 2017


...................................

...THE LITTLE ROCK ADAMS FIELD CLIMATE SUMMARY FOR FEBRUARY 18 2017...

CLIMATE NORMAL PERIOD 1981 TO 2010
CLIMATE RECORD PERIOD 1874 TO 2017


WEATHER ITEM   OBSERVED TIME   RECORD YEAR NORMAL DEPARTURE LAST
                VALUE   (LST)  VALUE       VALUE  FROM      YEAR
                                                  NORMAL
..................................................................
TEMPERATURE (F)
 YESTERDAY
  MAXIMUM         65    240 PM  77    1986  56      9       74
  MINIMUM         48   1104 PM   5    1936  35     13       37
  AVERAGE         57                        46     11       56

PRECIPITATION (IN)
  YESTERDAY        0.00          2.83 1881   0.13  -0.13     0.00
  MONTH TO DATE    1.43                      2.25  -0.82     0.49
  SINCE DEC 1      7.29                     10.77  -3.48    12.42
  SINCE JAN 1      2.90                      5.80  -2.90     4.04

SNOWFALL (IN)
  YESTERDAY        0.0           8.2  1921   0.0    0.0      0.0
  MONTH TO DATE    0.0                       0.9   -0.9      0.0
  SINCE DEC 1      0.2                       2.7   -2.5      5.7
  SINCE JUL 1      0.2                       2.7   -2.5      5.7
  SNOW DEPTH       0

DEGREE DAYS
 HEATING
  YESTERDAY        8                        20    -12        9
  MONTH TO DATE  252                       389   -137      329
  SINCE DEC 1   1493                      1821   -328     1441
  SINCE JUL 1   1832                      2335   -503     1765

 COOLING
  YESTERDAY        0                         0      0        0
  MONTH TO DATE    8                         0      8        0
  SINCE DEC 1     10                         3      7       12
  SINCE JAN 1      8                         1      7        1
..................................................................


WIND (MPH)
  HIGHEST WIND SPEED    13   HIGHEST WIND DIRECTION    SW (210)
  HIGHEST GUST SPEED    16   HIGHEST GUST DIRECTION     S (200)
  AVERAGE WIND SPEED     4.5


SKY COVER
  POSSIBLE SUNSHINE  MM
  AVERAGE SKY COVER 0.7


WEATHER CONDITIONS
 THE FOLLOWING WEATHER WAS RECORDED YESTERDAY.
  FOG


RELATIVE HUMIDITY (PERCENT)
 HIGHEST   100           700 AM
 LOWEST     66          1200 AM
 AVERAGE    83

..........................................................


THE LITTLE ROCK ADAMS FIELD CLIMATE NORMALS FOR TODAY
                         NORMAL    RECORD    YEAR
 MAXIMUM TEMPERATURE (F)   56        82      1986
 MINIMUM TEMPERATURE (F)   36        17      1910


SUNRISE AND SUNSET
FEBRUARY 19 2017......SUNRISE   650 AM CST   SUNSET   556 PM CST
FEBRUARY 20 2017......SUNRISE   649 AM CST   SUNSET   557 PM CST


-  INDICATES NEGATIVE NUMBERS.
R  INDICATES RECORD WAS SET OR TIED.
MM INDICATES DATA IS MISSING.
T  INDICATES TRACE AMOUNT.




$$
