000
CDUS44 KLZK 280641
CLILIT


CLIMATE REPORT
NATIONAL WEATHER SERVICE LITTLE ROCK AR
140 AM CDT SAT MAY 28 2016


...................................

...THE LITTLE ROCK ADAMS FIELD CLIMATE SUMMARY FOR MAY 27 2016...

CLIMATE NORMAL PERIOD 1981 TO 2010
CLIMATE RECORD PERIOD 1874 TO 2016


WEATHER ITEM   OBSERVED TIME   RECORD YEAR NORMAL DEPARTURE LAST
                VALUE   (LST)  VALUE       VALUE  FROM      YEAR
                                                  NORMAL
..................................................................
TEMPERATURE (F)
 YESTERDAY
  MAXIMUM         82    146 PM  96    1964  84     -2       85
  MINIMUM         68   1159 PM  44    1961  65      3       67
  AVERAGE         75                        74      1       76

PRECIPITATION (IN)
  YESTERDAY        T             2.57 1893   0.13  -0.13     0.00
  MONTH TO DATE    2.30                      4.32  -2.02     7.17
  SINCE MAR 1     22.36                     14.14   8.22    20.70
  SINCE JAN 1     28.05                     21.35   6.70    27.51

SNOWFALL (IN)
  YESTERDAY        0.0          MM      MM   0.0    0.0      0.0
  MONTH TO DATE    0.0                       0.0    0.0      0.0
  SINCE MAR 1      0.0                       0.4   -0.4      5.7
  SINCE JUL 1      5.7                       3.5    2.2     11.1
  SNOW DEPTH       0

DEGREE DAYS
 HEATING
  YESTERDAY        0                         0      0        0
  MONTH TO DATE    8                        18    -10       11
  SINCE MAR 1    302                       537   -235      483
  SINCE JUL 1   2191                      3050   -859     3129

 COOLING
  YESTERDAY       10                         9      1       11
  MONTH TO DATE  133                       168    -35      198
  SINCE MAR 1    222                       238    -16      288
  SINCE JAN 1    228                       240    -12      288
..................................................................


WIND (MPH)
  HIGHEST WIND SPEED    18   HIGHEST WIND DIRECTION     S (190)
  HIGHEST GUST SPEED    26   HIGHEST GUST DIRECTION     S (190)
  AVERAGE WIND SPEED     8.1


SKY COVER
  POSSIBLE SUNSHINE  MM
  AVERAGE SKY COVER 0.9


WEATHER CONDITIONS
 THE FOLLOWING WEATHER WAS RECORDED YESTERDAY.
  LIGHT RAIN
  FOG


RELATIVE HUMIDITY (PERCENT)
 HIGHEST    93          1200 AM
 LOWEST     58           200 PM
 AVERAGE    76

..........................................................


THE LITTLE ROCK ADAMS FIELD CLIMATE NORMALS FOR TODAY
                         NORMAL    RECORD    YEAR
 MAXIMUM TEMPERATURE (F)   84        96      1962
 MINIMUM TEMPERATURE (F)   65        44      1961


SUNRISE AND SUNSET
MAY 28 2016...........SUNRISE   558 AM CDT   SUNSET   815 PM CDT
MAY 29 2016...........SUNRISE   558 AM CDT   SUNSET   815 PM CDT


-  INDICATES NEGATIVE NUMBERS.
R  INDICATES RECORD WAS SET OR TIED.
MM INDICATES DATA IS MISSING.
T  INDICATES TRACE AMOUNT.




$$
