000
CDUS44 KLZK 300656
CLILIT


CLIMATE REPORT
NATIONAL WEATHER SERVICE LITTLE ROCK AR
152 AM CDT SUN APR 30 2017


...................................

...THE LITTLE ROCK ADAMS FIELD CLIMATE SUMMARY FOR APRIL 29 2017...

CLIMATE NORMAL PERIOD 1981 TO 2010
CLIMATE RECORD PERIOD 1874 TO 2017


WEATHER ITEM   OBSERVED TIME   RECORD YEAR NORMAL DEPARTURE LAST
                VALUE   (LST)  VALUE       VALUE  FROM      YEAR
                                                  NORMAL
..................................................................
TEMPERATURE (F)
 YESTERDAY
  MAXIMUM         85    222 PM  90    1990  77      8       70
  MINIMUM         64   1159 PM  38    1965  55      9       62
  AVERAGE         75                        66      9       66

PRECIPITATION (IN)
  YESTERDAY        2.78          4.25 2016   0.17   2.61     4.25
  MONTH TO DATE    7.77                      4.96   2.81     6.39
  SINCE MAR 1     11.64                      9.64   2.00    18.72
  SINCE JAN 1     16.64                     16.85  -0.21    24.41

SNOWFALL (IN)
  YESTERDAY        0.0          MM      MM   0.0    0.0      0.0
  MONTH TO DATE    0.0                       0.0    0.0      0.0
  SINCE MAR 1      0.0                       0.4   -0.4      0.0
  SINCE JUL 1      0.2                       3.5   -3.3      5.7
  SNOW DEPTH       0

DEGREE DAYS
 HEATING
  YESTERDAY        0                         2     -2        0
  MONTH TO DATE   71                       143    -72       70
  SINCE MAR 1    351                       518   -167      294
  SINCE JUL 1   2265                      3031   -766     2183

 COOLING
  YESTERDAY       10                         3      7        1
  MONTH TO DATE   74                        53     21       60
  SINCE MAR 1     95                        67     28       81
  SINCE JAN 1    107                        69     38       87
..................................................................


WIND (MPH)
  HIGHEST WIND SPEED    32   HIGHEST WIND DIRECTION     W (290)
  HIGHEST GUST SPEED    44   HIGHEST GUST DIRECTION    NW (310)
  AVERAGE WIND SPEED    12.9


SKY COVER
  POSSIBLE SUNSHINE  MM
  AVERAGE SKY COVER 1.0


WEATHER CONDITIONS
 THE FOLLOWING WEATHER WAS RECORDED YESTERDAY.
  THUNDERSTORM
  HEAVY RAIN
  RAIN
  LIGHT RAIN
  FOG
  FOG W/VISIBILITY <= 1/4 MILE


RELATIVE HUMIDITY (PERCENT)
 HIGHEST   100          1100 PM
 LOWEST     69           400 PM
 AVERAGE    85

..........................................................


THE LITTLE ROCK ADAMS FIELD CLIMATE NORMALS FOR TODAY
                         NORMAL    RECORD    YEAR
 MAXIMUM TEMPERATURE (F)   77        92      1987
 MINIMUM TEMPERATURE (F)   56        38      1908


SUNRISE AND SUNSET
APRIL 30 2017.........SUNRISE   619 AM CDT   SUNSET   753 PM CDT
MAY  1 2017...........SUNRISE   618 AM CDT   SUNSET   754 PM CDT


-  INDICATES NEGATIVE NUMBERS.
R  INDICATES RECORD WAS SET OR TIED.
MM INDICATES DATA IS MISSING.
T  INDICATES TRACE AMOUNT.




$$
