000
CDUS44 KLZK 230652
CLILIT


CLIMATE REPORT
NATIONAL WEATHER SERVICE LITTLE ROCK AR
1251 AM CST FRI FEB 23 2018


...................................

...THE LITTLE ROCK ADAMS FIELD CLIMATE SUMMARY FOR FEBRUARY 22 2018...

CLIMATE NORMAL PERIOD 1981 TO 2010
CLIMATE RECORD PERIOD 1874 TO 2018


WEATHER ITEM   OBSERVED TIME   RECORD YEAR NORMAL DEPARTURE LAST
                VALUE   (LST)  VALUE       VALUE  FROM      YEAR
                                                  NORMAL
..................................................................
TEMPERATURE (F)
 YESTERDAY
  MAXIMUM         47   1159 PM  76    1988  57    -10       62
  MINIMUM         37    433 AM  10    1963  36      1       51
  AVERAGE         42                        47     -5       57

PRECIPITATION (IN)
  YESTERDAY        1.59          1.94 1994   0.14   1.45     0.00
                                      1925
  MONTH TO DATE    7.41                      2.80   4.61     3.16
  SINCE DEC 1     17.37                     11.32   6.05     9.02
  SINCE JAN 1      9.63                      6.35   3.28     4.63

SNOWFALL (IN)
  YESTERDAY        0.0           1.1  1966   0.1   -0.1      0.0
  MONTH TO DATE    0.0                       1.1   -1.1      0.0
  SINCE DEC 1      1.7                       2.9   -1.2      0.2
  SINCE JUL 1      1.7                       2.9   -1.2      0.2
  SNOW DEPTH       0

DEGREE DAYS
 HEATING
  YESTERDAY       23                        18      5        8
  MONTH TO DATE  459                       464     -5      269
  SINCE DEC 1   1986                      1896     90     1510
  SINCE JUL 1   2452                      2410     42     1849

 COOLING
  YESTERDAY        0                         0      0        0
  MONTH TO DATE    9                         0      9        8
  SINCE DEC 1      9                         3      6       10
  SINCE JAN 1      9                         1      8        8
..................................................................


WIND (MPH)
  HIGHEST WIND SPEED    18   HIGHEST WIND DIRECTION     E (100)
  HIGHEST GUST SPEED    23   HIGHEST GUST DIRECTION     E (100)
  AVERAGE WIND SPEED     7.1


SKY COVER
  POSSIBLE SUNSHINE  MM
  AVERAGE SKY COVER 1.0


WEATHER CONDITIONS
 THE FOLLOWING WEATHER WAS RECORDED YESTERDAY.
  THUNDERSTORM
  HEAVY RAIN
  RAIN
  LIGHT RAIN
  FOG


RELATIVE HUMIDITY (PERCENT)
 HIGHEST   100          1200 AM
 LOWEST     92          1100 AM
 AVERAGE    96

..........................................................


THE LITTLE ROCK ADAMS FIELD CLIMATE NORMALS FOR TODAY
                         NORMAL    RECORD    YEAR
 MAXIMUM TEMPERATURE (F)   57        82      2012
                                             1982
 MINIMUM TEMPERATURE (F)   37        16      1989


SUNRISE AND SUNSET
FEBRUARY 23 2018......SUNRISE   645 AM CST   SUNSET   600 PM CST
FEBRUARY 24 2018......SUNRISE   644 AM CST   SUNSET   600 PM CST


-  INDICATES NEGATIVE NUMBERS.
R  INDICATES RECORD WAS SET OR TIED.
MM INDICATES DATA IS MISSING.
T  INDICATES TRACE AMOUNT.




$$
