000
CDUS44 KLZK 062156
CLILIT


CLIMATE REPORT
NATIONAL WEATHER SERVICE LITTLE ROCK AR
356 PM CST FRI MAR 6 2015


...................................

...THE LITTLE ROCK ADAMS FIELD CLIMATE SUMMARY FOR MARCH 6 2015...
VALID TODAY AS OF 0300 PM LOCAL TIME.

CLIMATE NORMAL PERIOD 1981 TO 2010
CLIMATE RECORD PERIOD 1874 TO 2015


WEATHER ITEM   OBSERVED TIME   RECORD YEAR NORMAL DEPARTURE LAST
                VALUE   (LST)  VALUE       VALUE  FROM      YEAR
                                                  NORMAL
..................................................................
TEMPERATURE (F)
 TODAY
  MAXIMUM         38    145 PM  83    1956  61    -23       52
                                      1910
  MINIMUM         17R   644 AM  19    1899  40    -23       32
  AVERAGE         28                        50    -22       42

PRECIPITATION (IN)
  TODAY            0.00          2.02 1887   0.15  -0.15     0.20
  MONTH TO DATE    2.72                      0.86   1.86     2.29
  SINCE MAR 1      2.72                      0.86   1.86     2.29
  SINCE JAN 1      9.53                      8.07   1.46     7.86

SNOWFALL (IN)
  TODAY            0.0          12.0  1875   0.0    0.0      0.0
  MONTH TO DATE    5.7                       0.1    5.6      1.9
  SINCE MAR 1      5.7                       0.1    5.6      1.9
  SINCE JUL 1     11.1                       3.2    7.9      5.9
  SNOW DEPTH       3

DEGREE DAYS
 HEATING
  TODAY           37                        15     22       23
  MONTH TO DATE  176                        93     83      175
  SINCE MAR 1    176                        93     83      175
  SINCE JUL 1   2822                      2606    216     2948

 COOLING
  TODAY            0                         0      0        0
  MONTH TO DATE    0                         0      0        0
  SINCE MAR 1      0                         0      0        0
  SINCE JAN 1      0                         2     -2        0
..................................................................


WIND (MPH)
  HIGHEST WIND SPEED     9   HIGHEST WIND DIRECTION     E (110)
  HIGHEST GUST SPEED    10   HIGHEST GUST DIRECTION     E (100)
  AVERAGE WIND SPEED     2.8


SKY COVER
  POSSIBLE SUNSHINE  MM
  AVERAGE SKY COVER 0.0


WEATHER CONDITIONS
 THE FOLLOWING WEATHER WAS RECORDED TODAY.
  NO SIGNIFICANT WEATHER WAS OBSERVED.


RELATIVE HUMIDITY (PERCENT)
 HIGHEST   100           800 AM
 LOWEST     43          1100 AM
 AVERAGE    72

..........................................................


THE LITTLE ROCK ADAMS FIELD CLIMATE NORMALS FOR TOMORROW
                         NORMAL    RECORD    YEAR
 MAXIMUM TEMPERATURE (F)   61        85      1911
 MINIMUM TEMPERATURE (F)   40        14      1943


SUNRISE AND SUNSET
MARCH  6 2015.........SUNRISE   632 AM CST   SUNSET   609 PM CST
MARCH  7 2015.........SUNRISE   631 AM CST   SUNSET   610 PM CST


-  INDICATES NEGATIVE NUMBERS.
R  INDICATES RECORD WAS SET OR TIED.
MM INDICATES DATA IS MISSING.
T  INDICATES TRACE AMOUNT.




$$
