000
CDUS44 KLZK 030648
CLILIT


CLIMATE REPORT
NATIONAL WEATHER SERVICE LITTLE ROCK AR
1248 AM CST SAT DEC 3 2016


...................................

...THE LITTLE ROCK ADAMS FIELD CLIMATE SUMMARY FOR DECEMBER 2 2016...

CLIMATE NORMAL PERIOD 1981 TO 2010
CLIMATE RECORD PERIOD 1874 TO 2016


WEATHER ITEM   OBSERVED TIME   RECORD YEAR NORMAL DEPARTURE LAST
                VALUE   (LST)  VALUE       VALUE  FROM      YEAR
                                                  NORMAL
..................................................................
TEMPERATURE (F)
 YESTERDAY
  MAXIMUM         63    236 PM  79    1982  56      7       53
  MINIMUM         32    708 AM  15    1960  37     -5       36
  AVERAGE         48                        46      2       45

PRECIPITATION (IN)
  YESTERDAY        0.00          2.88 1983   0.19  -0.19     0.00
  MONTH TO DATE    0.00                      0.37  -0.37     0.00
  SINCE DEC 1      0.00                      0.37  -0.37     0.00
  SINCE JAN 1     51.73                     45.15   6.58    52.85

SNOWFALL (IN)
  YESTERDAY        0.0           0.6  1971   0.0    0.0      0.0
  MONTH TO DATE    0.0                       0.0    0.0      0.0
  SINCE DEC 1      0.0                       0.0    0.0      0.0
  SINCE JUL 1      0.0                       T      0.0      0.0
  SNOW DEPTH       0

DEGREE DAYS
 HEATING
  YESTERDAY       17                        19     -2       20
  MONTH TO DATE   36                        37     -1       38
  SINCE DEC 1     36                        37     -1       38
  SINCE JUL 1    375                       551   -176      362

 COOLING
  YESTERDAY        0                         0      0        0
  MONTH TO DATE    0                         0      0        0
  SINCE DEC 1      0                         0      0        0
  SINCE JAN 1   2650                      2204    446     2489
..................................................................


WIND (MPH)
  HIGHEST WIND SPEED    10   HIGHEST WIND DIRECTION     E (110)
  HIGHEST GUST SPEED    12   HIGHEST GUST DIRECTION     E (110)
  AVERAGE WIND SPEED     2.2


SKY COVER
  POSSIBLE SUNSHINE  MM
  AVERAGE SKY COVER 0.6


WEATHER CONDITIONS
 THE FOLLOWING WEATHER WAS RECORDED YESTERDAY.
  NO SIGNIFICANT WEATHER WAS OBSERVED.


RELATIVE HUMIDITY (PERCENT)
 HIGHEST   100           400 AM
 LOWEST     27           200 PM
 AVERAGE    64

..........................................................


THE LITTLE ROCK ADAMS FIELD CLIMATE NORMALS FOR TODAY
                         NORMAL    RECORD    YEAR
 MAXIMUM TEMPERATURE (F)   56        80      2005
 MINIMUM TEMPERATURE (F)   36        17      1895


SUNRISE AND SUNSET
DECEMBER  3 2016......SUNRISE   700 AM CST   SUNSET   458 PM CST
DECEMBER  4 2016......SUNRISE   701 AM CST   SUNSET   458 PM CST


-  INDICATES NEGATIVE NUMBERS.
R  INDICATES RECORD WAS SET OR TIED.
MM INDICATES DATA IS MISSING.
T  INDICATES TRACE AMOUNT.




$$
