000
CDUS44 KLZK 130651
CLILIT


CLIMATE REPORT
NATIONAL WEATHER SERVICE LITTLE ROCK AR
1251 AM CST WED DEC 13 2017


...................................

...THE LITTLE ROCK ADAMS FIELD CLIMATE SUMMARY FOR DECEMBER 12 2017...

CLIMATE NORMAL PERIOD 1981 TO 2010
CLIMATE RECORD PERIOD 1874 TO 2017


WEATHER ITEM   OBSERVED TIME   RECORD YEAR NORMAL DEPARTURE LAST
                VALUE   (LST)  VALUE       VALUE  FROM      YEAR
                                                  NORMAL
..................................................................
TEMPERATURE (F)
 YESTERDAY
  MAXIMUM         54   1214 AM  76    2015  53      1       55
                                      1948
  MINIMUM         33   1108 PM   8    1962  34     -1       41
  AVERAGE         44                        43      1       48

PRECIPITATION (IN)
  YESTERDAY        0.00          2.40 1892   0.16  -0.16     0.06
  MONTH TO DATE    0.86                      2.08  -1.22     1.42
  SINCE DEC 1      0.86                      2.08  -1.22     1.42
  SINCE JAN 1     40.39                     46.86  -6.47    53.15

SNOWFALL (IN)
  YESTERDAY        0.0           6.0  1914   0.0    0.0      0.0
  MONTH TO DATE    0.0                       0.0    0.0      0.0
  SINCE DEC 1      0.0                       0.0    0.0      0.0
  SINCE JUL 1      T                         T      0.0      0.0
  SNOW DEPTH       0

DEGREE DAYS
 HEATING
  YESTERDAY       21                        22     -1       17
  MONTH TO DATE  212                       241    -29      271
  SINCE DEC 1    212                       241    -29      271
  SINCE JUL 1    678                       755    -77      610

 COOLING
  YESTERDAY        0                         0      0        0
  MONTH TO DATE    0                         0      0        0
  SINCE DEC 1      0                         0      0        0
  SINCE JAN 1   2028                      2204   -176     2650
..................................................................


WIND (MPH)
  HIGHEST WIND SPEED    21   HIGHEST WIND DIRECTION    NW (330)
  HIGHEST GUST SPEED    27   HIGHEST GUST DIRECTION    NW (330)
  AVERAGE WIND SPEED    11.2


SKY COVER
  POSSIBLE SUNSHINE  MM
  AVERAGE SKY COVER 0.1


WEATHER CONDITIONS
 THE FOLLOWING WEATHER WAS RECORDED YESTERDAY.
  NO SIGNIFICANT WEATHER WAS OBSERVED.


RELATIVE HUMIDITY (PERCENT)
 HIGHEST    58           600 AM
 LOWEST     21           300 PM
 AVERAGE    40

..........................................................


THE LITTLE ROCK ADAMS FIELD CLIMATE NORMALS FOR TODAY
                         NORMAL    RECORD    YEAR
 MAXIMUM TEMPERATURE (F)   53        78      1948
 MINIMUM TEMPERATURE (F)   34         9      1962


SUNRISE AND SUNSET
DECEMBER 13 2017......SUNRISE   708 AM CST   SUNSET   459 PM CST
DECEMBER 14 2017......SUNRISE   708 AM CST   SUNSET   459 PM CST


-  INDICATES NEGATIVE NUMBERS.
R  INDICATES RECORD WAS SET OR TIED.
MM INDICATES DATA IS MISSING.
T  INDICATES TRACE AMOUNT.




$$
