000
CDUS45 KPIH 300731
CLILLJ


CLIMATE REPORT
NATIONAL WEATHER SERVICE POCATELLO ID
131 AM MDT SAT AUG 30 2014


...................................

...THE CHALLIS ID CLIMATE SUMMARY FOR AUGUST 29 2014...

CLIMATE NORMAL PERIOD 1981 TO 2010
CLIMATE RECORD PERIOD 1898 TO 2014


WEATHER ITEM   OBSERVED TIME   RECORD YEAR NORMAL DEPARTURE LAST
                VALUE   (LST)  VALUE       VALUE  FROM      YEAR
                                                  NORMAL
..................................................................
TEMPERATURE (F)
 YESTERDAY
  MAXIMUM         87    307 PM  94    1948  81      6       90
  MINIMUM         47    615 AM  28    1927  44      3       50
  AVERAGE         67                        62      5       70

PRECIPITATION (IN)
  YESTERDAY        0.00          0.34 1934   0.03  -0.03      T
  MONTH TO DATE    1.59                      0.74   0.85     0.23
  SINCE OCT 1      5.44                      9.27  -3.83     4.58
  SINCE JAN 1      4.71                      7.34  -2.63     2.51

SNOWFALL (IN)
  YESTERDAY       MM
  MONTH TO DATE   MM
  SINCE JUN 1     MM
  SINCE JUL 1     MM
  SNOW DEPTH      MM

DEGREE DAYS
 HEATING
  YESTERDAY        0                         4     -4        0
  MONTH TO DATE   62                        44     18        6
  SINCE JUN 1    229                       230     -1      127
  SINCE JUL 1     63                        65     -2        6

 COOLING
  YESTERDAY        2                         1      1        5
  MONTH TO DATE   70                        83    -13      116
  SINCE JUN 1    305                       237     68      380
  SINCE JAN 1    305                       239     66      382
..................................................................


WIND (MPH)
  HIGHEST WIND SPEED    24   HIGHEST WIND DIRECTION    SW (210)
  HIGHEST GUST SPEED    34   HIGHEST GUST DIRECTION    SW (240)
  AVERAGE WIND SPEED     5.2


SKY COVER
  POSSIBLE SUNSHINE  MM
  AVERAGE SKY COVER 0.1


WEATHER CONDITIONS
 THE FOLLOWING WEATHER WAS RECORDED YESTERDAY.
  NO SIGNIFICANT WEATHER WAS OBSERVED.


RELATIVE HUMIDITY (PERCENT)
 HIGHEST    71           400 AM
 LOWEST     13           200 PM
 AVERAGE    42

..........................................................


THE CHALLIS ID CLIMATE NORMALS FOR TODAY
                         NORMAL    RECORD    YEAR
 MAXIMUM TEMPERATURE (F)   80        92      1955
 MINIMUM TEMPERATURE (F)   44        20      1927


SUNRISE AND SUNSET
AUGUST 30 2014........SUNRISE   657 AM MDT   SUNSET   817 PM MDT
AUGUST 31 2014........SUNRISE   658 AM MDT   SUNSET   815 PM MDT


-  INDICATES NEGATIVE NUMBERS.
R  INDICATES RECORD WAS SET OR TIED.
MM INDICATES DATA IS MISSING.
T  INDICATES TRACE AMOUNT.




$$
