000
CDUS45 KPIH 090734
CLILLJ


CLIMATE REPORT
NATIONAL WEATHER SERVICE POCATELLO ID
1233 AM MST TUE FEB 9 2016


...................................

...THE CHALLIS ID CLIMATE SUMMARY FOR FEBRUARY 8 2016...

CLIMATE NORMAL PERIOD 1981 TO 2010
CLIMATE RECORD PERIOD 1898 TO 2016


WEATHER ITEM   OBSERVED TIME   RECORD YEAR NORMAL DEPARTURE LAST
                VALUE   (LST)  VALUE       VALUE  FROM      YEAR
                                                  NORMAL
..................................................................
TEMPERATURE (F)
 YESTERDAY
  MAXIMUM         30    219 PM  60    1898  33     -3       54
  MINIMUM          5    752 AM -22    1929  12     -7       31
  AVERAGE         18                        22     -4       43

PRECIPITATION (IN)
  YESTERDAY        0.00          0.52 1960   0.03  -0.03      T
  MONTH TO DATE    T                         0.19  -0.19     0.37
  SINCE OCT 1      2.90                      2.63   0.27     2.28
  SINCE JAN 1      0.56                      0.70  -0.14     0.49

SNOWFALL (IN)
  YESTERDAY       MM
  MONTH TO DATE   MM
  SINCE DEC 1     MM
  SINCE JUL 1     MM
  SNOW DEPTH      MM

DEGREE DAYS
 HEATING
  YESTERDAY       47                        43      4       22
  MONTH TO DATE  406                       347     59      225
  SINCE DEC 1   3378                      3226    152     2696
  SINCE JUL 1   5244                      5269    -25     4530

 COOLING
  YESTERDAY        0                         0      0        0
  MONTH TO DATE    0                         0      0        0
  SINCE DEC 1      0                         0      0        0
  SINCE JAN 1      0                         0      0        0
..................................................................


WIND (MPH)
  HIGHEST WIND SPEED     6   HIGHEST WIND DIRECTION    SE (140)
  HIGHEST GUST SPEED     6   HIGHEST GUST DIRECTION     N (350)
  AVERAGE WIND SPEED     1.3


SKY COVER
  POSSIBLE SUNSHINE  MM
  AVERAGE SKY COVER 0.0


WEATHER CONDITIONS
 THE FOLLOWING WEATHER WAS RECORDED YESTERDAY.
  NO SIGNIFICANT WEATHER WAS OBSERVED.


RELATIVE HUMIDITY (PERCENT)
 HIGHEST    92           300 AM
 LOWEST     63           300 PM
 AVERAGE    78

..........................................................


THE CHALLIS ID CLIMATE NORMALS FOR TODAY
                         NORMAL    RECORD    YEAR
 MAXIMUM TEMPERATURE (F)   33        53      1996
 MINIMUM TEMPERATURE (F)   12       -31      1933


SUNRISE AND SUNSET
FEBRUARY  9 2016......SUNRISE   746 AM MST   SUNSET   557 PM MST
FEBRUARY 10 2016......SUNRISE   745 AM MST   SUNSET   558 PM MST


-  INDICATES NEGATIVE NUMBERS.
R  INDICATES RECORD WAS SET OR TIED.
MM INDICATES DATA IS MISSING.
T  INDICATES TRACE AMOUNT.




$$
