000
CDUS45 KPIH 010731
CLILLJ


CLIMATE REPORT
NATIONAL WEATHER SERVICE POCATELLO ID
129 AM MDT WED OCT 1 2014


...................................

...THE CHALLIS ID CLIMATE SUMMARY FOR SEPTEMBER 30 2014...

CLIMATE NORMAL PERIOD 1981 TO 2010
CLIMATE RECORD PERIOD 1898 TO 2014


WEATHER ITEM   OBSERVED TIME   RECORD YEAR NORMAL DEPARTURE LAST
                VALUE   (LST)  VALUE       VALUE  FROM      YEAR
                                                  NORMAL
..................................................................
TEMPERATURE (F)
 YESTERDAY
  MAXIMUM         58   1159 AM  86    2011  67     -9       55
  MINIMUM         40   1151 PM  24    2007  35      5       33
  AVERAGE         49                        50     -1       44

PRECIPITATION (IN)
  YESTERDAY        0.06          0.28 1983   0.02   0.04     0.24
  MONTH TO DATE    1.11                      0.74   0.37     1.69
  SINCE OCT 1      6.66                     10.06  -3.40     6.27
  SINCE JAN 1      5.93                      8.13  -2.20     4.20

SNOWFALL (IN)
  YESTERDAY       MM
  MONTH TO DATE   MM
  SINCE SEP 1     MM
  SINCE JUL 1     MM
  SNOW DEPTH      MM

DEGREE DAYS
 HEATING
  YESTERDAY       16                        14      2       21
  MONTH TO DATE  152                       277   -125      218
  SINCE SEP 1    152                       276   -124      218
  SINCE JUL 1    220                       349   -129      224

 COOLING
  YESTERDAY        0                         0      0        0
  MONTH TO DATE    5                         6     -1       30
  SINCE SEP 1      5                         6     -1       30
  SINCE JAN 1    310                       248     62      420
..................................................................


WIND (MPH)
  HIGHEST WIND SPEED    25   HIGHEST WIND DIRECTION     N (360)
  HIGHEST GUST SPEED    31   HIGHEST GUST DIRECTION     N (360)
  AVERAGE WIND SPEED     6.4


SKY COVER
  POSSIBLE SUNSHINE  MM
  AVERAGE SKY COVER 0.8


WEATHER CONDITIONS
 THE FOLLOWING WEATHER WAS RECORDED YESTERDAY.
  LIGHT RAIN
  FOG


RELATIVE HUMIDITY (PERCENT)
 HIGHEST    93           100 AM
 LOWEST     52           500 PM
 AVERAGE    73

..........................................................


THE CHALLIS ID CLIMATE NORMALS FOR TODAY
                         NORMAL    RECORD    YEAR
 MAXIMUM TEMPERATURE (F)   66        83      1932
 MINIMUM TEMPERATURE (F)   34        22      2002


SUNRISE AND SUNSET
OCTOBER  1 2014.......SUNRISE   735 AM MDT   SUNSET   717 PM MDT
OCTOBER  2 2014.......SUNRISE   736 AM MDT   SUNSET   716 PM MDT


-  INDICATES NEGATIVE NUMBERS.
R  INDICATES RECORD WAS SET OR TIED.
MM INDICATES DATA IS MISSING.
T  INDICATES TRACE AMOUNT.




$$
