000
CDUS45 KPIH 260735
CLILLJ


CLIMATE REPORT
NATIONAL WEATHER SERVICE POCATELLO ID
134 AM MDT TUE JUL 26 2016


...................................

...THE CHALLIS ID CLIMATE SUMMARY FOR JULY 25 2016...

CLIMATE NORMAL PERIOD 1981 TO 2010
CLIMATE RECORD PERIOD 1898 TO 2016


WEATHER ITEM   OBSERVED TIME   RECORD YEAR NORMAL DEPARTURE LAST
                VALUE   (LST)  VALUE       VALUE  FROM      YEAR
                                                  NORMAL
..................................................................
TEMPERATURE (F)
 YESTERDAY
  MAXIMUM         91    614 PM 100    1933  88      3       86
  MINIMUM         52    455 AM  41    2014  52      0       48
                                      1900
  AVERAGE         72                        70      2       67

PRECIPITATION (IN)
  YESTERDAY        0.00          0.71 1977   0.03  -0.03     0.00
  MONTH TO DATE    0.01                      0.67  -0.66     0.68
  SINCE OCT 1      5.63                      8.37  -2.74     4.98
  SINCE JAN 1      3.29                      6.44  -3.15     3.19

SNOWFALL (IN)
  YESTERDAY       MM
  MONTH TO DATE   MM
  SINCE JUN 1     MM
  SINCE JUL 1     MM
  SNOW DEPTH      MM

DEGREE DAYS
 HEATING
  YESTERDAY        0                         0      0        0
  MONTH TO DATE   28                        18     10       11
  SINCE JUN 1    101                       183    -82       58
  SINCE JUL 1     28                        18     10       11

 COOLING
  YESTERDAY        7                         5      2        2
  MONTH TO DATE   82                       100    -18       79
  SINCE JUN 1    147                       122     25      188
  SINCE JAN 1    147                       124     23      191
..................................................................


WIND (MPH)
  HIGHEST WIND SPEED    15   HIGHEST WIND DIRECTION     W (280)
  HIGHEST GUST SPEED    19   HIGHEST GUST DIRECTION    NW (320)
  AVERAGE WIND SPEED     4.3


SKY COVER
  POSSIBLE SUNSHINE  MM
  AVERAGE SKY COVER 0.0


WEATHER CONDITIONS
 THE FOLLOWING WEATHER WAS RECORDED YESTERDAY.
  NO SIGNIFICANT WEATHER WAS OBSERVED.


RELATIVE HUMIDITY (PERCENT)
 HIGHEST    50           500 AM
 LOWEST     10           600 PM
 AVERAGE    30

..........................................................


THE CHALLIS ID CLIMATE NORMALS FOR TODAY
                         NORMAL    RECORD    YEAR
 MAXIMUM TEMPERATURE (F)   88       103      1964
 MINIMUM TEMPERATURE (F)   52        39      1951
                                             1900


SUNRISE AND SUNSET
JULY 26 2016..........SUNRISE   618 AM MDT   SUNSET   908 PM MDT
JULY 27 2016..........SUNRISE   619 AM MDT   SUNSET   907 PM MDT


-  INDICATES NEGATIVE NUMBERS.
R  INDICATES RECORD WAS SET OR TIED.
MM INDICATES DATA IS MISSING.
T  INDICATES TRACE AMOUNT.




$$
