000
CDUS45 KPIH 220730
CLILLJ


CLIMATE REPORT
NATIONAL WEATHER SERVICE POCATELLO ID
129 AM MDT TUE JUL 22 2014


...................................

...THE CHALLIS ID CLIMATE SUMMARY FOR JULY 21 2014...

CLIMATE NORMAL PERIOD 1981 TO 2010
CLIMATE RECORD PERIOD 1898 TO 2014


WEATHER ITEM   OBSERVED TIME   RECORD YEAR NORMAL DEPARTURE LAST
                VALUE   (LST)  VALUE       VALUE  FROM      YEAR
                                                  NORMAL
..................................................................
TEMPERATURE (F)
 YESTERDAY
  MAXIMUM         76    338 PM 102    1960  88    -12       94
  MINIMUM         59    538 AM  36    1924  52      7       50
  AVERAGE         68                        70     -2       72

PRECIPITATION (IN)
  YESTERDAY        0.03          0.15 1995   0.03   0.00     0.00
  MONTH TO DATE    0.03                      0.56  -0.53     0.54
  SINCE OCT 1      3.84                      8.26  -4.42     4.35
  SINCE JAN 1      3.11                      6.33  -3.22     2.28

SNOWFALL (IN)
  YESTERDAY       MM
  MONTH TO DATE   MM
  SINCE JUN 1     MM
  SINCE JUL 1     MM
  SNOW DEPTH      MM

DEGREE DAYS
 HEATING
  YESTERDAY        0                         0      0        0
  MONTH TO DATE    0                        18    -18        0
  SINCE JUN 1    166                       183    -17      121
  SINCE JUL 1      0                        18    -18        0

 COOLING
  YESTERDAY        3                         5     -2        7
  MONTH TO DATE  180                        80    100      155
  SINCE JUN 1    186                       102     84      218
  SINCE JAN 1    186                       104     82      220
..................................................................


WIND (MPH)
  HIGHEST WIND SPEED    20   HIGHEST WIND DIRECTION     S (200)
  HIGHEST GUST SPEED    26   HIGHEST GUST DIRECTION     W (280)
  AVERAGE WIND SPEED     6.9


SKY COVER
  POSSIBLE SUNSHINE  MM
  AVERAGE SKY COVER 0.7


WEATHER CONDITIONS
 THE FOLLOWING WEATHER WAS RECORDED YESTERDAY.
  LIGHT RAIN


RELATIVE HUMIDITY (PERCENT)
 HIGHEST    90           700 AM
 LOWEST     27           500 PM
 AVERAGE    59

..........................................................


THE CHALLIS ID CLIMATE NORMALS FOR TODAY
                         NORMAL    RECORD    YEAR
 MAXIMUM TEMPERATURE (F)   88       101      2006
 MINIMUM TEMPERATURE (F)   52        38      1954


SUNRISE AND SUNSET
JULY 22 2014..........SUNRISE   613 AM MDT   SUNSET   913 PM MDT
JULY 23 2014..........SUNRISE   614 AM MDT   SUNSET   912 PM MDT


-  INDICATES NEGATIVE NUMBERS.
R  INDICATES RECORD WAS SET OR TIED.
MM INDICATES DATA IS MISSING.
T  INDICATES TRACE AMOUNT.




$$
