000
CDUS45 KPIH 180732
CLILLJ


CLIMATE REPORT
NATIONAL WEATHER SERVICE POCATELLO ID
1229 AM MST THU DEC 18 2014


...................................

...THE CHALLIS ID CLIMATE SUMMARY FOR DECEMBER 17 2014...

CLIMATE NORMAL PERIOD 1981 TO 2010
CLIMATE RECORD PERIOD 1898 TO 2014


WEATHER ITEM   OBSERVED TIME   RECORD YEAR NORMAL DEPARTURE LAST
                VALUE   (LST)  VALUE       VALUE  FROM      YEAR
                                                  NORMAL
..................................................................
TEMPERATURE (F)
 YESTERDAY
  MAXIMUM         30    311 PM  54    1939  27      3       34
  MINIMUM         14   1142 PM -22    1914   8      6        6
  AVERAGE         22                        17      5       20

PRECIPITATION (IN)
  YESTERDAY        0.00          0.26 2012   0.02  -0.02     0.00
  MONTH TO DATE    0.27                      0.42  -0.15     0.18
  SINCE OCT 1      1.36                      1.61  -0.25     0.63
  SINCE JAN 1      7.29                      9.74  -2.45     4.83

SNOWFALL (IN)
  YESTERDAY       MM
  MONTH TO DATE   MM
  SINCE DEC 1     MM
  SINCE JUL 1     MM
  SNOW DEPTH      MM

DEGREE DAYS
 HEATING
  YESTERDAY       43                        48     -5       45
  MONTH TO DATE  590                       779   -189      911
  SINCE DEC 1    590                       779   -189      911
  SINCE JUL 1   2424                      2822   -398     2837

 COOLING
  YESTERDAY        0                         0      0        0
  MONTH TO DATE    0                         0      0        0
  SINCE DEC 1      0                         0      0        0
  SINCE JAN 1    310                       248     62      420
..................................................................


WIND (MPH)
  HIGHEST WIND SPEED     7   HIGHEST WIND DIRECTION    SE (150)
  HIGHEST GUST SPEED    10   HIGHEST GUST DIRECTION    SE (140)
  AVERAGE WIND SPEED     0.6


SKY COVER
  POSSIBLE SUNSHINE  MM
  AVERAGE SKY COVER 0.8


WEATHER CONDITIONS
 THE FOLLOWING WEATHER WAS RECORDED YESTERDAY.
  FOG


RELATIVE HUMIDITY (PERCENT)
 HIGHEST   100           200 AM
 LOWEST     75           100 PM
 AVERAGE    88

..........................................................


THE CHALLIS ID CLIMATE NORMALS FOR TODAY
                         NORMAL    RECORD    YEAR
 MAXIMUM TEMPERATURE (F)   27        53      1917
 MINIMUM TEMPERATURE (F)    8       -19      1924


SUNRISE AND SUNSET
DECEMBER 18 2014......SUNRISE   809 AM MST   SUNSET   459 PM MST
DECEMBER 19 2014......SUNRISE   809 AM MST   SUNSET   459 PM MST


-  INDICATES NEGATIVE NUMBERS.
R  INDICATES RECORD WAS SET OR TIED.
MM INDICATES DATA IS MISSING.
T  INDICATES TRACE AMOUNT.




$$
