000
CDUS45 KPIH 210735
CLILLJ


CLIMATE REPORT
NATIONAL WEATHER SERVICE POCATELLO ID
131 AM MDT MON AUG 21 2017


...................................

...THE CHALLIS ID CLIMATE SUMMARY FOR AUGUST 20 2017...

CLIMATE NORMAL PERIOD 1981 TO 2010
CLIMATE RECORD PERIOD 1898 TO 2017


WEATHER ITEM   OBSERVED TIME   RECORD YEAR NORMAL DEPARTURE LAST
                VALUE   (LST)  VALUE       VALUE  FROM      YEAR
                                                  NORMAL
..................................................................
TEMPERATURE (F)
 YESTERDAY
  MAXIMUM         85    400 PM  95    1914  84      1       89
  MINIMUM         46    537 AM  31    1916  47     -1       44
  AVERAGE         66                        65      1       67

PRECIPITATION (IN)
  YESTERDAY        0.00          0.75 1974   0.02  -0.02     0.00
  MONTH TO DATE    0.16                      0.52  -0.36     0.18
  SINCE OCT 1      9.42                      9.05   0.37     5.82
  SINCE JAN 1      6.01                      7.12  -1.11     3.48

SNOWFALL (IN)
  YESTERDAY       MM
  MONTH TO DATE   MM
  SINCE JUN 1     MM
  SINCE JUL 1     MM
  SNOW DEPTH      MM

DEGREE DAYS
 HEATING
  YESTERDAY        0                         2     -2        0
  MONTH TO DATE    0                        18    -18       14
  SINCE JUN 1    127                       204    -77      115
  SINCE JUL 1      4                        39    -35       42

 COOLING
  YESTERDAY        1                         2     -1        2
  MONTH TO DATE   56                        71    -15       61
  SINCE JUN 1    295                       225     70      253
  SINCE JAN 1    297                       227     70      253
..................................................................


WIND (MPH)
  HIGHEST WIND SPEED    12   HIGHEST WIND DIRECTION     N (10)
  HIGHEST GUST SPEED    17   HIGHEST GUST DIRECTION     N (350)
  AVERAGE WIND SPEED     3.5


SKY COVER
  POSSIBLE SUNSHINE  MM
  AVERAGE SKY COVER 0.3


WEATHER CONDITIONS
 THE FOLLOWING WEATHER WAS RECORDED YESTERDAY.
  HAZE


RELATIVE HUMIDITY (PERCENT)
 HIGHEST    61           500 AM
 LOWEST     13           400 PM
 AVERAGE    37

..........................................................


THE CHALLIS ID CLIMATE NORMALS FOR TODAY
                         NORMAL    RECORD    YEAR
 MAXIMUM TEMPERATURE (F)   84        98      2009
 MINIMUM TEMPERATURE (F)   46        33      1916


SUNRISE AND SUNSET
AUGUST 21 2017........SUNRISE   647 AM MDT   SUNSET   832 PM MDT
AUGUST 22 2017........SUNRISE   648 AM MDT   SUNSET   830 PM MDT


-  INDICATES NEGATIVE NUMBERS.
R  INDICATES RECORD WAS SET OR TIED.
MM INDICATES DATA IS MISSING.
T  INDICATES TRACE AMOUNT.




$$
