000
CDUS45 KPIH 292324
CLILLJ


CLIMATE REPORT
NATIONAL WEATHER SERVICE POCATELLO ID
520 PM MDT SUN MAR 29 2015


...................................

...THE CHALLIS ID CLIMATE SUMMARY FOR MARCH 29 2015...
VALID TODAY AS OF 0500 PM LOCAL TIME.

CLIMATE NORMAL PERIOD 1981 TO 2010
CLIMATE RECORD PERIOD 1898 TO 2015


WEATHER ITEM   OBSERVED TIME   RECORD YEAR NORMAL DEPARTURE LAST
                VALUE   (LST)  VALUE       VALUE  FROM      YEAR
                                                  NORMAL
..................................................................
TEMPERATURE (F)
 TODAY
  MAXIMUM         65    326 PM  72    1966  53     12       50
  MINIMUM         27    705 AM   5    1987  27      0       35
  AVERAGE         46                        40      6       43

PRECIPITATION (IN)
  TODAY            0.00          0.50 1925   0.03  -0.03     0.03
  MONTH TO DATE    0.18                      0.66  -0.48     0.59
  SINCE OCT 1      2.55                      3.72  -1.17     2.41
  SINCE JAN 1      0.76                      1.79  -1.03     1.68

SNOWFALL (IN)
  TODAY           MM
  MONTH TO DATE   MM
  SINCE MAR 1     MM
  SINCE JUL 1     MM
  SNOW DEPTH      MM

DEGREE DAYS
 HEATING
  TODAY           19                        25     -6       22
  MONTH TO DATE  669                       846   -177      794
  SINCE MAR 1    669                       846   -177      794
  SINCE JUL 1   5807                      6895  -1088     6543

 COOLING
  TODAY            0                         0      0        0
  MONTH TO DATE    0                         0      0        0
  SINCE MAR 1      0                         0      0        0
  SINCE JAN 1      0                         0      0        0
..................................................................


WIND (MPH)
  HIGHEST WIND SPEED     8   HIGHEST WIND DIRECTION    NW (330)
  HIGHEST GUST SPEED    12   HIGHEST GUST DIRECTION     E (90)
  AVERAGE WIND SPEED     1.8


SKY COVER
  POSSIBLE SUNSHINE  MM
  AVERAGE SKY COVER 0.0


WEATHER CONDITIONS
 THE FOLLOWING WEATHER WAS RECORDED TODAY.
  NO SIGNIFICANT WEATHER WAS OBSERVED.


RELATIVE HUMIDITY (PERCENT)
 HIGHEST    75           600 AM
 LOWEST     16           300 PM
 AVERAGE    46

..........................................................


THE CHALLIS ID CLIMATE NORMALS FOR TOMORROW
                         NORMAL    RECORD    YEAR
 MAXIMUM TEMPERATURE (F)   53        73      1966
 MINIMUM TEMPERATURE (F)   27         5      1936


SUNRISE AND SUNSET
MARCH 29 2015.........SUNRISE   724 AM MDT   SUNSET   800 PM MDT
MARCH 30 2015.........SUNRISE   722 AM MDT   SUNSET   802 PM MDT


-  INDICATES NEGATIVE NUMBERS.
R  INDICATES RECORD WAS SET OR TIED.
MM INDICATES DATA IS MISSING.
T  INDICATES TRACE AMOUNT.




$$
