000
CDUS45 KPIH 230732
CLILLJ


CLIMATE REPORT
NATIONAL WEATHER SERVICE POCATELLO ID
132 AM MDT MON OCT 23 2017


...................................

...THE CHALLIS ID CLIMATE SUMMARY FOR OCTOBER 22 2017...

CLIMATE NORMAL PERIOD 1981 TO 2010
CLIMATE RECORD PERIOD 1898 TO 2017


WEATHER ITEM   OBSERVED TIME   RECORD YEAR NORMAL DEPARTURE LAST
                VALUE   (LST)  VALUE       VALUE  FROM      YEAR
                                                  NORMAL
..................................................................
TEMPERATURE (F)
 YESTERDAY
  MAXIMUM         59   1237 PM  73    2003  56      3       64
  MINIMUM         38    417 AM  17    2008  28     10       34
                                      1958
  AVERAGE         49                        42      7       49

PRECIPITATION (IN)
  YESTERDAY        T             0.30 1974   0.02  -0.02     0.00
  MONTH TO DATE    0.28                      0.44  -0.16     1.01
  SINCE OCT 1      0.28                      0.44  -0.16     1.01
  SINCE JAN 1      7.36                      8.57  -1.21     4.99

SNOWFALL (IN)
  YESTERDAY       MM
  MONTH TO DATE   MM
  SINCE SEP 1     MM
  SINCE JUL 1     MM
  SNOW DEPTH      MM

DEGREE DAYS
 HEATING
  YESTERDAY       16                        23     -7       16
  MONTH TO DATE  504                       418     86      428
  SINCE SEP 1    811                       694    117      700
  SINCE JUL 1    815                       767     48      762

 COOLING
  YESTERDAY        0                         0      0        0
  MONTH TO DATE    0                         0      0        0
  SINCE SEP 1     37                         6     31        4
  SINCE JAN 1    378                       248    130      277
..................................................................


WIND (MPH)
  HIGHEST WIND SPEED    24   HIGHEST WIND DIRECTION     W (280)
  HIGHEST GUST SPEED    32   HIGHEST GUST DIRECTION    NW (300)
  AVERAGE WIND SPEED     7.5


SKY COVER
  POSSIBLE SUNSHINE  MM
  AVERAGE SKY COVER 0.7


WEATHER CONDITIONS
 THE FOLLOWING WEATHER WAS RECORDED YESTERDAY.
  NO SIGNIFICANT WEATHER WAS OBSERVED.


RELATIVE HUMIDITY (PERCENT)
 HIGHEST    82           200 AM
 LOWEST     39          1000 PM
 AVERAGE    61

..........................................................


THE CHALLIS ID CLIMATE NORMALS FOR TODAY
                         NORMAL    RECORD    YEAR
 MAXIMUM TEMPERATURE (F)   55        71      1944
 MINIMUM TEMPERATURE (F)   28        11      1935


SUNRISE AND SUNSET
OCTOBER 23 2017.......SUNRISE   803 AM MDT   SUNSET   639 PM MDT
OCTOBER 24 2017.......SUNRISE   804 AM MDT   SUNSET   637 PM MDT


-  INDICATES NEGATIVE NUMBERS.
R  INDICATES RECORD WAS SET OR TIED.
MM INDICATES DATA IS MISSING.
T  INDICATES TRACE AMOUNT.




$$
