000
CDUS46 KMFR 300836
CLILMT


CLIMATE REPORT
NATIONAL WEATHER SERVICE MEDFORD, OR
136 AM PDT SAT JUL 30 2016


...................................

...THE KLAMATH FALLS OR CLIMATE SUMMARY FOR JULY 29 2016...

CLIMATE NORMAL PERIOD 1981 TO 2010
CLIMATE RECORD PERIOD 1928 TO 2016


WEATHER ITEM   OBSERVED TIME   RECORD YEAR NORMAL DEPARTURE LAST
                VALUE   (LST)  VALUE       VALUE  FROM      YEAR
                                                  NORMAL
..................................................................
TEMPERATURE (F)
 YESTERDAY
  MAXIMUM         98R   401 PM  96    2009  86     12       91
                                      2003
  MINIMUM         56    522 AM  37    1950  49      7       50
  AVERAGE         77                        67     10       71

PRECIPITATION (IN)
  YESTERDAY        0.00          0.64 1997   0.00   0.00     0.00
  MONTH TO DATE    0.42                      0.46  -0.04     0.52
  SINCE OCT 1     11.64                     13.98  -2.34    12.40
  SINCE JAN 1      7.11                      9.29  -2.18     5.94

SNOWFALL (IN)
  YESTERDAY       MM                        MM     MM       MM
  MONTH TO DATE   MM                        MM     MM       MM
  SINCE JUL 1     MM                        MM     MM       MM
  SNOW DEPTH      MM

DEGREE DAYS
 HEATING
  YESTERDAY        0                         1     -1        0
  MONTH TO DATE   72                        45     27       18
  SINCE JUN 1    240                       262    -22       70
  SINCE JUL 1     72                        45     27       18

 COOLING
  YESTERDAY       12                         3      9        6
  MONTH TO DATE   63                        72     -9      109
  SINCE JUN 1    112                        83     29      200
  SINCE JAN 1    112                        84     28      203
..................................................................


WIND (MPH)
  HIGHEST WIND SPEED    22   HIGHEST WIND DIRECTION     N (340)
  HIGHEST GUST SPEED    26   HIGHEST GUST DIRECTION     N (340)
  AVERAGE WIND SPEED     6.2


SKY COVER
  POSSIBLE SUNSHINE  MM
  AVERAGE SKY COVER 0.0


WEATHER CONDITIONS
 THE FOLLOWING WEATHER WAS RECORDED YESTERDAY.
  NO SIGNIFICANT WEATHER WAS OBSERVED.


RELATIVE HUMIDITY (PERCENT)
 HIGHEST    80           500 AM
 LOWEST     17           200 PM

..........................................................


THE KLAMATH FALLS OR CLIMATE NORMALS FOR TODAY
                         NORMAL    RECORD    YEAR
 MAXIMUM TEMPERATURE (F)   86        98      2003
                                             1988
 MINIMUM TEMPERATURE (F)   49        35      1975


SUNRISE AND SUNSET
JULY 30 2016..........SUNRISE   559 AM PDT   SUNSET   827 PM PDT
JULY 31 2016..........SUNRISE   600 AM PDT   SUNSET   826 PM PDT


-  INDICATES NEGATIVE NUMBERS.
R  INDICATES RECORD WAS SET OR TIED.
MM INDICATES DATA IS MISSING.
T  INDICATES TRACE AMOUNT.




$$
