000
CDUS46 KMFR 260836
CLILMT


CLIMATE REPORT
NATIONAL WEATHER SERVICE MEDFORD, OR
136 AM PDT MON JUN 26 2017


...................................

...THE KLAMATH FALLS OR CLIMATE SUMMARY FOR JUNE 25 2017...

CLIMATE NORMAL PERIOD 1981 TO 2010
CLIMATE RECORD PERIOD 1928 TO 2017


WEATHER ITEM   OBSERVED TIME   RECORD YEAR NORMAL DEPARTURE LAST
                VALUE   (LST)  VALUE       VALUE  FROM      YEAR
                                                  NORMAL
..................................................................
TEMPERATURE (F)
 YESTERDAY
  MAXIMUM         94    134 PM  95    2006  77     17       82
  MINIMUM         57   1146 PM  33    1978  45     12       41
  AVERAGE         76                        61     15       62

PRECIPITATION (IN)
  YESTERDAY        0.00          0.60 1992   0.05  -0.05     0.00
  MONTH TO DATE    0.22                      0.80  -0.58     0.82
  SINCE OCT 1     11.19                     13.28  -2.09    11.22
  SINCE JAN 1      6.44                      8.59  -2.15     6.69

SNOWFALL (IN)
  YESTERDAY       MM                        MM     MM       MM
  MONTH TO DATE   MM                        MM     MM       MM
  SINCE JUL 1     MM                        MM     MM       MM
  SNOW DEPTH      MM

DEGREE DAYS
 HEATING
  YESTERDAY        0                         5     -5        3
  MONTH TO DATE  162                       196    -34      168
  SINCE JUN 1    162                       196    -34      168
  SINCE JUL 1   6739                      6952   -213     6252

 COOLING
  YESTERDAY       11                         1     10        0
  MONTH TO DATE   59                         3     56       33
  SINCE JUN 1     59                         3     56       33
  SINCE JAN 1     62                         4     58       33
..................................................................


WIND (MPH)
  HIGHEST WIND SPEED    26   HIGHEST WIND DIRECTION     W (260)
  HIGHEST GUST SPEED    32   HIGHEST GUST DIRECTION     W (260)
  AVERAGE WIND SPEED     5.8


SKY COVER
  POSSIBLE SUNSHINE  MM
  AVERAGE SKY COVER 0.0


WEATHER CONDITIONS
 THE FOLLOWING WEATHER WAS RECORDED YESTERDAY.
  THUNDERSTORM


RELATIVE HUMIDITY (PERCENT)
 HIGHEST    78          1100 PM
 LOWEST     17           100 PM

..........................................................


THE KLAMATH FALLS OR CLIMATE NORMALS FOR TODAY
                         NORMAL    RECORD    YEAR
 MAXIMUM TEMPERATURE (F)   78        98      2015
 MINIMUM TEMPERATURE (F)   45        32      1969


SUNRISE AND SUNSET
JUNE 26 2017..........SUNRISE   533 AM PDT   SUNSET   847 PM PDT
JUNE 27 2017..........SUNRISE   533 AM PDT   SUNSET   847 PM PDT


-  INDICATES NEGATIVE NUMBERS.
R  INDICATES RECORD WAS SET OR TIED.
MM INDICATES DATA IS MISSING.
T  INDICATES TRACE AMOUNT.




$$
