000
CDUS46 KMFR 051226
CLILMT


CLIMATE REPORT
NATIONAL WEATHER SERVICE MEDFORD, OR
415 AM PST THU MAR 5 2015


...................................

...THE KLAMATH FALLS OR CLIMATE SUMMARY FOR MARCH 4 2015...

CLIMATE NORMAL PERIOD 1981 TO 2010
CLIMATE RECORD PERIOD 1928 TO 2015


WEATHER ITEM   OBSERVED TIME   RECORD YEAR NORMAL DEPARTURE LAST
                VALUE   (LST)  VALUE       VALUE  FROM      YEAR
                                                  NORMAL
..................................................................
TEMPERATURE (F)
 YESTERDAY
  MAXIMUM         56    448 PM  65    1986  49      7       54
  MINIMUM         16    632 AM  13    2006  26    -10       36
  AVERAGE         36                        37     -1       45

PRECIPITATION (IN)
  YESTERDAY        0.00          0.58 1991   0.04  -0.04     0.00
  MONTH TO DATE    0.00                      0.21  -0.21     0.63
  SINCE OCT 1      8.63                      8.67  -0.04     3.91
  SINCE JAN 1      2.17                      3.98  -1.81     3.28

SNOWFALL (IN)
  YESTERDAY       MM                        MM     MM       MM
  MONTH TO DATE   MM                        MM     MM       MM
  SINCE JUL 1     MM                        MM     MM        0.0
  SNOW DEPTH      MM

DEGREE DAYS
 HEATING
  YESTERDAY       29                        28      1       20
  MONTH TO DATE  122                       112     10       77
  SINCE MAR 1    122                       112     10       77
  SINCE JUL 1   3696                      4953  -1257     4860

 COOLING
  YESTERDAY        0                         0      0        0
  MONTH TO DATE    0                         0      0        0
  SINCE MAR 1      0                         0      0        0
  SINCE JAN 1      0                         0      0        0
..................................................................


WIND (MPH)
  HIGHEST WIND SPEED     9   HIGHEST WIND DIRECTION    NE (30)
  HIGHEST GUST SPEED    11   HIGHEST GUST DIRECTION     N (350)
  AVERAGE WIND SPEED     2.1


SKY COVER
  POSSIBLE SUNSHINE  MM
  AVERAGE SKY COVER 0.0


WEATHER CONDITIONS
 THE FOLLOWING WEATHER WAS RECORDED YESTERDAY.
  NO SIGNIFICANT WEATHER WAS OBSERVED.


RELATIVE HUMIDITY (PERCENT)
 HIGHEST    81           800 AM
 LOWEST     18           400 PM

..........................................................


THE KLAMATH FALLS OR CLIMATE NORMALS FOR TODAY
                         NORMAL    RECORD    YEAR
 MAXIMUM TEMPERATURE (F)   49        65      1986
 MINIMUM TEMPERATURE (F)   26        10      1976


SUNRISE AND SUNSET
MARCH  5 2015.........SUNRISE   636 AM PST   SUNSET   602 PM PST
MARCH  6 2015.........SUNRISE   634 AM PST   SUNSET   603 PM PST


-  INDICATES NEGATIVE NUMBERS.
R  INDICATES RECORD WAS SET OR TIED.
MM INDICATES DATA IS MISSING.
T  INDICATES TRACE AMOUNT.




$$
