000
CDUS46 KMFR 300036
CLILMT


CLIMATE REPORT
NATIONAL WEATHER SERVICE MEDFORD, OR
536 PM PDT MON AUG 29 2016


...................................

...THE KLAMATH FALLS OR CLIMATE SUMMARY FOR AUGUST 29 2016...
VALID TODAY AS OF 0500 PM LOCAL TIME.

CLIMATE NORMAL PERIOD 1981 TO 2010
CLIMATE RECORD PERIOD 1928 TO 2016


WEATHER ITEM   OBSERVED TIME   RECORD YEAR NORMAL DEPARTURE LAST
                VALUE   (LST)  VALUE       VALUE  FROM      YEAR
                                                  NORMAL
..................................................................
TEMPERATURE (F)
 TODAY
  MAXIMUM         80    341 PM  95    1996  80      0       76
  MINIMUM         44    548 AM  34    2010  44      0       46
                                      1964
  AVERAGE         62                        62      0       61

PRECIPITATION (IN)
  TODAY            0.00          0.50 1982   0.03  -0.03      T
  MONTH TO DATE    0.00                      0.38  -0.38     0.42
  SINCE OCT 1     11.64                     14.38  -2.74    12.82
  SINCE JAN 1      7.11                      9.69  -2.58     6.36

SNOWFALL (IN)
  TODAY           MM                        MM     MM       MM
  MONTH TO DATE   MM                        MM     MM       MM
  SINCE JUL 1     MM                        MM     MM       MM
  SNOW DEPTH      MM

DEGREE DAYS
 HEATING
  TODAY            3                         4     -1        4
  MONTH TO DATE   30                        60    -30       21
  SINCE JUN 1    270                       327    -57       91
  SINCE JUL 1    102                       110     -8       39

 COOLING
  TODAY            0                         1     -1        0
  MONTH TO DATE   87                        61     26       68
  SINCE JUN 1    215                       154     61      287
  SINCE JAN 1    215                       155     60      290
..................................................................


WIND (MPH)
  HIGHEST WIND SPEED    14   HIGHEST WIND DIRECTION     S (190)
  HIGHEST GUST SPEED    18   HIGHEST GUST DIRECTION     S (190)
  AVERAGE WIND SPEED     3.7


SKY COVER
  POSSIBLE SUNSHINE  MM
  AVERAGE SKY COVER 0.1


WEATHER CONDITIONS
 THE FOLLOWING WEATHER WAS RECORDED TODAY.
  HAZE


RELATIVE HUMIDITY (PERCENT)
 HIGHEST    83           500 AM
 LOWEST     15           300 PM

..........................................................


THE KLAMATH FALLS OR CLIMATE NORMALS FOR TOMORROW
                         NORMAL    RECORD    YEAR
 MAXIMUM TEMPERATURE (F)   80        93      1998
 MINIMUM TEMPERATURE (F)   44        34      2005


SUNRISE AND SUNSET
AUGUST 29 2016........SUNRISE   630 AM PDT   SUNSET   745 PM PDT
AUGUST 30 2016........SUNRISE   631 AM PDT   SUNSET   743 PM PDT


-  INDICATES NEGATIVE NUMBERS.
R  INDICATES RECORD WAS SET OR TIED.
MM INDICATES DATA IS MISSING.
T  INDICATES TRACE AMOUNT.




$$
