000
CDUS46 KMFR 180836
CLILMT


CLIMATE REPORT
NATIONAL WEATHER SERVICE MEDFORD, OR
136 AM PDT FRI APR 18 2014


...................................

...THE KLAMATH FALLS OR CLIMATE SUMMARY FOR APRIL 17 2014...

CLIMATE NORMAL PERIOD 1981 TO 2010
CLIMATE RECORD PERIOD 1928 TO 2014


WEATHER ITEM   OBSERVED TIME   RECORD YEAR NORMAL DEPARTURE LAST
                VALUE   (LST)  VALUE       VALUE  FROM      YEAR
                                                  NORMAL
..................................................................
TEMPERATURE (F)
 YESTERDAY
  MAXIMUM         64   1130 AM  75    1962  57      7       52
  MINIMUM         31    548 AM  19    1972  30      1       21
  AVERAGE         48                        43      5       37

PRECIPITATION (IN)
  YESTERDAY        T             0.85 1933   0.05  -0.05     0.00
  MONTH TO DATE    0.08                      0.65  -0.57     1.05
  SINCE SEP 1      5.41                     10.91  -5.50     6.19
  SINCE JAN 1      4.67                      5.69  -1.02     2.53

SNOWFALL (IN)
  YESTERDAY       MM                        MM     MM       MM
  MONTH TO DATE   MM                        MM     MM       MM
  SINCE JUL 1      0.0                      MM     MM       MM
  SNOW DEPTH      MM

DEGREE DAYS
 HEATING
  YESTERDAY       17                        22     -5       28
  MONTH TO DATE  319                       401    -82      397
  SINCE MAR 1   1033                      1222   -189     1148
  SINCE JUL 1   5816                      6063   -247     5839

 COOLING
  YESTERDAY        0                         0      0        0
  MONTH TO DATE    0                         0      0        0
  SINCE MAR 1      0                         0      0        0
  SINCE JAN 1      0                         0      0        0
..................................................................


WIND (MPH)
  HIGHEST WIND SPEED    29   HIGHEST WIND DIRECTION     W (290)
  HIGHEST GUST SPEED    33   HIGHEST GUST DIRECTION     W (290)
  AVERAGE WIND SPEED     6.8


SKY COVER
  POSSIBLE SUNSHINE  MM
  AVERAGE SKY COVER 0.4


WEATHER CONDITIONS
 THE FOLLOWING WEATHER WAS RECORDED YESTERDAY.
  FOG


RELATIVE HUMIDITY (PERCENT)
 HIGHEST    92           600 AM
 LOWEST     43          1200 PM

..........................................................


THE KLAMATH FALLS OR CLIMATE NORMALS FOR TODAY
                         NORMAL    RECORD    YEAR
 MAXIMUM TEMPERATURE (F)   57        76      1994
 MINIMUM TEMPERATURE (F)   30        17      1967


SUNRISE AND SUNSET
APRIL 18 2014.........SUNRISE   621 AM PDT   SUNSET   752 PM PDT
APRIL 19 2014.........SUNRISE   620 AM PDT   SUNSET   753 PM PDT


-  INDICATES NEGATIVE NUMBERS.
R  INDICATES RECORD WAS SET OR TIED.
MM INDICATES DATA IS MISSING.
T  INDICATES TRACE AMOUNT.




$$
