000
CDUS46 KMFR 290036
CLILMT


CLIMATE REPORT
NATIONAL WEATHER SERVICE MEDFORD, OR
435 PM PST FRI NOV 28 2014


...................................

...THE KLAMATH FALLS OR CLIMATE SUMMARY FOR NOVEMBER 28 2014...
VALID TODAY AS OF 0400 PM LOCAL TIME.

CLIMATE NORMAL PERIOD 1981 TO 2010
CLIMATE RECORD PERIOD 1928 TO 2014


WEATHER ITEM   OBSERVED TIME   RECORD YEAR NORMAL DEPARTURE LAST
                VALUE   (LST)  VALUE       VALUE  FROM      YEAR
                                                  NORMAL
..................................................................
TEMPERATURE (F)
 TODAY
  MAXIMUM         50    939 AM  57    1959  41      9       53
  MINIMUM         40   1057 AM   1    2010  23     17       20
  AVERAGE         45                        32     13       37

PRECIPITATION (IN)
  TODAY            T             0.59 1971   0.08  -0.08     0.00
  MONTH TO DATE    0.80                      2.02  -1.22     0.34
  SINCE SEP 1      3.96                      3.60   0.36     0.46
  SINCE JAN 1     11.47                     13.34  -1.87     5.25

SNOWFALL (IN)
  TODAY           MM                        MM     MM       MM
  MONTH TO DATE   MM                        MM     MM       MM
  SINCE JUL 1     MM                        MM     MM        0.0
  SNOW DEPTH      MM

DEGREE DAYS
 HEATING
  TODAY           20                        33    -13       28
  MONTH TO DATE  710                       819   -109      716
  SINCE SEP 1   1279                      1616   -337     1614
  SINCE JUL 1   1327                      1735   -408     1682

 COOLING
  TODAY            0                         0      0        0
  MONTH TO DATE    0                         0      0        0
  SINCE SEP 1      6                        10     -4       17
  SINCE JAN 1    327                       169    158      285
..................................................................


WIND (MPH)
  HIGHEST WIND SPEED    28   HIGHEST WIND DIRECTION     S (200)
  HIGHEST GUST SPEED    35   HIGHEST GUST DIRECTION     S (200)
  AVERAGE WIND SPEED    13.2


SKY COVER
  POSSIBLE SUNSHINE  MM
  AVERAGE SKY COVER 0.4


WEATHER CONDITIONS
 THE FOLLOWING WEATHER WAS RECORDED TODAY.
  LIGHT RAIN


RELATIVE HUMIDITY (PERCENT)
 HIGHEST    65           300 PM
 LOWEST     29           800 AM

..........................................................


THE KLAMATH FALLS OR CLIMATE NORMALS FOR TOMORROW
                         NORMAL    RECORD    YEAR
 MAXIMUM TEMPERATURE (F)   40        58      1995
 MINIMUM TEMPERATURE (F)   22        -1      2010


SUNRISE AND SUNSET
NOVEMBER 28 2014......SUNRISE   713 AM PST   SUNSET   437 PM PST
NOVEMBER 29 2014......SUNRISE   714 AM PST   SUNSET   437 PM PST


-  INDICATES NEGATIVE NUMBERS.
R  INDICATES RECORD WAS SET OR TIED.
MM INDICATES DATA IS MISSING.
T  INDICATES TRACE AMOUNT.




$$
