000
CDUS46 KMFR 230839
CLILMT


CLIMATE REPORT
NATIONAL WEATHER SERVICE MEDFORD, OR
139 AM PDT TUE SEP 23 2014


...................................

...THE KLAMATH FALLS OR CLIMATE SUMMARY FOR SEPTEMBER 22 2014...

CLIMATE NORMAL PERIOD 1981 TO 2010
CLIMATE RECORD PERIOD 1928 TO 2014


WEATHER ITEM   OBSERVED TIME   RECORD YEAR NORMAL DEPARTURE LAST
                VALUE   (LST)  VALUE       VALUE  FROM      YEAR
                                                  NORMAL
..................................................................
TEMPERATURE (F)
 YESTERDAY
  MAXIMUM         82    150 PM  90    1987  74      8       57
  MINIMUM         46    609 AM  26    1968  37      9       38
  AVERAGE         64                        56      8       48

PRECIPITATION (IN)
  YESTERDAY        0.00          0.42 1958   0.02  -0.02    MM
  MONTH TO DATE    0.00                      0.42  -0.42     0.09
  SINCE SEP 1      0.00                      0.42  -0.42     0.09
  SINCE JAN 1      7.51                     10.16  -2.65     4.88

SNOWFALL (IN)
  YESTERDAY       MM                        MM     MM       MM
  MONTH TO DATE   MM                        MM     MM       MM
  SINCE JUL 1     MM                        MM     MM       MM
  SNOW DEPTH      MM

DEGREE DAYS
 HEATING
  YESTERDAY        1                        10     -9       17
  MONTH TO DATE   55                       149    -94      120
  SINCE SEP 1     55                       149    -94      120
  SINCE JUL 1    103                       268   -165      188

 COOLING
  YESTERDAY        0                         0      0        0
  MONTH TO DATE    5                         9     -4       17
  SINCE SEP 1      5                         9     -4       17
  SINCE JAN 1    326                       168    158      285
..................................................................


WIND (MPH)
  HIGHEST WIND SPEED    18   HIGHEST WIND DIRECTION     S (190)
  HIGHEST GUST SPEED    23   HIGHEST GUST DIRECTION     S (180)
  AVERAGE WIND SPEED     6.5


SKY COVER
  POSSIBLE SUNSHINE  MM
  AVERAGE SKY COVER 0.0


WEATHER CONDITIONS
 THE FOLLOWING WEATHER WAS RECORDED YESTERDAY.
  NO SIGNIFICANT WEATHER WAS OBSERVED.


RELATIVE HUMIDITY (PERCENT)
 HIGHEST    82           600 AM
 LOWEST     25           200 PM

..........................................................


THE KLAMATH FALLS OR CLIMATE NORMALS FOR TODAY
                         NORMAL    RECORD    YEAR
 MAXIMUM TEMPERATURE (F)   74        90      2011
                                             2009
                                             1974
 MINIMUM TEMPERATURE (F)   37        28      1961


SUNRISE AND SUNSET
SEPTEMBER 23 2014.....SUNRISE   655 AM PDT   SUNSET   702 PM PDT
SEPTEMBER 24 2014.....SUNRISE   657 AM PDT   SUNSET   700 PM PDT


-  INDICATES NEGATIVE NUMBERS.
R  INDICATES RECORD WAS SET OR TIED.
MM INDICATES DATA IS MISSING.
T  INDICATES TRACE AMOUNT.




$$
