000
CDUS46 KMFR 160837
CLILMT


CLIMATE REPORT
NATIONAL WEATHER SERVICE MEDFORD, OR
1237 AM PST MON JAN 16 2017


...................................

...THE KLAMATH FALLS OR CLIMATE SUMMARY FOR JANUARY 15 2017...

CLIMATE NORMAL PERIOD 1981 TO 2010
CLIMATE RECORD PERIOD 1928 TO 2017


WEATHER ITEM   OBSERVED TIME   RECORD YEAR NORMAL DEPARTURE LAST
                VALUE   (LST)  VALUE       VALUE  FROM      YEAR
                                                  NORMAL
..................................................................
TEMPERATURE (F)
 YESTERDAY
  MAXIMUM         32    241 PM  53    2010  39     -7       34
                                      1994
  MINIMUM         10   1154 PM   2    2013  21    -11        9
  AVERAGE         21                        30     -9       22

PRECIPITATION (IN)
  YESTERDAY        0.00          0.68 1956   0.06  -0.06     0.01
  MONTH TO DATE    1.24                      1.19   0.05     0.39
  SINCE OCT 1      5.99                      5.88   0.11     4.92
  SINCE JAN 1      1.24                      1.19   0.05     0.39

SNOWFALL (IN)
  YESTERDAY       MM                        MM     MM       MM
  MONTH TO DATE   MM                        MM     MM       MM
  SINCE JUL 1     MM                        MM     MM       MM
  SNOW DEPTH      MM

DEGREE DAYS
 HEATING
  YESTERDAY       44                        35      9       43
  MONTH TO DATE  667                       531    136      589
  SINCE DEC 1   1785                      1630    155     1687
  SINCE JUL 1   3445                      3432     13     3275

 COOLING
  YESTERDAY        0                         0      0        0
  MONTH TO DATE    0                         0      0        0
  SINCE DEC 1      0                         0      0        0
  SINCE JAN 1      0                         0      0        0
..................................................................


WIND (MPH)
  HIGHEST WIND SPEED    13   HIGHEST WIND DIRECTION     N (340)
  HIGHEST GUST SPEED    14   HIGHEST GUST DIRECTION     N (340)
  AVERAGE WIND SPEED     3.5


SKY COVER
  POSSIBLE SUNSHINE  MM
  AVERAGE SKY COVER 0.0


WEATHER CONDITIONS
 THE FOLLOWING WEATHER WAS RECORDED YESTERDAY.
  FOG


RELATIVE HUMIDITY (PERCENT)
 HIGHEST    96           500 AM
 LOWEST     63           300 PM

..........................................................


THE KLAMATH FALLS OR CLIMATE NORMALS FOR TODAY
                         NORMAL    RECORD    YEAR
 MAXIMUM TEMPERATURE (F)   39        53      1994
 MINIMUM TEMPERATURE (F)   21        -4      1988


SUNRISE AND SUNSET
JANUARY 16 2017.......SUNRISE   732 AM PST   SUNSET   502 PM PST
JANUARY 17 2017.......SUNRISE   732 AM PST   SUNSET   503 PM PST


-  INDICATES NEGATIVE NUMBERS.
R  INDICATES RECORD WAS SET OR TIED.
MM INDICATES DATA IS MISSING.
T  INDICATES TRACE AMOUNT.




$$
