000
CDUS45 KRIW 290735
CLILND


CLIMATE REPORT
NATIONAL WEATHER SERVICE RIVERTON WY
127 AM MDT SAT AUG 29 2015


...................................

...THE LANDER WY CLIMATE SUMMARY FOR AUGUST 28 2015...

CLIMATE NORMAL PERIOD 1981 TO 2010
CLIMATE RECORD PERIOD 1891 TO 2015


WEATHER ITEM   OBSERVED TIME   RECORD YEAR NORMAL DEPARTURE LAST
                VALUE   (LST)  VALUE       VALUE  FROM      YEAR
                                                  NORMAL
..................................................................
TEMPERATURE (F)
 YESTERDAY
  MAXIMUM         86    405 PM  94    2012  82      4       81
  MINIMUM         48    445 AM  36    1911  52     -4       48
  AVERAGE         67                        67      0       65

PRECIPITATION (IN)
  YESTERDAY        0.00          0.51 1892   0.02  -0.02     0.00
  MONTH TO DATE    0.58                      0.56   0.02     1.44
  SINCE JUN 1      1.88                      2.61  -0.73     2.66
  SINCE JAN 1     12.40                      8.83   3.57     6.85

SNOWFALL (IN)
  YESTERDAY        0.0                       0.0    0.0      0.0
  MONTH TO DATE    0.0                       0.0    0.0      0.0
  SINCE JUN 1      0.0                       0.1   -0.1      0.0
  SINCE JUL 1      0.0                       0.0    0.0      0.0
  SNOW DEPTH       0

DEGREE DAYS
 HEATING
  YESTERDAY        0                         2     -2        0
  MONTH TO DATE   22                        17      5       36
  SINCE JUN 1     71                       159    -88      175
  SINCE JUL 1     40                        33      7       39

 COOLING
  YESTERDAY        2                         3     -1        0
  MONTH TO DATE  162                       157      5      115
  SINCE JUN 1    408                       429    -21      380
  SINCE JAN 1    408                       434    -26      398
..................................................................


WIND (MPH)
  HIGHEST WIND SPEED    15   HIGHEST WIND DIRECTION    SW (240)
  HIGHEST GUST SPEED    18   HIGHEST GUST DIRECTION    SW (240)
  AVERAGE WIND SPEED     5.3


SKY COVER
  POSSIBLE SUNSHINE  MM
  AVERAGE SKY COVER 0.0


WEATHER CONDITIONS
 THE FOLLOWING WEATHER WAS RECORDED YESTERDAY.
  NO SIGNIFICANT WEATHER WAS OBSERVED.


RELATIVE HUMIDITY (PERCENT)
 HIGHEST    80           700 AM
 LOWEST     20           400 PM
 AVERAGE    50

..........................................................


THE LANDER WY CLIMATE NORMALS FOR TODAY
                         NORMAL    RECORD    YEAR
 MAXIMUM TEMPERATURE (F)   81        96      2012
 MINIMUM TEMPERATURE (F)   51        33      1892


SUNRISE AND SUNSET
AUGUST 29 2015........SUNRISE   636 AM MDT   SUNSET   755 PM MDT
AUGUST 30 2015........SUNRISE   637 AM MDT   SUNSET   753 PM MDT


-  INDICATES NEGATIVE NUMBERS.
R  INDICATES RECORD WAS SET OR TIED.
MM INDICATES DATA IS MISSING.
T  INDICATES TRACE AMOUNT.




$$
