000
CDUS45 KRIW 260729
CLILND


CLIMATE REPORT
NATIONAL WEATHER SERVICE RIVERTON WY
129 AM MDT SAT JUL 26 2014


...................................

...THE LANDER WY CLIMATE SUMMARY FOR JULY 25 2014...

CLIMATE NORMAL PERIOD 1981 TO 2010
CLIMATE RECORD PERIOD 1891 TO 2014


WEATHER ITEM   OBSERVED TIME   RECORD YEAR NORMAL DEPARTURE LAST
                VALUE   (LST)  VALUE       VALUE  FROM      YEAR
                                                  NORMAL
..................................................................
TEMPERATURE (F)
 YESTERDAY
  MAXIMUM         94    335 PM  97    2011  88      6       84
                                      1945
                                      1933
  MINIMUM         55    357 AM  43    1892  57     -2       59
  AVERAGE         75                        72      3       72

PRECIPITATION (IN)
  YESTERDAY        0.00          0.88 1976   0.03  -0.03     0.00
  MONTH TO DATE    0.28                      0.59  -0.31     0.27
  SINCE JUN 1      0.88                      1.86  -0.98     0.32
  SINCE JAN 1      5.07                      8.08  -3.01     7.84

SNOWFALL (IN)
  YESTERDAY        0.0                       0.0    0.0      0.0
  MONTH TO DATE    0.0                       0.0    0.0      0.0
  SINCE JUN 1      0.0                       0.1   -0.1      0.0
  SINCE JUL 1      0.0                       0.0    0.0      0.0
  SNOW DEPTH       0

DEGREE DAYS
 HEATING
  YESTERDAY        0                         0      0        0
  MONTH TO DATE    3                        11     -8        0
  SINCE JUN 1    139                       137      2       54
  SINCE JUL 1      3                        11     -8        0

 COOLING
  YESTERDAY       10                         8      2        7
  MONTH TO DATE  211                       164     47      263
  SINCE JUN 1    234                       228      6      377
  SINCE JAN 1    252                       233     19      386
..................................................................


WIND (MPH)
  HIGHEST WIND SPEED    38   HIGHEST WIND DIRECTION     W (290)
  HIGHEST GUST SPEED    56   HIGHEST GUST DIRECTION     W (280)
  AVERAGE WIND SPEED     9.2


SKY COVER
  POSSIBLE SUNSHINE  MM
  AVERAGE SKY COVER 0.0


WEATHER CONDITIONS
 THE FOLLOWING WEATHER WAS RECORDED YESTERDAY.
  NO SIGNIFICANT WEATHER WAS OBSERVED.


RELATIVE HUMIDITY (PERCENT)
 HIGHEST    30           400 AM
 LOWEST      7           400 PM
 AVERAGE    19

..........................................................


THE LANDER WY CLIMATE NORMALS FOR TODAY
                         NORMAL    RECORD    YEAR
 MAXIMUM TEMPERATURE (F)   88        97      2010
                                             1931
 MINIMUM TEMPERATURE (F)   57        41      1999


SUNRISE AND SUNSET
JULY 26 2014..........SUNRISE   600 AM MDT   SUNSET   842 PM MDT
JULY 27 2014..........SUNRISE   601 AM MDT   SUNSET   841 PM MDT


-  INDICATES NEGATIVE NUMBERS.
R  INDICATES RECORD WAS SET OR TIED.
MM INDICATES DATA IS MISSING.
T  INDICATES TRACE AMOUNT.




$$
