000
CDUS45 KRIW 240745
CLILND


CLIMATE REPORT
NATIONAL WEATHER SERVICE RIVERTON WY
1243 AM MST FRI NOV 24 2017


...................................

...THE LANDER WY CLIMATE SUMMARY FOR NOVEMBER 23 2017...

CLIMATE NORMAL PERIOD 1981 TO 2010
CLIMATE RECORD PERIOD 1891 TO 2017


WEATHER ITEM   OBSERVED TIME   RECORD YEAR NORMAL DEPARTURE LAST
                VALUE   (LST)  VALUE       VALUE  FROM      YEAR
                                                  NORMAL
..................................................................
TEMPERATURE (F)
 YESTERDAY
  MAXIMUM         68R   236 PM  65    1915  38     30       37
  MINIMUM         36    750 AM -18    1985  16     20       21
  AVERAGE         52                        27     25       29

PRECIPITATION (IN)
  YESTERDAY        0.00          0.54 1992   0.02  -0.02     0.00
  MONTH TO DATE    0.40                      0.68  -0.28     1.48
  SINCE SEP 1      1.73                      3.02  -1.29     4.14
  SINCE JAN 1     14.91                     11.90   3.01    20.38

SNOWFALL (IN)
  YESTERDAY        0.0                       0.5   -0.5      0.0
  MONTH TO DATE    3.5                      10.0   -6.5     14.0
  SINCE SEP 1      8.0                      22.5  -14.5     14.0
  SINCE JUL 1      8.0                      22.5  -14.5     14.0
  SNOW DEPTH       0

DEGREE DAYS
 HEATING
  YESTERDAY       13                        38    -25       36
  MONTH TO DATE  645                       732    -87      574
  SINCE SEP 1   1419                      1553   -134     1237
  SINCE JUL 1   1419                      1593   -174     1289

 COOLING
  YESTERDAY        0                         0      0        0
  MONTH TO DATE    0                         0      0        0
  SINCE SEP 1      0                        27    -27       34
  SINCE JAN 1    292                       472   -180      562
..................................................................


WIND (MPH)
  HIGHEST WIND SPEED    31   HIGHEST WIND DIRECTION     W (250)
  HIGHEST GUST SPEED    38   HIGHEST GUST DIRECTION     W (250)
  AVERAGE WIND SPEED     8.5


SKY COVER
  POSSIBLE SUNSHINE  MM
  AVERAGE SKY COVER 0.0


WEATHER CONDITIONS
 THE FOLLOWING WEATHER WAS RECORDED YESTERDAY.
  NO SIGNIFICANT WEATHER WAS OBSERVED.


RELATIVE HUMIDITY (PERCENT)
 HIGHEST    82           700 AM
 LOWEST     24           300 PM
 AVERAGE    53

..........................................................


THE LANDER WY CLIMATE NORMALS FOR TODAY
                         NORMAL    RECORD    YEAR
 MAXIMUM TEMPERATURE (F)   38        65      1933
 MINIMUM TEMPERATURE (F)   15       -12      1895


SUNRISE AND SUNSET
NOVEMBER 24 2017......SUNRISE   718 AM MST   SUNSET   445 PM MST
NOVEMBER 25 2017......SUNRISE   719 AM MST   SUNSET   444 PM MST


-  INDICATES NEGATIVE NUMBERS.
R  INDICATES RECORD WAS SET OR TIED.
MM INDICATES DATA IS MISSING.
T  INDICATES TRACE AMOUNT.




$$
