000
CDUS45 KRIW 230729
CLILND


CLIMATE REPORT
NATIONAL WEATHER SERVICE RIVERTON WY
128 AM MDT FRI JUN 23 2017


...................................

...THE LANDER WY CLIMATE SUMMARY FOR JUNE 22 2017...

CLIMATE NORMAL PERIOD 1981 TO 2010
CLIMATE RECORD PERIOD 1891 TO 2017


WEATHER ITEM   OBSERVED TIME   RECORD YEAR NORMAL DEPARTURE LAST
                VALUE   (LST)  VALUE       VALUE  FROM      YEAR
                                                  NORMAL
..................................................................
TEMPERATURE (F)
 YESTERDAY
  MAXIMUM         81    440 PM  97    1954  80      1       87
  MINIMUM         52   1157 PM  34    1914  50      2       50
  AVERAGE         67                        65      2       69

PRECIPITATION (IN)
  YESTERDAY        0.00          1.09 1948   0.04  -0.04     0.00
  MONTH TO DATE    0.26                      1.08  -0.82     0.47
  SINCE JUN 1      0.26                      1.08  -0.82     0.47
  SINCE JAN 1     12.75                      7.30   5.45    15.62

SNOWFALL (IN)
  YESTERDAY        0.0                       0.0    0.0      0.0
  MONTH TO DATE    0.0                       0.1   -0.1      0.0
  SINCE JUN 1      0.0                       0.1   -0.1      0.0
  SINCE JUL 1     90.9                      91.4   -0.5     75.2
  SNOW DEPTH       0

DEGREE DAYS
 HEATING
  YESTERDAY        0                         3     -3        0
  MONTH TO DATE   44                       111    -67       22
  SINCE JUN 1     44                       111    -67       22
  SINCE JUL 1   7511                      7733   -222     7015

 COOLING
  YESTERDAY        2                         3     -1        4
  MONTH TO DATE   38                        36      2       85
  SINCE JUN 1     38                        36      2       85
  SINCE JAN 1     38                        41     -3       85
..................................................................


WIND (MPH)
  HIGHEST WIND SPEED    24   HIGHEST WIND DIRECTION     N (10)
  HIGHEST GUST SPEED    32   HIGHEST GUST DIRECTION     N (20)
  AVERAGE WIND SPEED     7.7


SKY COVER
  POSSIBLE SUNSHINE  MM
  AVERAGE SKY COVER 0.1


WEATHER CONDITIONS
 THE FOLLOWING WEATHER WAS RECORDED YESTERDAY.
  NO SIGNIFICANT WEATHER WAS OBSERVED.


RELATIVE HUMIDITY (PERCENT)
 HIGHEST    57           400 AM
 LOWEST     21           300 PM
 AVERAGE    39

..........................................................


THE LANDER WY CLIMATE NORMALS FOR TODAY
                         NORMAL    RECORD    YEAR
 MAXIMUM TEMPERATURE (F)   81       100      1954
 MINIMUM TEMPERATURE (F)   51        33      1908


SUNRISE AND SUNSET
JUNE 23 2017..........SUNRISE   537 AM MDT   SUNSET   857 PM MDT
JUNE 24 2017..........SUNRISE   537 AM MDT   SUNSET   857 PM MDT


-  INDICATES NEGATIVE NUMBERS.
R  INDICATES RECORD WAS SET OR TIED.
MM INDICATES DATA IS MISSING.
T  INDICATES TRACE AMOUNT.




$$
