000
CDUS45 KRIW 200734
CLILND


CLIMATE REPORT
NATIONAL WEATHER SERVICE RIVERTON WY
1232 AM MST MON FEB 20 2017


...................................

...THE LANDER WY CLIMATE SUMMARY FOR FEBRUARY 19 2017...

CLIMATE NORMAL PERIOD 1981 TO 2010
CLIMATE RECORD PERIOD 1891 TO 2017


WEATHER ITEM   OBSERVED TIME   RECORD YEAR NORMAL DEPARTURE LAST
                VALUE   (LST)  VALUE       VALUE  FROM      YEAR
                                                  NORMAL
..................................................................
TEMPERATURE (F)
 YESTERDAY
  MAXIMUM         56        MM  60    1985  38     18       54
  MINIMUM         28        MM -17    1942  15     13       32
  AVERAGE         42                        26     16       43

PRECIPITATION (IN)
  YESTERDAY        0.00          0.73 1939   0.02  -0.02     0.00
  MONTH TO DATE    0.13                      0.36  -0.23     0.50
  SINCE DEC 1      2.30                      1.35   0.95     1.40
  SINCE JAN 1      1.40                      0.77   0.63     0.92

SNOWFALL (IN)
  YESTERDAY        0.0                       0.4   -0.4      0.0
  MONTH TO DATE    3.4                       6.7   -3.3      3.9
  SINCE DEC 1     30.8                      24.4    6.4     18.0
  SINCE JUL 1     44.8                      50.0   -5.2     37.0
  SNOW DEPTH       0

DEGREE DAYS
 HEATING
  YESTERDAY       23                        39    -16       22
  MONTH TO DATE  658                       782   -124      640
  SINCE DEC 1   3777                      3499    278     3359
  SINCE JUL 1   5333                      5372    -39     4871

 COOLING
  YESTERDAY        0                         0      0        0
  MONTH TO DATE    0                         0      0        0
  SINCE DEC 1      0                         0      0        0
  SINCE JAN 1      0                         0      0        0
..................................................................


WIND (MPH)
  HIGHEST WIND SPEED    27   HIGHEST WIND DIRECTION     N (360)
  HIGHEST GUST SPEED    48   HIGHEST GUST DIRECTION     N (360)
  AVERAGE WIND SPEED    10.0


SKY COVER
  POSSIBLE SUNSHINE  MM
  AVERAGE SKY COVER 0.1


WEATHER CONDITIONS
 THE FOLLOWING WEATHER WAS RECORDED YESTERDAY.
  NO SIGNIFICANT WEATHER WAS OBSERVED.


RELATIVE HUMIDITY (PERCENT)
 HIGHEST    92           500 AM
 LOWEST     28           300 PM
 AVERAGE    60

..........................................................


THE LANDER WY CLIMATE NORMALS FOR TODAY
                         NORMAL    RECORD    YEAR
 MAXIMUM TEMPERATURE (F)   38        65      1935
 MINIMUM TEMPERATURE (F)   15       -28      1894


SUNRISE AND SUNSET
FEBRUARY 20 2017......SUNRISE   704 AM MST   SUNSET   553 PM MST
FEBRUARY 21 2017......SUNRISE   703 AM MST   SUNSET   555 PM MST


-  INDICATES NEGATIVE NUMBERS.
R  INDICATES RECORD WAS SET OR TIED.
MM INDICATES DATA IS MISSING.
T  INDICATES TRACE AMOUNT.




$$
