000
CDUS45 KRIW 190727
CLILND


CLIMATE REPORT
NATIONAL WEATHER SERVICE RIVERTON WY
127 AM MDT SAT AUG 19 2017


...................................

...THE LANDER WY CLIMATE SUMMARY FOR AUGUST 18 2017...

CLIMATE NORMAL PERIOD 1981 TO 2010
CLIMATE RECORD PERIOD 1891 TO 2017


WEATHER ITEM   OBSERVED TIME   RECORD YEAR NORMAL DEPARTURE LAST
                VALUE   (LST)  VALUE       VALUE  FROM      YEAR
                                                  NORMAL
..................................................................
TEMPERATURE (F)
 YESTERDAY
  MAXIMUM         MM        MM  97    1986  85     MM       78
  MINIMUM         MM        MM  39    1892  54     MM       50
  AVERAGE         MM                        70     MM       64

PRECIPITATION (IN)
  YESTERDAY       MM             2.20 2004   0.02  MM        0.28
  MONTH TO DATE    0.00                      0.40  -0.40     0.40
  SINCE JUN 1      0.69                      2.45  -1.76     0.97
  SINCE JAN 1     13.18                      8.67   4.51    16.12

SNOWFALL (IN)
  YESTERDAY        0.0                       0.0    0.0      0.0
  MONTH TO DATE    0.0                       0.0    0.0      0.0
  SINCE JUN 1      0.0                       0.1   -0.1      0.0
  SINCE JUL 1      0.0                       0.0    0.0      0.0
  SNOW DEPTH       0

DEGREE DAYS
 HEATING
  YESTERDAY       MM                         1     MM        1
  MONTH TO DATE   MM                         6     MM        2
  SINCE JUN 1     75                       148    -73       28
  SINCE JUL 1      0                        22    -22        6

 COOLING
  YESTERDAY       MM                         5     MM        0
  MONTH TO DATE   MM                       116     MM      116
  SINCE JUN 1    292                       388    -96      488
  SINCE JAN 1    292                       393   -101      488
..................................................................


WIND (MPH)
  HIGHEST WIND SPEED    MM   HIGHEST WIND DIRECTION    MM
  HIGHEST GUST SPEED    MM   HIGHEST GUST DIRECTION    MM
  AVERAGE WIND SPEED    MM


SKY COVER
  POSSIBLE SUNSHINE  MM
  AVERAGE SKY COVER 0.0


WEATHER CONDITIONS
 THE FOLLOWING WEATHER WAS RECORDED YESTERDAY.
  NO SIGNIFICANT WEATHER WAS OBSERVED.


RELATIVE HUMIDITY (PERCENT)
 HIGHEST    MM
 LOWEST     MM
 AVERAGE    MM

..........................................................


THE LANDER WY CLIMATE NORMALS FOR TODAY
                         NORMAL    RECORD    YEAR
 MAXIMUM TEMPERATURE (F)   85        96      2013
 MINIMUM TEMPERATURE (F)   54        38      1912


SUNRISE AND SUNSET
AUGUST 19 2017........SUNRISE   626 AM MDT   SUNSET   810 PM MDT
AUGUST 20 2017........SUNRISE   627 AM MDT   SUNSET   809 PM MDT


-  INDICATES NEGATIVE NUMBERS.
R  INDICATES RECORD WAS SET OR TIED.
MM INDICATES DATA IS MISSING.
T  INDICATES TRACE AMOUNT.




$$
