000
CDUS45 KRIW 310029
CLILND


CLIMATE REPORT
NATIONAL WEATHER SERVICE RIVERTON WY
627 PM MDT SAT AUG 30 2014


...................................

...THE LANDER WY CLIMATE SUMMARY FOR AUGUST 30 2014...
VALID TODAY AS OF 0500 PM LOCAL TIME.

CLIMATE NORMAL PERIOD 1981 TO 2010
CLIMATE RECORD PERIOD 1891 TO 2014


WEATHER ITEM   OBSERVED TIME   RECORD YEAR NORMAL DEPARTURE LAST
                VALUE   (LST)  VALUE       VALUE  FROM      YEAR
                                                  NORMAL
..................................................................
TEMPERATURE (F)
 TODAY
  MAXIMUM         84        MM  95    1954  81      3       90
  MINIMUM         54        MM  30    1910  51      3       54
  AVERAGE         69                        66      3       72

PRECIPITATION (IN)
  TODAY            0.00          0.60 2003   0.02  -0.02      T
  MONTH TO DATE    1.44                      0.59   0.85     0.01
  SINCE JUN 1      2.66                      2.64   0.02     0.34
  SINCE JAN 1      6.85                      8.86  -2.01     7.86

DEGREE DAYS
 HEATING
  TODAY            0                         2     -2        0
  MONTH TO DATE   36                        21     15        0
  SINCE JUN 1    175                       163     12       54
  SINCE JUL 1     39                        37      2        0

 COOLING
  TODAY            4                         3      1        7
  MONTH TO DATE  123                       163    -40      252
  SINCE JUN 1    388                       435    -47      660
  SINCE JAN 1    406                       440    -34      669
..................................................................


WIND (MPH)
  HIGHEST WIND SPEED    36   HIGHEST WIND DIRECTION    SW (240)
  HIGHEST GUST SPEED    51   HIGHEST GUST DIRECTION     S (200)
  AVERAGE WIND SPEED    13.5


SKY COVER
  POSSIBLE SUNSHINE  MM
  AVERAGE SKY COVER 0.1


WEATHER CONDITIONS
 THE FOLLOWING WEATHER WAS RECORDED TODAY.
  NO SIGNIFICANT WEATHER WAS OBSERVED.


RELATIVE HUMIDITY (PERCENT)
 HIGHEST    56           800 AM
 LOWEST     14          1200 PM
 AVERAGE    35

..........................................................


THE LANDER WY CLIMATE NORMALS FOR TOMORROW
                         NORMAL    RECORD    YEAR
 MAXIMUM TEMPERATURE (F)   81        95      1954
 MINIMUM TEMPERATURE (F)   51        29      1908


SUNRISE AND SUNSET
AUGUST 30 2014........SUNRISE   637 AM MDT   SUNSET   753 PM MDT
AUGUST 31 2014........SUNRISE   639 AM MDT   SUNSET   751 PM MDT


-  INDICATES NEGATIVE NUMBERS.
R  INDICATES RECORD WAS SET OR TIED.
MM INDICATES DATA IS MISSING.
T  INDICATES TRACE AMOUNT.




$$
