364
CDUS43 KOAX 240649
CLILNK


CLIMATE REPORT
NATIONAL WEATHER SERVICE OMAHA NEBRASKA
149 AM CDT SAT JUN 24 2017


...................................

...THE LINCOLN, NEBRASKA CLIMATE SUMMARY FOR JUNE 23 2017...

CLIMATE NORMAL PERIOD 1981 TO 2010
CLIMATE RECORD PERIOD 1887 TO 2017


WEATHER ITEM   OBSERVED TIME   RECORD YEAR NORMAL DEPARTURE LAST
                VALUE   (LST)  VALUE       VALUE  FROM      YEAR
                                                  NORMAL
..................................................................
TEMPERATURE (F)
 YESTERDAY
  MAXIMUM         78    318 PM 106    1937  87     -9       84
  MINIMUM         53   1153 PM  46    1887  63    -10       62
  AVERAGE         66                        75     -9       73

PRECIPITATION (IN)
  YESTERDAY        T             4.24 1985   0.15  -0.15     0.00
  MONTH TO DATE    4.76                      3.37   1.39     0.57
  SINCE JUN 1      4.76                      3.37   1.39     0.57
  SINCE JAN 1     17.87                     13.71   4.16    12.88

SNOWFALL (IN)
  YESTERDAY        0.0                       0.0    0.0      0.0
  MONTH TO DATE    T                         0.0    0.0      0.0
  SINCE JUL 1      7.5                      25.9  -18.4     20.5
  SNOW DEPTH       0

DEGREE DAYS
 HEATING
  YESTERDAY        0                         0      0        0
  MONTH TO DATE    0                        13    -13        0
  SINCE JUN 1      0                        13    -13        0
  SINCE JUL 1   5016                      6053  -1037     4880

 COOLING
  YESTERDAY        1                        10     -9        8
  MONTH TO DATE  270                       166    104      311
  SINCE JUN 1    270                       166    104      311
  SINCE JAN 1    353                       245    108      382
..................................................................


WIND (MPH)
  HIGHEST WIND SPEED    26   HIGHEST WIND DIRECTION     N (340)
  HIGHEST GUST SPEED    33   HIGHEST GUST DIRECTION     N (340)
  AVERAGE WIND SPEED    11.9


SKY COVER
  POSSIBLE SUNSHINE  MM
  AVERAGE SKY COVER 0.2


WEATHER CONDITIONS
 THE FOLLOWING WEATHER WAS RECORDED YESTERDAY.
  LIGHT RAIN


RELATIVE HUMIDITY (PERCENT)
 HIGHEST    86          1100 PM
 LOWEST     39           400 PM
 AVERAGE    63

..........................................................


THE LINCOLN, NEBRASKA CLIMATE NORMALS FOR TODAY
                         NORMAL    RECORD    YEAR
 MAXIMUM TEMPERATURE (F)   87       103      1988
                                             1934
 MINIMUM TEMPERATURE (F)   64        47      2004


SUNRISE AND SUNSET
JUNE 24 2017..........SUNRISE   556 AM CDT   SUNSET   903 PM CDT
JUNE 25 2017..........SUNRISE   557 AM CDT   SUNSET   903 PM CDT


-  INDICATES NEGATIVE NUMBERS.
R  INDICATES RECORD WAS SET OR TIED.
MM INDICATES DATA IS MISSING.
T  INDICATES TRACE AMOUNT.




$$
