000
CDUS43 KOAX 290630
CLILNK


CLIMATE REPORT
NATIONAL WEATHER SERVICE OMAHA NEBRASKA
129 AM CDT SAT AUG 29 2015


...................................

...THE LINCOLN, NEBRASKA CLIMATE SUMMARY FOR AUGUST 28 2015...

CLIMATE NORMAL PERIOD 1981 TO 2010
CLIMATE RECORD PERIOD 1887 TO 2015


WEATHER ITEM   OBSERVED TIME   RECORD YEAR NORMAL DEPARTURE LAST
                VALUE   (LST)  VALUE       VALUE  FROM      YEAR
                                                  NORMAL
..................................................................
TEMPERATURE (F)
 YESTERDAY
  MAXIMUM         80    104 PM 103    1984  85     -5       82
  MINIMUM         64   1159 PM  41    1988  61      3       69
  AVERAGE         72                        73     -1       76

PRECIPITATION (IN)
  YESTERDAY        0.74          2.93 1910   0.12   0.62     2.66
  MONTH TO DATE    3.78                      3.14   0.64     6.83
  SINCE JUN 1     13.83                     10.89   2.94    13.24
  SINCE JAN 1     29.33                     21.23   8.10    22.99

SNOWFALL (IN)
  YESTERDAY        0.0                       0.0    0.0      0.0
  MONTH TO DATE    0.0                       0.0    0.0      0.0
  SINCE JUL 1      0.0                       0.0    0.0      0.0
  SNOW DEPTH       0

DEGREE DAYS
 HEATING
  YESTERDAY        0                         0      0        0
  MONTH TO DATE    3                         0      3        0
  SINCE JUN 1      4                        17    -13        4
  SINCE JUL 1      4                         1      3        2

 COOLING
  YESTERDAY        7                         9     -2       11
  MONTH TO DATE  265                       301    -36      321
  SINCE JUN 1    911                       933    -22      920
  SINCE JAN 1    963                      1012    -49     1080
..................................................................


WIND (MPH)
  HIGHEST WIND SPEED    20   HIGHEST WIND DIRECTION    NW (330)
  HIGHEST GUST SPEED    25   HIGHEST GUST DIRECTION    NW (310)
  AVERAGE WIND SPEED    11.4


SKY COVER
  POSSIBLE SUNSHINE  MM
  AVERAGE SKY COVER 0.8


WEATHER CONDITIONS
 THE FOLLOWING WEATHER WAS RECORDED YESTERDAY.
  THUNDERSTORM
  HEAVY RAIN
  RAIN
  LIGHT RAIN
  FOG
  HAZE


RELATIVE HUMIDITY (PERCENT)
 HIGHEST    90           300 AM
 LOWEST     62           100 PM
 AVERAGE    76

..........................................................


THE LINCOLN, NEBRASKA CLIMATE NORMALS FOR TODAY
                         NORMAL    RECORD    YEAR
 MAXIMUM TEMPERATURE (F)   85       101      1947
 MINIMUM TEMPERATURE (F)   61        41      1946


SUNRISE AND SUNSET
AUGUST 29 2015........SUNRISE   651 AM CDT   SUNSET   804 PM CDT
AUGUST 30 2015........SUNRISE   652 AM CDT   SUNSET   803 PM CDT


-  INDICATES NEGATIVE NUMBERS.
R  INDICATES RECORD WAS SET OR TIED.
MM INDICATES DATA IS MISSING.
T  INDICATES TRACE AMOUNT.




$$
