000
CDUS43 KOAX 250632
CLILNK


CLIMATE REPORT
NATIONAL WEATHER SERVICE OMAHA NEBRASKA
1228 AM CST SUN JAN 25 2015


...................................

...THE LINCOLN, NEBRASKA CLIMATE SUMMARY FOR JANUARY 24 2015...

CLIMATE NORMAL PERIOD 1981 TO 2010
CLIMATE RECORD PERIOD 1887 TO 2015


WEATHER ITEM   OBSERVED TIME   RECORD YEAR NORMAL DEPARTURE LAST
                VALUE   (LST)  VALUE       VALUE  FROM      YEAR
                                                  NORMAL
..................................................................
TEMPERATURE (F)
 YESTERDAY
  MAXIMUM         57    303 PM  72    1981  36     21       53
  MINIMUM         27    544 AM -19    1894  14     13       11
  AVERAGE         42                        25     17       32

PRECIPITATION (IN)
  YESTERDAY        0.03          0.46 1936   0.02   0.01      T
  MONTH TO DATE    0.09                      0.47  -0.38     0.20
  SINCE DEC 1      1.31                      1.42  -0.11     0.42
  SINCE JAN 1      0.09                      0.47  -0.38     0.20

SNOWFALL (IN)
  YESTERDAY        0.0                       0.2   -0.2      0.0
  MONTH TO DATE    0.9                       4.0   -3.1      3.3
  SINCE JUL 1      6.0                      12.7   -6.7      9.2
  SNOW DEPTH       0

DEGREE DAYS
 HEATING
  YESTERDAY       23                        40    -17       33
  MONTH TO DATE  948                       976    -28     1018
  SINCE DEC 1   1980                      2160   -180     2339
  SINCE JUL 1   3289                      3421   -132     3636

 COOLING
  YESTERDAY        0                         0      0        0
  MONTH TO DATE    0                         0      0        0
  SINCE DEC 1      0                         0      0        0
  SINCE JAN 1      0                         0      0        0
..................................................................


WIND (MPH)
  HIGHEST WIND SPEED    21   HIGHEST WIND DIRECTION     W (250)
  HIGHEST GUST SPEED    26   HIGHEST GUST DIRECTION    NW (310)
  AVERAGE WIND SPEED    10.0


SKY COVER
  POSSIBLE SUNSHINE  MM
  AVERAGE SKY COVER 0.3


WEATHER CONDITIONS
 THE FOLLOWING WEATHER WAS RECORDED YESTERDAY.
  LIGHT RAIN


RELATIVE HUMIDITY (PERCENT)
 HIGHEST    85          1200 AM
 LOWEST     35           300 PM
 AVERAGE    60

..........................................................


THE LINCOLN, NEBRASKA CLIMATE NORMALS FOR TODAY
                         NORMAL    RECORD    YEAR
 MAXIMUM TEMPERATURE (F)   36        69      1944
 MINIMUM TEMPERATURE (F)   14       -21      1905


SUNRISE AND SUNSET
JANUARY 25 2015.......SUNRISE   743 AM CST   SUNSET   536 PM CST
JANUARY 26 2015.......SUNRISE   743 AM CST   SUNSET   537 PM CST


-  INDICATES NEGATIVE NUMBERS.
R  INDICATES RECORD WAS SET OR TIED.
MM INDICATES DATA IS MISSING.
T  INDICATES TRACE AMOUNT.




$$
