000
CDUS43 KOAX 240624
CLILNK


CLIMATE REPORT
NATIONAL WEATHER SERVICE OMAHA NEBRASKA
123 AM CDT SUN JUL 24 2016


...................................

...THE LINCOLN, NEBRASKA CLIMATE SUMMARY FOR JULY 23 2016...

CLIMATE NORMAL PERIOD 1981 TO 2010
CLIMATE RECORD PERIOD 1887 TO 2016


WEATHER ITEM   OBSERVED TIME   RECORD YEAR NORMAL DEPARTURE LAST
                VALUE   (LST)  VALUE       VALUE  FROM      YEAR
                                                  NORMAL
..................................................................
TEMPERATURE (F)
 YESTERDAY
  MAXIMUM         94    530 PM 106    1941  89      5       93
  MINIMUM         76   1159 PM  48    1948  66     10       65
  AVERAGE         85                        78      7       79

PRECIPITATION (IN)
  YESTERDAY        0.00          2.77 1993   0.10  -0.10     0.00
  MONTH TO DATE    4.21                      2.58   1.63     1.88
  SINCE JUN 1      4.79                      6.93  -2.14     9.54
  SINCE JAN 1     17.10                     17.27  -0.17    25.04

SNOWFALL (IN)
  YESTERDAY        0.0                       0.0    0.0      0.0
  MONTH TO DATE    0.0                       0.0    0.0      0.0
  SINCE JUL 1      0.0                       0.0    0.0      0.0
  SNOW DEPTH       0

DEGREE DAYS
 HEATING
  YESTERDAY        0                         0      0        0
  MONTH TO DATE    0                         0      0        1
  SINCE JUN 1      0                        16    -16        1
  SINCE JUL 1      0                         0      0        1

 COOLING
  YESTERDAY       20                        13      7       14
  MONTH TO DATE  312                       292     20      262
  SINCE JUN 1    732                       534    198      525
  SINCE JAN 1    803                       613    190      577
..................................................................


WIND (MPH)
  HIGHEST WIND SPEED    18   HIGHEST WIND DIRECTION     S (180)
  HIGHEST GUST SPEED    24   HIGHEST GUST DIRECTION     S (170)
  AVERAGE WIND SPEED    10.1


SKY COVER
  POSSIBLE SUNSHINE  MM
  AVERAGE SKY COVER 0.1


WEATHER CONDITIONS
 THE FOLLOWING WEATHER WAS RECORDED YESTERDAY.
  NO SIGNIFICANT WEATHER WAS OBSERVED.


RELATIVE HUMIDITY (PERCENT)
 HIGHEST    79          1200 AM
 LOWEST     52           100 PM
 AVERAGE    66

..........................................................


THE LINCOLN, NEBRASKA CLIMATE NORMALS FOR TODAY
                         NORMAL    RECORD    YEAR
 MAXIMUM TEMPERATURE (F)   89       111      1940
                                             1936
 MINIMUM TEMPERATURE (F)   66        52      1911
                                             1905
                                             1887


SUNRISE AND SUNSET
JULY 24 2016..........SUNRISE   616 AM CDT   SUNSET   850 PM CDT
JULY 25 2016..........SUNRISE   617 AM CDT   SUNSET   849 PM CDT


-  INDICATES NEGATIVE NUMBERS.
R  INDICATES RECORD WAS SET OR TIED.
MM INDICATES DATA IS MISSING.
T  INDICATES TRACE AMOUNT.




$$
