000
CDUS43 KOAX 260626
CLILNK


CLIMATE REPORT
NATIONAL WEATHER SERVICE OMAHA NEBRASKA
1225 AM CST WED NOV 26 2014


...................................

...THE LINCOLN, NEBRASKA CLIMATE SUMMARY FOR NOVEMBER 25 2014...

CLIMATE NORMAL PERIOD 1981 TO 2010
CLIMATE RECORD PERIOD 1887 TO 2014


WEATHER ITEM   OBSERVED TIME   RECORD YEAR NORMAL DEPARTURE LAST
                VALUE   (LST)  VALUE       VALUE  FROM      YEAR
                                                  NORMAL
..................................................................
TEMPERATURE (F)
 YESTERDAY
  MAXIMUM         49    231 PM  77    1960  45      4       46
  MINIMUM         16    751 AM   4    1993  23     -7       24
  AVERAGE         33                        34     -1       35

PRECIPITATION (IN)
  YESTERDAY        T             0.95 1944   0.04  -0.04     0.00
  MONTH TO DATE    0.47                      1.23  -0.76     1.22
  SINCE SEP 1      9.82                      6.22   3.60     6.04
  SINCE JAN 1     33.52                     27.80   5.72    26.49

SNOWFALL (IN)
  YESTERDAY        0.0                       0.1   -0.1      0.0
  MONTH TO DATE    3.0                       1.5    1.5      0.2
  SINCE JUL 1      3.0                       2.2    0.8      0.2
  SNOW DEPTH       0

DEGREE DAYS
 HEATING
  YESTERDAY       32                        31      1       30
  MONTH TO DATE  748                       619    129      657
  SINCE SEP 1   1151                      1092     59     1110
  SINCE JUL 1   1153                      1098     55     1113

 COOLING
  YESTERDAY        0                         0      0        0
  MONTH TO DATE    0                         0      0        0
  SINCE SEP 1    126                       138    -12      221
  SINCE JAN 1   1237                      1173     64     1236
..................................................................


WIND (MPH)
  HIGHEST WIND SPEED    20   HIGHEST WIND DIRECTION    SW (210)
  HIGHEST GUST SPEED    26   HIGHEST GUST DIRECTION     S (180)
  AVERAGE WIND SPEED     7.7


SKY COVER
  POSSIBLE SUNSHINE  MM
  AVERAGE SKY COVER 0.3


WEATHER CONDITIONS
 THE FOLLOWING WEATHER WAS RECORDED YESTERDAY.
  LIGHT RAIN


RELATIVE HUMIDITY (PERCENT)
 HIGHEST    81           900 AM
 LOWEST     38           400 PM
 AVERAGE    60

..........................................................


THE LINCOLN, NEBRASKA CLIMATE NORMALS FOR TODAY
                         NORMAL    RECORD    YEAR
 MAXIMUM TEMPERATURE (F)   44        71      1894
 MINIMUM TEMPERATURE (F)   22        -2      1887


SUNRISE AND SUNSET
NOVEMBER 26 2014......SUNRISE   727 AM CST   SUNSET   502 PM CST
NOVEMBER 27 2014......SUNRISE   728 AM CST   SUNSET   501 PM CST


-  INDICATES NEGATIVE NUMBERS.
R  INDICATES RECORD WAS SET OR TIED.
MM INDICATES DATA IS MISSING.
T  INDICATES TRACE AMOUNT.


$$

BCM
