000
CDUS43 KOAX 140634
CLILNK


CLIMATE REPORT
NATIONAL WEATHER SERVICE OMAHA NEBRASKA
133 AM CDT MON JUL 14 2014


...................................

...THE LINCOLN, NEBRASKA CLIMATE SUMMARY FOR JULY 13 2014...

CLIMATE NORMAL PERIOD 1981 TO 2010
CLIMATE RECORD PERIOD 1887 TO 2014


WEATHER ITEM   OBSERVED TIME   RECORD YEAR NORMAL DEPARTURE LAST
                VALUE   (LST)  VALUE       VALUE  FROM      YEAR
                                                  NORMAL
..................................................................
TEMPERATURE (F)
 YESTERDAY
  MAXIMUM         92    314 PM 108    1954  89      3       96
  MINIMUM         65    440 AM  50    1950  66     -1       76
  AVERAGE         79                        78      1       86

PRECIPITATION (IN)
  YESTERDAY        0.06          1.26 1970   0.11  -0.05      T
  MONTH TO DATE    0.38                      1.52  -1.14      T
  SINCE JUN 1      6.28                      5.87   0.41     2.49
  SINCE JAN 1     16.03                     16.21  -0.18    18.34

SNOWFALL (IN)
  YESTERDAY        0.0                       0.0    0.0      0.0
  MONTH TO DATE    0.0                       0.0    0.0      0.0
  SINCE JUL 1      0.0                       0.0    0.0      0.0
  SNOW DEPTH       0

DEGREE DAYS
 HEATING
  YESTERDAY        0                         0      0        0
  MONTH TO DATE    0                         0      0        0
  SINCE JUN 1      2                        16    -14       20
  SINCE JUL 1      0                         0      0        0

 COOLING
  YESTERDAY       14                        13      1       21
  MONTH TO DATE  145                       162    -17      164
  SINCE JUN 1    423                       404     19      395
  SINCE JAN 1    583                       483    100      482
..................................................................


WIND (MPH)
  HIGHEST WIND SPEED    29   HIGHEST WIND DIRECTION    NW (310)
  HIGHEST GUST SPEED    35   HIGHEST GUST DIRECTION    NW (310)
  AVERAGE WIND SPEED     5.5


SKY COVER
  POSSIBLE SUNSHINE  MM
  AVERAGE SKY COVER 0.1


WEATHER CONDITIONS
 THE FOLLOWING WEATHER WAS RECORDED YESTERDAY.
  RAIN
  LIGHT RAIN
  FOG
  HAZE


RELATIVE HUMIDITY (PERCENT)
 HIGHEST    93           200 AM
 LOWEST     34           300 PM
 AVERAGE    64

..........................................................


THE LINCOLN, NEBRASKA CLIMATE NORMALS FOR TODAY
                         NORMAL    RECORD    YEAR
 MAXIMUM TEMPERATURE (F)   89       107      1936
 MINIMUM TEMPERATURE (F)   66        49      1990


SUNRISE AND SUNSET
JULY 14 2014..........SUNRISE   608 AM CDT   SUNSET   858 PM CDT
JULY 15 2014..........SUNRISE   608 AM CDT   SUNSET   857 PM CDT


-  INDICATES NEGATIVE NUMBERS.
R  INDICATES RECORD WAS SET OR TIED.
MM INDICATES DATA IS MISSING.
T  INDICATES TRACE AMOUNT.




$$
