000
CDUS43 KOAX 270706
CLILNK


CLIMATE REPORT
NATIONAL WEATHER SERVICE OMAHA NEBRASKA
204 AM CDT FRI MAR 27 2015


...................................

...THE LINCOLN, NEBRASKA CLIMATE SUMMARY FOR MARCH 26 2015...

CLIMATE NORMAL PERIOD 1981 TO 2010
CLIMATE RECORD PERIOD 1887 TO 2015


WEATHER ITEM   OBSERVED TIME   RECORD YEAR NORMAL DEPARTURE LAST
                VALUE   (LST)  VALUE       VALUE  FROM      YEAR
                                                  NORMAL
..................................................................
TEMPERATURE (F)
 YESTERDAY
  MAXIMUM         52    152 PM  88    1907  57     -5       67
  MINIMUM         20    629 AM   2    1965  31    -11       24
  AVERAGE         36                        44     -8       46

PRECIPITATION (IN)
  YESTERDAY        0.04          1.21 1983   0.07  -0.03     0.00
  MONTH TO DATE    0.77                      1.53  -0.76     0.06
  SINCE MAR 1      0.77                      1.53  -0.76     0.06
  SINCE JAN 1      2.61                      2.94  -0.33     0.92

SNOWFALL (IN)
  YESTERDAY        T                         0.1   -0.1      0.0
  MONTH TO DATE    0.5                       4.2   -3.7      0.7
  SINCE JUL 1     21.9                      23.9   -2.0     17.7
  SNOW DEPTH       0

DEGREE DAYS
 HEATING
  YESTERDAY       29                        21      8       19
  MONTH TO DATE  579                       672    -93      770
  SINCE MAR 1    579                       672    -93      770
  SINCE JUL 1   5266                      5375   -109     5887

 COOLING
  YESTERDAY        0                         0      0        0
  MONTH TO DATE    2                         0      2        0
  SINCE MAR 1      2                         0      2        0
  SINCE JAN 1      2                         0      2        0
..................................................................


WIND (MPH)
  HIGHEST WIND SPEED    20   HIGHEST WIND DIRECTION     N (10)
  HIGHEST GUST SPEED    22   HIGHEST GUST DIRECTION     N (360)
  AVERAGE WIND SPEED     7.1


SKY COVER
  POSSIBLE SUNSHINE  MM
  AVERAGE SKY COVER 0.3


WEATHER CONDITIONS
 THE FOLLOWING WEATHER WAS RECORDED YESTERDAY.
  LIGHT RAIN
  LIGHT SNOW
  FOG


RELATIVE HUMIDITY (PERCENT)
 HIGHEST   100           700 PM
 LOWEST     35           200 PM
 AVERAGE    68

..........................................................


THE LINCOLN, NEBRASKA CLIMATE NORMALS FOR TODAY
                         NORMAL    RECORD    YEAR
 MAXIMUM TEMPERATURE (F)   57        84      1905
 MINIMUM TEMPERATURE (F)   32         6      1913


SUNRISE AND SUNSET
MARCH 27 2015.........SUNRISE   719 AM CDT   SUNSET   746 PM CDT
MARCH 28 2015.........SUNRISE   717 AM CDT   SUNSET   747 PM CDT


-  INDICATES NEGATIVE NUMBERS.
R  INDICATES RECORD WAS SET OR TIED.
MM INDICATES DATA IS MISSING.
T  INDICATES TRACE AMOUNT.




$$
