000
CDUS43 KOAX 280625
CLILNK


CLIMATE REPORT
NATIONAL WEATHER SERVICE OMAHA NEBRASKA
125 AM CDT TUE MAR 28 2017


...................................

...THE LINCOLN, NEBRASKA CLIMATE SUMMARY FOR MARCH 27 2017...

CLIMATE NORMAL PERIOD 1981 TO 2010
CLIMATE RECORD PERIOD 1887 TO 2017


WEATHER ITEM   OBSERVED TIME   RECORD YEAR NORMAL DEPARTURE LAST
                VALUE   (LST)  VALUE       VALUE  FROM      YEAR
                                                  NORMAL
..................................................................
TEMPERATURE (F)
 YESTERDAY
  MAXIMUM         57    426 PM  84    1905  57      0       54
  MINIMUM         34   1147 PM   6    1913  32      2       29
  AVERAGE         46                        44      2       42

PRECIPITATION (IN)
  YESTERDAY        T             0.98 2004   0.07  -0.07     0.00
  MONTH TO DATE    0.51                      1.60  -1.09     0.91
  SINCE MAR 1      0.51                      1.60  -1.09     0.91
  SINCE JAN 1      2.16                      3.01  -0.85     2.50

SNOWFALL (IN)
  YESTERDAY        0.0                       0.1   -0.1      0.0
  MONTH TO DATE    0.6                       4.3   -3.7       T
  SINCE JUL 1      7.5                      24.0  -16.5     20.5
  SNOW DEPTH       0

DEGREE DAYS
 HEATING
  YESTERDAY       19                        21     -2       23
  MONTH TO DATE  570                       693   -123      496
  SINCE MAR 1    570                       693   -123      496
  SINCE JUL 1   4453                      5396   -943     4413

 COOLING
  YESTERDAY        0                         0      0        0
  MONTH TO DATE    1                         0      1        1
  SINCE MAR 1      1                         0      1        1
  SINCE JAN 1      1                         0      1        1
..................................................................


WIND (MPH)
  HIGHEST WIND SPEED    13   HIGHEST WIND DIRECTION     E (070)
  HIGHEST GUST SPEED    16   HIGHEST GUST DIRECTION    NE (050)
  AVERAGE WIND SPEED     6.5


SKY COVER
  POSSIBLE SUNSHINE  MM
  AVERAGE SKY COVER 0.7


WEATHER CONDITIONS
 THE FOLLOWING WEATHER WAS RECORDED YESTERDAY.
  LIGHT RAIN
  FOG


RELATIVE HUMIDITY (PERCENT)
 HIGHEST    92           100 AM
 LOWEST     55           400 PM
 AVERAGE    74

..........................................................


THE LINCOLN, NEBRASKA CLIMATE NORMALS FOR TODAY
                         NORMAL    RECORD    YEAR
 MAXIMUM TEMPERATURE (F)   58        90      1895
 MINIMUM TEMPERATURE (F)   32        11      1898


SUNRISE AND SUNSET
MARCH 28 2017.........SUNRISE   717 AM CDT   SUNSET   748 PM CDT
MARCH 29 2017.........SUNRISE   715 AM CDT   SUNSET   749 PM CDT


-  INDICATES NEGATIVE NUMBERS.
R  INDICATES RECORD WAS SET OR TIED.
MM INDICATES DATA IS MISSING.
T  INDICATES TRACE AMOUNT.




$$
