000
CDUS43 KLOT 230646
CLILOT


CLIMATE REPORT
NATIONAL WEATHER SERVICE CHICAGO IL
145 AM CDT WED AUG 23 2017


...................................

...THE ROMEOVILLE  WFO CLIMATE SUMMARY FOR AUGUST 22 2017...

CLIMATE NORMAL PERIOD 1981 TO 2010
CLIMATE RECORD PERIOD 1992 TO 2017


WEATHER ITEM   OBSERVED RECORD YEAR NORMAL DEPARTURE LAST
                VALUE   VALUE       VALUE  FROM      YEAR
                                           NORMAL
...........................................................
TEMPERATURE (F)
 YESTERDAY
  MAXIMUM         77     89    2007  82     -5       77
                               1996
  MINIMUM         60     51    2004  62     -2       54
                               1992
  AVERAGE         69                 72     -3       66

PRECIPITATION (IN)
  YESTERDAY        0.00   1.04 2007   0.12  -0.12     0.00
  MONTH TO DATE    2.53               2.93  -0.40     5.17
  SINCE JUN 1     11.33              11.98  -0.65    14.93
  SINCE JAN 1     33.55              26.68   6.87    27.16

DEGREE DAYS
 HEATING
  YESTERDAY        0                  0      0
  MONTH TO DATE    4                  0      4
  SINCE JUN 1     14                 35    -21
  SINCE JUL 1      4                  2      2

 COOLING
  YESTERDAY        4                  7     -3
  MONTH TO DATE  129                172    -43
  SINCE JUN 1    633                634     -1
  SINCE JAN 1    670                692    -22
...........................................................







THE ROMEOVILLE  WFO CLIMATE NORMALS FOR TODAY
                         NORMAL    RECORD    YEAR
 MAXIMUM TEMPERATURE (F)   82        91      2012
 MINIMUM TEMPERATURE (F)   62        51      1997


SUNRISE AND SUNSET
AUGUST 23 2017........SUNRISE   609 AM CDT   SUNSET   740 PM CDT
AUGUST 24 2017........SUNRISE   610 AM CDT   SUNSET   738 PM CDT


-  INDICATES NEGATIVE NUMBERS.
R  INDICATES RECORD WAS SET OR TIED.
MM INDICATES DATA IS MISSING.
T  INDICATES TRACE AMOUNT.




$$
