000
CDUS43 KLOT 282239
CLILOT


CLIMATE REPORT
NATIONAL WEATHER SERVICE CHICAGO IL
438 PM CST SUN DEC 28 2014


...................................

...THE ROMEOVILLE  WFO CLIMATE SUMMARY FOR DECEMBER 28 2014...
VALID TODAY AS OF 0400 PM LOCAL TIME.

CLIMATE NORMAL PERIOD 1981 TO 2010
CLIMATE RECORD PERIOD 1992 TO 2014


WEATHER ITEM   OBSERVED TIME   RECORD YEAR NORMAL DEPARTURE
                VALUE   (LST)  VALUE       VALUE  FROM
                                                  NORMAL
...............................................................
TEMPERATURE (F)
 TODAY
  MAXIMUM         33    300 PM  52    2013  32      1
  MINIMUM         22        MM   2    2000  17      5
                                      1993
  AVERAGE         28                        24      4

PRECIPITATION (IN)
  TODAY            0.00          0.31 2007   0.07  -0.07
  MONTH TO DATE    1.05                      2.03  -0.98
  SINCE DEC 1      1.05                      2.03  -0.98
  SINCE JAN 1     48.73                     39.85   8.88

SNOWFALL (IN)
  TODAY            0.0           1.7  2007   0.4   -0.4
  MONTH TO DATE    T                         8.3   -8.3
  SINCE DEC 1      T                         8.3   -8.3
  SINCE JUL 1      1.4                       9.2   -7.8

DEGREE DAYS
 HEATING
  TODAY           37                        41     -4
  MONTH TO DATE  885                      1031   -146
  SINCE DEC 1    885                      1031   -146
  SINCE JUL 1   2361                      2250    111

 COOLING
  TODAY            0                         0      0
  MONTH TO DATE    0                         0      0
  SINCE DEC 1      0                         0      0
  SINCE JAN 1    748                       862   -114
...............................................................







THE ROMEOVILLE  WFO CLIMATE NORMALS FOR TOMORROW
                         NORMAL    RECORD    YEAR
 MAXIMUM TEMPERATURE (F)   31        52      2006
 MINIMUM TEMPERATURE (F)   17         5      2009


SUNRISE AND SUNSET
DECEMBER 28 2014......SUNRISE   718 AM CST   SUNSET   430 PM CST
DECEMBER 29 2014......SUNRISE   719 AM CST   SUNSET   430 PM CST


-  INDICATES NEGATIVE NUMBERS.
R  INDICATES RECORD WAS SET OR TIED.
MM INDICATES DATA IS MISSING.
T  INDICATES TRACE AMOUNT.




$$
