000
CDUS43 KLOT 190634
CLILOT


CLIMATE REPORT
NATIONAL WEATHER SERVICE CHICAGO IL
133 AM CDT FRI SEP 19 2014


...................................

...THE ROMEOVILLE  WFO CLIMATE SUMMARY FOR SEPTEMBER 18 2014...

CLIMATE NORMAL PERIOD 1981 TO 2010
CLIMATE RECORD PERIOD 1992 TO 2014


WEATHER ITEM   OBSERVED RECORD YEAR NORMAL DEPARTURE LAST
                VALUE   VALUE       VALUE  FROM      YEAR
                                           NORMAL
...........................................................
TEMPERATURE (F)
 YESTERDAY
  MAXIMUM         71     88    2007  75     -4       82
                               2000
  MINIMUM         49     43    1995  54     -5       59
  AVERAGE         60                 64     -4       71

PRECIPITATION (IN)
  YESTERDAY        0.00   1.21 2001   0.10  -0.10     0.09
  MONTH TO DATE    2.84               1.97   0.87     1.08
  SINCE SEP 1      2.84               1.97   0.87     1.08
  SINCE JAN 1     41.50              29.79  11.71    30.40

DEGREE DAYS
 HEATING
  YESTERDAY        5                  3      2
  MONTH TO DATE   89                 29     60
  SINCE SEP 1     89                 29     60
  SINCE JUL 1    101                 37     64

 COOLING
  YESTERDAY        0                  2     -2
  MONTH TO DATE   56                 73    -17
  SINCE SEP 1     56                 73    -17
  SINCE JAN 1    727                826    -99
...........................................................







THE ROMEOVILLE  WFO CLIMATE NORMALS FOR TODAY
                         NORMAL    RECORD    YEAR
 MAXIMUM TEMPERATURE (F)   75        91      2013
 MINIMUM TEMPERATURE (F)   53        40      1992


SUNRISE AND SUNSET
SEPTEMBER 19 2014.....SUNRISE   637 AM CDT   SUNSET   655 PM CDT
SEPTEMBER 20 2014.....SUNRISE   638 AM CDT   SUNSET   653 PM CDT


-  INDICATES NEGATIVE NUMBERS.
R  INDICATES RECORD WAS SET OR TIED.
MM INDICATES DATA IS MISSING.
T  INDICATES TRACE AMOUNT.




$$
