263
CDUS43 KLOT 272236
CLILOT


CLIMATE REPORT
NATIONAL WEATHER SERVICE CHICAGO IL
434 PM CST MON FEB 27 2017


...................................

...THE ROMEOVILLE  WFO CLIMATE SUMMARY FOR FEBRUARY 27 2017...
VALID TODAY AS OF 0400 PM LOCAL TIME.

CLIMATE NORMAL PERIOD 1981 TO 2010
CLIMATE RECORD PERIOD 1992 TO 2017


WEATHER ITEM   OBSERVED TIME   RECORD YEAR NORMAL DEPARTURE
                VALUE   (LST)  VALUE       VALUE  FROM
                                                  NORMAL
...............................................................
TEMPERATURE (F)
 TODAY
  MAXIMUM         54    400 PM  55    2016  40     14
                                      1996
  MINIMUM         29        MM  -9    2015  24      5
  AVERAGE         42                        32     10

PRECIPITATION (IN)
  TODAY            0.00          0.63 2011   0.08  -0.08
  MONTH TO DATE    0.89                      1.70  -0.81
  SINCE DEC 1      5.08                      5.88  -0.80
  SINCE JAN 1      3.56                      3.63  -0.07

SNOWFALL (IN)
  TODAY            0.0           0.5  2013   0.2   -0.2
  MONTH TO DATE    1.3                       6.2   -4.9
  SINCE DEC 1     19.4                      26.3   -6.9
  SINCE JUL 1     19.4                      27.2   -7.8

DEGREE DAYS
 HEATING
  TODAY           23                        33    -10
  MONTH TO DATE  740                      1015   -275
  SINCE DEC 1   3107                      3477   -370
  SINCE JUL 1   3963                      4696   -733

 COOLING
  TODAY            0                         0      0
  MONTH TO DATE    0                         0      0
  SINCE DEC 1      0                         0      0
  SINCE JAN 1      0                         0      0
...............................................................







THE ROMEOVILLE  WFO CLIMATE NORMALS FOR TOMORROW
                         NORMAL    RECORD    YEAR
 MAXIMUM TEMPERATURE (F)   41        64      2016
 MINIMUM TEMPERATURE (F)   24        -8      2015


SUNRISE AND SUNSET
FEBRUARY 27 2017......SUNRISE   630 AM CST   SUNSET   541 PM CST
FEBRUARY 28 2017......SUNRISE   628 AM CST   SUNSET   542 PM CST


-  INDICATES NEGATIVE NUMBERS.
R  INDICATES RECORD WAS SET OR TIED.
MM INDICATES DATA IS MISSING.
T  INDICATES TRACE AMOUNT.




$$
