000
CDUS43 KLOT 290638
CLILOT


CLIMATE REPORT
NATIONAL WEATHER SERVICE CHICAGO IL
134 AM CDT THU JUN 29 2017


...................................

...THE ROMEOVILLE  WFO CLIMATE SUMMARY FOR JUNE 28 2017...

CLIMATE NORMAL PERIOD 1981 TO 2010
CLIMATE RECORD PERIOD 1992 TO 2017


WEATHER ITEM   OBSERVED RECORD YEAR NORMAL DEPARTURE LAST
                VALUE   VALUE       VALUE  FROM      YEAR
                                           NORMAL
...........................................................
TEMPERATURE (F)
 YESTERDAY
  MAXIMUM         82     99    2012  83     -1       72
  MINIMUM         59     44    1992  63     -4       55
  AVERAGE         71                 73     -2       64

PRECIPITATION (IN)
  YESTERDAY        0.25   1.04 1993   0.13   0.12     0.00
  MONTH TO DATE    1.44               4.11  -2.67     2.19
  SINCE JUN 1      1.44               4.11  -2.67     2.19
  SINCE JAN 1     23.66              18.81   4.85    14.42

DEGREE DAYS
 HEATING
  YESTERDAY        0                  0      0
  MONTH TO DATE   10                 31    -21
  SINCE JUN 1     10                 31    -21
  SINCE JUL 1   5346               6217   -871

 COOLING
  YESTERDAY        6                  8     -2
  MONTH TO DATE  206                161     45
  SINCE JUN 1    206                161     45
  SINCE JAN 1    243                219     24
...........................................................







THE ROMEOVILLE  WFO CLIMATE NORMALS FOR TODAY
                         NORMAL    RECORD    YEAR
 MAXIMUM TEMPERATURE (F)   84        95      1996
 MINIMUM TEMPERATURE (F)   63        53      2016


SUNRISE AND SUNSET
JUNE 29 2017..........SUNRISE   521 AM CDT   SUNSET   831 PM CDT
JUNE 30 2017..........SUNRISE   522 AM CDT   SUNSET   830 PM CDT


-  INDICATES NEGATIVE NUMBERS.
R  INDICATES RECORD WAS SET OR TIED.
MM INDICATES DATA IS MISSING.
T  INDICATES TRACE AMOUNT.




$$
