115
CDUS43 KLOT 260636
CLILOT


CLIMATE REPORT
NATIONAL WEATHER SERVICE CHICAGO IL
136 AM CDT WED APR 26 2017


...................................

...THE ROMEOVILLE  WFO CLIMATE SUMMARY FOR APRIL 25 2017...

CLIMATE NORMAL PERIOD 1981 TO 2010
CLIMATE RECORD PERIOD 1992 TO 2017


WEATHER ITEM   OBSERVED RECORD YEAR NORMAL DEPARTURE LAST
                VALUE   VALUE       VALUE  FROM      YEAR
                                           NORMAL
...........................................................
TEMPERATURE (F)
 YESTERDAY
  MAXIMUM         78     86    1994  65     13       82
  MINIMUM         55     34    2005  43     12       59
  AVERAGE         67                 54     13       71

PRECIPITATION (IN)
  YESTERDAY        0.00   2.82 2007   0.14  -0.14     0.00
  MONTH TO DATE    2.75               3.16  -0.41     1.40
  SINCE MAR 1      7.67               5.93   1.74     5.13
  SINCE JAN 1     13.38               9.64   3.74     7.20

SNOWFALL (IN)
  YESTERDAY        0.0    0.0  2011   0.0    0.0      0.0
                               2010
                               2009
  MONTH TO DATE    T                  0.5   -0.5      0.4
  SINCE MAR 1      4.9                4.9    0.0      2.4
  SINCE JUL 1     24.3               32.3   -8.0     22.3
  SNOW DEPTH       0

DEGREE DAYS
 HEATING
  YESTERDAY        0                 12    -12
  MONTH TO DATE  272                397   -125
  SINCE MAR 1   1067               1214   -147
  SINCE JUL 1   5042               5942   -900

 COOLING
  YESTERDAY        2                  0      2
  MONTH TO DATE    9                  0      9
  SINCE MAR 1      9                  0      9
  SINCE JAN 1      9                  0      9
...........................................................







THE ROMEOVILLE  WFO CLIMATE NORMALS FOR TODAY
                         NORMAL    RECORD    YEAR
 MAXIMUM TEMPERATURE (F)   65        89      1994
 MINIMUM TEMPERATURE (F)   43        33      2012


SUNRISE AND SUNSET
APRIL 26 2017.........SUNRISE   556 AM CDT   SUNSET   745 PM CDT
APRIL 27 2017.........SUNRISE   554 AM CDT   SUNSET   746 PM CDT


-  INDICATES NEGATIVE NUMBERS.
R  INDICATES RECORD WAS SET OR TIED.
MM INDICATES DATA IS MISSING.
T  INDICATES TRACE AMOUNT.




$$
