000
CDUS43 KLOT 060634
CLILOT


CLIMATE REPORT
NATIONAL WEATHER SERVICE CHICAGO IL
1233 AM CST FRI MAR 6 2015


...................................

...THE ROMEOVILLE  WFO CLIMATE SUMMARY FOR MARCH 5 2015...

CLIMATE NORMAL PERIOD 1981 TO 2010
CLIMATE RECORD PERIOD 1992 TO 2015


WEATHER ITEM   OBSERVED RECORD YEAR NORMAL DEPARTURE LAST
                VALUE   VALUE       VALUE  FROM      YEAR
                                           NORMAL
...........................................................
TEMPERATURE (F)
 YESTERDAY
  MAXIMUM         16     70    2000  43    -27       24
  MINIMUM          2R    10    2002  26    -24       19
  AVERAGE          9                 34    -25       22

PRECIPITATION (IN)
  YESTERDAY        0.00   0.78 1999   0.08  -0.08     0.12
  MONTH TO DATE    0.11               0.43  -0.32     0.28
  SINCE MAR 1      0.11               0.43  -0.32     0.28
  SINCE JAN 1      2.95               4.14  -1.19     5.14

SNOWFALL (IN)
  YESTERDAY        0.0    8.7  2013   0.3   -0.3      1.3
  MONTH TO DATE    0.5                1.2   -0.7      4.1
  SINCE MAR 1      0.5                1.2   -0.7      4.1
  SINCE JUL 1     31.7               28.6    3.1     69.6
  SNOW DEPTH       6

DEGREE DAYS
 HEATING
  YESTERDAY       56                 31     25
  MONTH TO DATE  227                158     69
  SINCE MAR 1    227                158     69
  SINCE JUL 1   5472               4886    586

 COOLING
  YESTERDAY        0                  0      0
  MONTH TO DATE    0                  0      0
  SINCE MAR 1      0                  0      0
  SINCE JAN 1      0                  0      0
...........................................................







THE ROMEOVILLE  WFO CLIMATE NORMALS FOR TODAY
                         NORMAL    RECORD    YEAR
 MAXIMUM TEMPERATURE (F)   43        71      2000
 MINIMUM TEMPERATURE (F)   26        10      1996


SUNRISE AND SUNSET
MARCH  6 2015.........SUNRISE   619 AM CST   SUNSET   548 PM CST
MARCH  7 2015.........SUNRISE   618 AM CST   SUNSET   550 PM CST


-  INDICATES NEGATIVE NUMBERS.
R  INDICATES RECORD WAS SET OR TIED.
MM INDICATES DATA IS MISSING.
T  INDICATES TRACE AMOUNT.




$$
