000
CDUS43 KLOT 301340
CLILOT


CLIMATE REPORT
NATIONAL WEATHER SERVICE CHICAGO IL
840 AM CDT SAT APR 30 2016


...................................

...THE ROMEOVILLE  WFO CLIMATE SUMMARY FOR APRIL 29 2016...

CLIMATE NORMAL PERIOD 1981 TO 2010
CLIMATE RECORD PERIOD 1992 TO 2016


WEATHER ITEM   OBSERVED RECORD YEAR NORMAL DEPARTURE LAST
                VALUE   VALUE       VALUE  FROM      YEAR
                                           NORMAL
...........................................................
TEMPERATURE (F)
 YESTERDAY
  MAXIMUM         53     81    2007  66    -13       66
  MINIMUM         43     32    2008  44     -1       38
  AVERAGE         48                 55     -7       52

PRECIPITATION (IN)
  YESTERDAY        0.01   0.45 1996   0.17  -0.16     0.00
  MONTH TO DATE    2.21               3.79  -1.58     3.46
  SINCE MAR 1      5.94               6.56  -0.62     4.25
  SINCE JAN 1      8.01              10.27  -2.26     7.09

SNOWFALL (IN)
  YESTERDAY        0.0    0.0  2011   0.0    0.0      0.0
                               2010
                               2009
  MONTH TO DATE    0.4                0.5   -0.1       T
  SINCE MAR 1      2.4                4.9   -2.5      5.2
  SINCE JUL 1     22.3               32.3  -10.0     36.4
  SNOW DEPTH       0

DEGREE DAYS
 HEATING
  YESTERDAY       17                 10      7
  MONTH TO DATE  448                440      8
  SINCE MAR 1   1080               1257   -177
  SINCE JUL 1   5113               5985   -872

 COOLING
  YESTERDAY        0                  0      0
  MONTH TO DATE   11                  0     11
  SINCE MAR 1     11                  0     11
  SINCE JAN 1     11                  0     11
...........................................................







THE ROMEOVILLE  WFO CLIMATE NORMALS FOR TODAY
                         NORMAL    RECORD    YEAR
 MAXIMUM TEMPERATURE (F)   66        87      2001
 MINIMUM TEMPERATURE (F)   45        34      2008
                                             2005
                                             1994


SUNRISE AND SUNSET
APRIL 30 2016.........SUNRISE   550 AM CDT   SUNSET   750 PM CDT
MAY  1 2016...........SUNRISE   549 AM CDT   SUNSET   751 PM CDT


-  INDICATES NEGATIVE NUMBERS.
R  INDICATES RECORD WAS SET OR TIED.
MM INDICATES DATA IS MISSING.
T  INDICATES TRACE AMOUNT.




$$
