000
CDUS43 KLMK 190630
CLILOU


CLIMATE REPORT
NATIONAL WEATHER SERVICE LOUISVILLE KY
229 AM EDT TUE SEP 19 2017


...................................

...THE LOUISVILLE BOWMAN KY CLIMATE SUMMARY FOR SEPTEMBER 18 2017...

CLIMATE NORMAL PERIOD 1981 TO 2010
CLIMATE RECORD PERIOD 9999 TO 9999


WEATHER ITEM   OBSERVED TIME   RECORD YEAR NORMAL DEPARTURE LAST
                VALUE   (LST)  VALUE       VALUE  FROM      YEAR
                                                  NORMAL
..................................................................
TEMPERATURE (F)
 YESTERDAY
  MAXIMUM         85    454 PM  MM      MM  79      6       87
  MINIMUM         64    344 AM  MM      MM  58      6       72
  AVERAGE         75                        69      6       80

PRECIPITATION (IN)
  YESTERDAY        T            MM      MM   0.10  -0.10      T
  MONTH TO DATE    4.42                      1.78   2.64     0.83
  SINCE SEP 1      4.42                      1.78   2.64     0.83
  SINCE JAN 1     34.15                     33.32   0.83    36.40

SNOWFALL (IN)
  YESTERDAY       MM            MM      MM  MM     MM       MM
  MONTH TO DATE   MM                        MM     MM       MM
  SINCE SEP 1     MM                        MM     MM       MM
  SINCE JUL 1     MM                        MM     MM       MM
  SNOW DEPTH      MM

DEGREE DAYS
 HEATING
  YESTERDAY        0                         1     -1        0
  MONTH TO DATE   21                         5     16        0
  SINCE SEP 1     21                         5     16        0
  SINCE JUL 1     21                         5     16        0

 COOLING
  YESTERDAY       10                         5      5       15
  MONTH TO DATE   59                       135    -76      212
  SINCE SEP 1     59                       135    -76      212
  SINCE JAN 1   1393                      1374     19     1686
..................................................................


WIND (MPH)
  HIGHEST WIND SPEED    12   HIGHEST WIND DIRECTION     W (290)
  HIGHEST GUST SPEED    14   HIGHEST GUST DIRECTION    SW (240)
  AVERAGE WIND SPEED     1.2


SKY COVER
  POSSIBLE SUNSHINE  MM
  AVERAGE SKY COVER 0.3


WEATHER CONDITIONS
 THE FOLLOWING WEATHER WAS RECORDED YESTERDAY.
  LIGHT RAIN
  FOG


RELATIVE HUMIDITY (PERCENT)
 HIGHEST   100           100 AM
 LOWEST     55           500 PM
 AVERAGE    78

..........................................................


THE LOUISVILLE BOWMAN KY CLIMATE NORMALS FOR TODAY
                         NORMAL
 MAXIMUM TEMPERATURE (F)   79
 MINIMUM TEMPERATURE (F)   58


SUNRISE AND SUNSET
SEPTEMBER 19 2017.....SUNRISE   728 AM EDT   SUNSET   744 PM EDT
SEPTEMBER 20 2017.....SUNRISE   729 AM EDT   SUNSET   742 PM EDT


-  INDICATES NEGATIVE NUMBERS.
R  INDICATES RECORD WAS SET OR TIED.
MM INDICATES DATA IS MISSING.
T  INDICATES TRACE AMOUNT.




$$
