000
CDUS43 KJKL 250542
CLILOZ

CLIMATE REPORT
NATIONAL WEATHER SERVICE JACKSON KY
143 AM EDT FRI APR 25 2014

...................................

...THE LONDON KY CLIMATE SUMMARY FOR APRIL 24 2014...

CLIMATE NORMAL PERIOD 1981 TO 2010
CLIMATE RECORD PERIOD 1954 TO 2014

WEATHER ITEM   OBSERVED TIME   RECORD YEAR NORMAL DEPARTURE LAST
                VALUE   (LST)  VALUE       VALUE  FROM      YEAR
                                                  NORMAL
..................................................................
TEMPERATURE (F)
 YESTERDAY
  MAXIMUM         78    444 PM  89    2009  71      7       68
  MINIMUM         44    542 AM  28    1986  47     -3       44
  AVERAGE         61                        59      2       56

PRECIPITATION (IN)
  YESTERDAY        0.00          1.42 2010   0.15  -0.15     0.35
  MONTH TO DATE    1.78                      3.20  -1.42     4.69
  SINCE MAR 1      6.95                      7.25  -0.30    10.14
  SINCE JAN 1     13.46                     14.50  -1.04    16.93

SNOWFALL (IN)
  YESTERDAY       MM
  MONTH TO DATE   MM
  SINCE MAR 1     MM
  SINCE JUL 1     MM
  SNOW DEPTH      MM

DEGREE DAYS
 HEATING
  YESTERDAY        4                         7     -3        9
  MONTH TO DATE  161                       239    -78      230
  SINCE MAR 1    812                       788     24     1022
  SINCE JUL 1   4319                      4064    255     4370

 COOLING
  YESTERDAY        0                         1     -1        0
  MONTH TO DATE   16                        16      0       20
  SINCE MAR 1     16                        19     -3       20
  SINCE JAN 1     16                        19     -3       20
..................................................................

WIND (MPH)
  HIGHEST WIND SPEED     9   HIGHEST WIND DIRECTION     S (200)
  HIGHEST GUST SPEED    13   HIGHEST GUST DIRECTION     S (200)
  AVERAGE WIND SPEED     2.6

SKY COVER
  POSSIBLE SUNSHINE  MM
  AVERAGE SKY COVER 0.2

WEATHER CONDITIONS
 THE FOLLOWING WEATHER WAS RECORDED YESTERDAY.
  NO SIGNIFICANT WEATHER WAS OBSERVED.

RELATIVE HUMIDITY (PERCENT)
 HIGHEST    60           200 AM
 LOWEST     18           400 PM
 AVERAGE    39
..........................................................

THE LONDON KY CLIMATE NORMALS FOR TODAY
                         NORMAL    RECORD    YEAR
 MAXIMUM TEMPERATURE (F)   71        88      2009
 MINIMUM TEMPERATURE (F)   47        31      1967

SUNRISE AND SUNSET
APRIL 25 2014.........SUNRISE   649 AM EDT   SUNSET   820 PM EDT
APRIL 26 2014.........SUNRISE   648 AM EDT   SUNSET   821 PM EDT

-  INDICATES NEGATIVE NUMBERS.
R  INDICATES RECORD WAS SET OR TIED.
MM INDICATES DATA IS MISSING.
T  INDICATES TRACE AMOUNT.

$$

SHALLENBERGER
