000
CDUS43 KJKL 230534
CLILOZ

CLIMATE REPORT
NATIONAL WEATHER SERVICE JACKSON KY
1233 AM EST MON JAN 23 2017

...................................

...THE LONDON KY CLIMATE SUMMARY FOR JANUARY 22 2017...

CLIMATE NORMAL PERIOD 1981 TO 2010
CLIMATE RECORD PERIOD 1954 TO 2017

WEATHER ITEM   OBSERVED TIME   RECORD YEAR NORMAL DEPARTURE LAST
                VALUE   (LST)  VALUE       VALUE  FROM      YEAR
                                                  NORMAL
..................................................................
TEMPERATURE (F)
 YESTERDAY
  MAXIMUM         59    228 PM  74    1999  45     14       28
  MINIMUM         43    305 AM  -7    1961  26     17       22
  AVERAGE         51                        36     15       25

PRECIPITATION (IN)
  YESTERDAY        0.13          2.12 1957   0.11   0.02     1.15
  MONTH TO DATE    3.44                      2.50   0.94     2.05
  SINCE DEC 1      9.74                      6.74   3.00     7.50
  SINCE JAN 1      3.44                      2.50   0.94     2.05

SNOWFALL (IN)
  YESTERDAY       MM
  MONTH TO DATE   MM
  SINCE DEC 1     MM
  SINCE JUL 1     MM
  SNOW DEPTH      MM

DEGREE DAYS
 HEATING
  YESTERDAY       14                        29    -15       40
  MONTH TO DATE  469                       655   -186      739
  SINCE DEC 1   1263                      1477   -214     1214
  SINCE JUL 1   1854                      2307   -453     1879

 COOLING
  YESTERDAY        0                         0      0        0
  MONTH TO DATE    0                         0      0        0
  SINCE DEC 1      0                         1     -1        0
  SINCE JAN 1      0                         0      0        0
..................................................................

WIND (MPH)
  HIGHEST WIND SPEED    16   HIGHEST WIND DIRECTION    NE (40)
  HIGHEST GUST SPEED    22   HIGHEST GUST DIRECTION    NE (30)
  AVERAGE WIND SPEED     4.4

SKY COVER
  POSSIBLE SUNSHINE  MM
  AVERAGE SKY COVER 0.8

WEATHER CONDITIONS
 THE FOLLOWING WEATHER WAS RECORDED YESTERDAY.
  RAIN
  LIGHT RAIN
  FOG
  FOG W/VISIBILITY <= 1/4 MILE

RELATIVE HUMIDITY (PERCENT)
 HIGHEST   100           100 AM
 LOWEST     77           400 PM
 AVERAGE    89
..........................................................

THE LONDON KY CLIMATE NORMALS FOR TODAY
                         NORMAL    RECORD    YEAR
 MAXIMUM TEMPERATURE (F)   45        70      1967
 MINIMUM TEMPERATURE (F)   26       -12      1963

SUNRISE AND SUNSET
JANUARY 23 2017.......SUNRISE   745 AM EST   SUNSET   552 PM EST
JANUARY 24 2017.......SUNRISE   745 AM EST   SUNSET   553 PM EST

-  INDICATES NEGATIVE NUMBERS.
R  INDICATES RECORD WAS SET OR TIED.
MM INDICATES DATA IS MISSING.
T  INDICATES TRACE AMOUNT.

$$

GEOGERIAN
