000
CDUS43 KJKL 062122
CLILOZ

CLIMATE REPORT NATIONAL WEATHER SERVICE JACKSON KY

418 PM EST FRI MAR 6 2015


...................................

...THE LONDON KY CLIMATE SUMMARY FOR MARCH 6 2015...
VALID TODAY AS OF 0400 PM LOCAL TIME.

CLIMATE NORMAL PERIOD 1981 TO 2010
CLIMATE RECORD PERIOD 1954 TO 2015


WEATHER ITEM   OBSERVED TIME   RECORD YEAR NORMAL DEPARTURE LAST
                VALUE   (LST)  VALUE       VALUE  FROM      YEAR
                                                  NORMAL
..................................................................
TEMPERATURE (F)
 TODAY
  MAXIMUM         31    348 PM  79    1956  55    -24       52
  MINIMUM          2    722 AM  -8    1960  34    -32       30
  AVERAGE         17                        45    -28       41

PRECIPITATION (IN)
  TODAY            0.00          3.00 1967   0.13  -0.13     0.00
  MONTH TO DATE    2.78                      0.80   1.98     2.38
  SINCE MAR 1      2.78                      0.80   1.98     2.38
  SINCE JAN 1     10.25                      8.05   2.20     8.89

SNOWFALL (IN)
  TODAY           MM
  MONTH TO DATE   MM
  SINCE MAR 1     MM
  SINCE JUL 1     MM
  SNOW DEPTH      MM

DEGREE DAYS
 HEATING
  TODAY           48                        20     28       24
  MONTH TO DATE  176                       127     49      173
  SINCE MAR 1    176                       127     49      173
  SINCE JUL 1   3797                      3403    394     3680

 COOLING
  TODAY            0                         0      0        0
  MONTH TO DATE    0                         0      0        0
  SINCE MAR 1      0                         0      0        0
  SINCE JAN 1      0                         0      0        0
..................................................................


WIND (MPH)
  HIGHEST WIND SPEED     7   HIGHEST WIND DIRECTION    SE (120)
  HIGHEST GUST SPEED     9   HIGHEST GUST DIRECTION    NE (40)
  AVERAGE WIND SPEED     2.0


SKY COVER
  POSSIBLE SUNSHINE  MM
  AVERAGE SKY COVER 0.0


WEATHER CONDITIONS
 THE FOLLOWING WEATHER WAS RECORDED TODAY.
  NO SIGNIFICANT WEATHER WAS OBSERVED.


RELATIVE HUMIDITY (PERCENT)
 HIGHEST    83           800 AM
 LOWEST     42           200 PM
 AVERAGE    63

..........................................................


THE LONDON KY CLIMATE NORMALS FOR TOMORROW
                         NORMAL    RECORD    YEAR
 MAXIMUM TEMPERATURE (F)   56        82      1974
 MINIMUM TEMPERATURE (F)   34         7      1960


SUNRISE AND SUNSET
MARCH  6 2015.........SUNRISE   701 AM EST   SUNSET   635 PM EST
MARCH  7 2015.........SUNRISE   659 AM EST   SUNSET   636 PM EST


-  INDICATES NEGATIVE NUMBERS.
R  INDICATES RECORD WAS SET OR TIED.
MM INDICATES DATA IS MISSING.
T  INDICATES TRACE AMOUNT.




$$
