000
CDUS44 KCRP 250643 RRA
CLILRD

CLIMATE REPORT
NATIONAL WEATHER SERVICE CORPUS CHRISTI TX
1241 AM CST SUN FEB 25 2018


...................................

...THE LAREDO CLIMATE SUMMARY FOR FEBRUARY 24 2018...

CLIMATE NORMAL PERIOD 1981 TO 2010
CLIMATE RECORD PERIOD 1900 TO 2018


WEATHER ITEM   OBSERVED TIME   RECORD YEAR NORMAL DEPARTURE LAST
                VALUE   (LST)  VALUE       VALUE  FROM      YEAR
                                                  NORMAL
..................................................................
TEMPERATURE (F)
 YESTERDAY
  MAXIMUM         83        MM  98    1917  74      9       90
  MINIMUM         62        MM  31    1968  52     10       59
  AVERAGE         73                        63     10       75

PRECIPITATION (IN)
  YESTERDAY        T             2.25 2004   0.03  -0.03     0.00
  MONTH TO DATE    0.07                      0.78  -0.71     0.96
  SINCE DEC 1      2.96                      2.56   0.40     2.59
  SINCE JAN 1      0.27                      1.68  -1.41     0.97

SNOWFALL (IN)
  YESTERDAY        0.0
  MONTH TO DATE    0.0
  SINCE DEC 1      1.3
  SINCE JUL 1      1.3

DEGREE DAYS
 HEATING
  YESTERDAY        0                         4     -4        0
  MONTH TO DATE  112                       148    -36       36
  SINCE DEC 1    767                       712     55      361
  SINCE JUL 1    836                       827      9      378

 COOLING
  YESTERDAY        8                         3      5       10
  MONTH TO DATE   96                        46     50      168
  SINCE DEC 1    142                       109     33      333
  SINCE JAN 1     99                        74     25      270
..................................................................


WIND (MPH)
  HIGHEST WIND SPEED    MM   HIGHEST WIND DIRECTION    MM
  HIGHEST GUST SPEED    MM   HIGHEST GUST DIRECTION    MM
  AVERAGE WIND SPEED    MM


SKY COVER
  POSSIBLE SUNSHINE  MM
  AVERAGE SKY COVER 0.7


WEATHER CONDITIONS
 THE FOLLOWING WEATHER WAS RECORDED YESTERDAY.
  LIGHT RAIN
  FOG


RELATIVE HUMIDITY (PERCENT)
 HIGHEST   100          1200 AM
 LOWEST     58           300 PM

..........................................................


THE LAREDO CLIMATE NORMALS FOR TODAY
                         NORMAL    RECORD    YEAR
 MAXIMUM TEMPERATURE (F)   75        99      1917
 MINIMUM TEMPERATURE (F)   53        26      1960


SUNRISE AND SUNSET
FEBRUARY 25 2018......SUNRISE   706 AM CST   SUNSET   636 PM CST
FEBRUARY 26 2018......SUNRISE   705 AM CST   SUNSET   637 PM CST


-  INDICATES NEGATIVE NUMBERS.
R  INDICATES RECORD WAS SET OR TIED.
MM INDICATES DATA IS MISSING.
T  INDICATES TRACE AMOUNT.

$$

GW
