000
CDUS44 KCRP 130957 RRA
CLILRD

CLIMATE REPORT
NATIONAL WEATHER SERVICE CORPUS CHRISTI TX
355 AM CST WED DEC 13 2017


...................................

...THE LAREDO CLIMATE SUMMARY FOR DECEMBER 12 2017...

CLIMATE NORMAL PERIOD 1981 TO 2010
CLIMATE RECORD PERIOD 1900 TO 2017


WEATHER ITEM   OBSERVED TIME   RECORD YEAR NORMAL DEPARTURE LAST
                VALUE   (LST)  VALUE       VALUE  FROM      YEAR
                                                  NORMAL
..................................................................
TEMPERATURE (F)
 YESTERDAY
  MAXIMUM         68        MM  93    1908  68      0       61
  MINIMUM         42        MM  24    1966  47     -5       57
  AVERAGE         55                        58     -3       59

PRECIPITATION (IN)
  YESTERDAY        0.00          0.93 1912   0.03  -0.03     0.01
  MONTH TO DATE    1.92                      0.30   1.62     1.55
  SINCE DEC 1      1.92                      0.30   1.62     1.55
  SINCE JAN 1     24.19                     19.62   4.57    24.43

SNOWFALL (IN)
  YESTERDAY        0.0
  MONTH TO DATE    1.3
  SINCE DEC 1      1.3
  SINCE JUL 1      1.3

DEGREE DAYS
 HEATING
  YESTERDAY       10                         9      1        6
  MONTH TO DATE  104                        92     12       98
  SINCE DEC 1    104                        92     12       98
  SINCE JUL 1    173                       207    -34      115

 COOLING
  YESTERDAY        0                         1     -1        0
  MONTH TO DATE   37                        16     21        6
  SINCE DEC 1     37                        16     21        6
  SINCE JAN 1   4871                      4271    600     4732
..................................................................


WIND (MPH)
  HIGHEST WIND SPEED    MM   HIGHEST WIND DIRECTION    MM
  HIGHEST GUST SPEED    MM   HIGHEST GUST DIRECTION    MM
  AVERAGE WIND SPEED    MM


SKY COVER
  POSSIBLE SUNSHINE  MM
  AVERAGE SKY COVER 0.0


WEATHER CONDITIONS
 THE FOLLOWING WEATHER WAS RECORDED YESTERDAY.
  NO SIGNIFICANT WEATHER WAS OBSERVED.


RELATIVE HUMIDITY (PERCENT)
 HIGHEST    83           900 AM
 LOWEST     37           300 PM

..........................................................


THE LAREDO CLIMATE NORMALS FOR TODAY
                         NORMAL    RECORD    YEAR
 MAXIMUM TEMPERATURE (F)   68        88      1973
 MINIMUM TEMPERATURE (F)   47        22      1989


SUNRISE AND SUNSET
DECEMBER 13 2017......SUNRISE   720 AM CST   SUNSET   545 PM CST
DECEMBER 14 2017......SUNRISE   720 AM CST   SUNSET   545 PM CST


-  INDICATES NEGATIVE NUMBERS.
R  INDICATES RECORD WAS SET OR TIED.
MM INDICATES DATA IS MISSING.
T  INDICATES TRACE AMOUNT.




$$
