000
CDUS44 KCRP 200654
CLILRD

CLIMATE REPORT
NATIONAL WEATHER SERVICE CORPUS CHRISTI TX
152 AM CDT SUN APR 20 2014


...................................

...THE LAREDO CLIMATE SUMMARY FOR APRIL 19 2014...

CLIMATE NORMAL PERIOD 1981 TO 2010
CLIMATE RECORD PERIOD 1900 TO 2014


WEATHER ITEM   OBSERVED TIME   RECORD YEAR NORMAL DEPARTURE LAST
                VALUE   (LST)  VALUE       VALUE  FROM      YEAR
                                                  NORMAL
..................................................................
TEMPERATURE (F)
 YESTERDAY
  MAXIMUM         81    413 PM 106    2011  88     -7       75
  MINIMUM         65    808 AM  43    1921  65      0       57
  AVERAGE         73                        77     -4       66

PRECIPITATION (IN)
  YESTERDAY        0.00          0.38 1967   0.05  -0.05     0.00
  MONTH TO DATE    0.03                      0.77  -0.74     0.01
  SINCE MAR 1      1.11                      1.89  -0.78     0.01
  SINCE JAN 1      1.32                      3.73  -2.41     0.76

SNOWFALL (IN)
  YESTERDAY        0.0
  MONTH TO DATE    0.0
  SINCE MAR 1      0.0
  SINCE JUL 1      0.0

DEGREE DAYS
 HEATING
  YESTERDAY        0                         0      0        0
  MONTH TO DATE    5                        12     -7        0
  SINCE MAR 1    104                        81     23       37
  SINCE JUL 1   1095                       925    170      513

 COOLING
  YESTERDAY        8                        12     -4        1
  MONTH TO DATE  195                       197     -2      228
  SINCE MAR 1    331                       370    -39      443
  SINCE JAN 1    443                       455    -12      597
..................................................................


WIND (MPH)
  HIGHEST WIND SPEED    21   HIGHEST WIND DIRECTION    SE (140)
  HIGHEST GUST SPEED    24   HIGHEST GUST DIRECTION    SE (150)
  AVERAGE WIND SPEED    11.0


SKY COVER
  POSSIBLE SUNSHINE  MM
  AVERAGE SKY COVER 0.8


WEATHER CONDITIONS
 THE FOLLOWING WEATHER WAS RECORDED YESTERDAY.
  NO SIGNIFICANT WEATHER WAS OBSERVED.


RELATIVE HUMIDITY (PERCENT)
 HIGHEST    73           700 AM
 LOWEST     37          1200 PM

..........................................................


THE LAREDO CLIMATE NORMALS FOR TODAY
                         NORMAL    RECORD    YEAR
 MAXIMUM TEMPERATURE (F)   89       109      1984
 MINIMUM TEMPERATURE (F)   66        50      1901


SUNRISE AND SUNSET
APRIL 20 2014.........SUNRISE   708 AM CDT   SUNSET   805 PM CDT
APRIL 21 2014.........SUNRISE   707 AM CDT   SUNSET   806 PM CDT


-  INDICATES NEGATIVE NUMBERS.
R  INDICATES RECORD WAS SET OR TIED.
MM INDICATES DATA IS MISSING.
T  INDICATES TRACE AMOUNT.




$$
