000
CDUS44 KCRP 300857
CLILRD

CLIMATE REPORT
NATIONAL WEATHER SERVICE CORPUS CHRISTI TX
355 AM CDT MON MAR 30 2015


...................................

...THE LAREDO CLIMATE SUMMARY FOR MARCH 29 2015...

CLIMATE NORMAL PERIOD 1981 TO 2010
CLIMATE RECORD PERIOD 1900 TO 2015


WEATHER ITEM   OBSERVED TIME   RECORD YEAR NORMAL DEPARTURE LAST
                VALUE   (LST)  VALUE       VALUE  FROM      YEAR
                                                  NORMAL
..................................................................
TEMPERATURE (F)
 YESTERDAY
  MAXIMUM         89    434 PM 101    1954  84      5       84
  MINIMUM         59    700 AM  34    1930  60     -1       63
  AVERAGE         74                        72      2       74

PRECIPITATION (IN)
  YESTERDAY        0.00          0.77 1992   0.02  -0.02     0.00
  MONTH TO DATE    2.57                      1.07   1.50     1.08
  SINCE MAR 1      2.57                      1.07   1.50     1.08
  SINCE JAN 1      3.45                      2.91   0.54     1.29

SNOWFALL (IN)
  YESTERDAY        0.0
  MONTH TO DATE    0.0
  SINCE MAR 1      0.0
  SINCE JUL 1      0.0

DEGREE DAYS
 HEATING
  YESTERDAY        0                         1     -1        0
  MONTH TO DATE  128                        67     61       99
  SINCE MAR 1    128                        67     61       99
  SINCE JUL 1   1063                       911    152     1090

 COOLING
  YESTERDAY        9                         8      1        9
  MONTH TO DATE   69                       157    -88      114
  SINCE MAR 1     69                       157    -88      114
  SINCE JAN 1    117                       242   -125      226
..................................................................


WIND (MPH)
  HIGHEST WIND SPEED    22   HIGHEST WIND DIRECTION    SE (150)
  HIGHEST GUST SPEED    25   HIGHEST GUST DIRECTION    SE (150)
  AVERAGE WIND SPEED    13.8


SKY COVER
  POSSIBLE SUNSHINE  MM
  AVERAGE SKY COVER 0.0


WEATHER CONDITIONS
 THE FOLLOWING WEATHER WAS RECORDED YESTERDAY.
  NO SIGNIFICANT WEATHER WAS OBSERVED.


RELATIVE HUMIDITY (PERCENT)
 HIGHEST    87           700 AM
 LOWEST     34           400 PM

..........................................................


THE LAREDO CLIMATE NORMALS FOR TODAY
                         NORMAL    RECORD    YEAR
 MAXIMUM TEMPERATURE (F)   84       104      1954
 MINIMUM TEMPERATURE (F)   60        28      1930


SUNRISE AND SUNSET
MARCH 30 2015.........SUNRISE   731 AM CDT   SUNSET   754 PM CDT
MARCH 31 2015.........SUNRISE   730 AM CDT   SUNSET   755 PM CDT


-  INDICATES NEGATIVE NUMBERS.
R  INDICATES RECORD WAS SET OR TIED.
MM INDICATES DATA IS MISSING.
T  INDICATES TRACE AMOUNT.




$$
