000
CDUS44 KCRP 041021
CLILRD

CLIMATE REPORT
NATIONAL WEATHER SERVICE CORPUS CHRISTI TX
421 AM CST WED MAR 4 2015


...................................

...THE LAREDO CLIMATE SUMMARY FOR MARCH 3 2015...

CLIMATE NORMAL PERIOD 1981 TO 2010
CLIMATE RECORD PERIOD 1900 TO 2015


WEATHER ITEM   OBSERVED TIME   RECORD YEAR NORMAL DEPARTURE LAST
                VALUE   (LST)  VALUE       VALUE  FROM      YEAR
                                                  NORMAL
..................................................................
TEMPERATURE (F)
 YESTERDAY
  MAXIMUM         69    617 PM  95    1964  76     -7       48
  MINIMUM         47    355 AM  25    1922  54     -7       40
  AVERAGE         58                        65     -7       44

PRECIPITATION (IN)
  YESTERDAY        0.01          0.27 2001   0.05  -0.04     0.04
  MONTH TO DATE    0.03                      0.13  -0.10     0.04
  SINCE MAR 1      0.03                      0.13  -0.10     0.04
  SINCE JAN 1      0.91                      1.97  -1.06     0.25

SNOWFALL (IN)
  YESTERDAY       MM
  MONTH TO DATE    0.0
  SINCE MAR 1      0.0
  SINCE JUL 1      0.0

DEGREE DAYS
 HEATING
  YESTERDAY        7                         4      3       21
  MONTH TO DATE   41                        12     29       21
  SINCE MAR 1     41                        12     29       21
  SINCE JUL 1    976                       856    120     1012

 COOLING
  YESTERDAY        0                         4     -4        0
  MONTH TO DATE    0                        11    -11       14
  SINCE MAR 1      0                        11    -11       14
  SINCE JAN 1     48                        96    -48      126
..................................................................


WIND (MPH)
  HIGHEST WIND SPEED    16   HIGHEST WIND DIRECTION    SE (130)
  HIGHEST GUST SPEED    20   HIGHEST GUST DIRECTION    SE (140)
  AVERAGE WIND SPEED     4.6


SKY COVER
  POSSIBLE SUNSHINE  MM
  AVERAGE SKY COVER 0.8


WEATHER CONDITIONS
 THE FOLLOWING WEATHER WAS RECORDED YESTERDAY.
  LIGHT RAIN
  FOG


RELATIVE HUMIDITY (PERCENT)
 HIGHEST   100          1200 AM
 LOWEST     75           300 PM

..........................................................


THE LAREDO CLIMATE NORMALS FOR TODAY
                         NORMAL    RECORD    YEAR
 MAXIMUM TEMPERATURE (F)   76        96      1976
 MINIMUM TEMPERATURE (F)   54        26      1922


SUNRISE AND SUNSET
MARCH  4 2015.........SUNRISE   659 AM CST   SUNSET   640 PM CST
MARCH  5 2015.........SUNRISE   658 AM CST   SUNSET   641 PM CST


-  INDICATES NEGATIVE NUMBERS.
R  INDICATES RECORD WAS SET OR TIED.
MM INDICATES DATA IS MISSING.
T  INDICATES TRACE AMOUNT.




$$
