000
CDUS44 KCRP 230039
CLILRD

CLIMATE REPORT
NATIONAL WEATHER SERVICE CORPUS CHRISTI TX
633 PM CST MON DEC 22 2014


...................................

...THE LAREDO CLIMATE SUMMARY FOR DECEMBER 22 2014...
VALID TODAY AS OF 600 PM LOCAL TIME.

CLIMATE NORMAL PERIOD 1981 TO 2010
CLIMATE RECORD PERIOD 1900 TO 2014


WEATHER ITEM   OBSERVED TIME   RECORD YEAR NORMAL DEPARTURE LAST
                VALUE   (LST)  VALUE       VALUE  FROM      YEAR
                                                  NORMAL
..................................................................
TEMPERATURE (F)
 TODAY
  MAXIMUM         78    418 PM  85    1970  67     11       74
  MINIMUM         58    928 AM  18    1973  46     12       50
  AVERAGE         68                        56     12       62

PRECIPITATION (IN)
  TODAY            0.00          0.45 1937   0.03  -0.03     0.00
  MONTH TO DATE    0.14                      0.59  -0.45     0.01
  SINCE DEC 1      0.14                      0.59  -0.45     0.01
  SINCE JAN 1     15.81                     19.91  -4.10    20.41

SNOWFALL (IN)
  TODAY            0.0
  MONTH TO DATE    0.0
  SINCE DEC 1      0.0
  SINCE JUL 1      0.0

DEGREE DAYS
 HEATING
  TODAY            0                        10    -10        3
  MONTH TO DATE   71                       185   -114      186
  SINCE DEC 1     71                       185   -114      186
  SINCE JUL 1    229                       300    -71      351

 COOLING
  TODAY            3                         1      2        0
  MONTH TO DATE   36                        26     10       37
  SINCE DEC 1     36                        26     10       37
  SINCE JAN 1   4511                      4281    230     4519
..................................................................


WIND (MPH)
  HIGHEST WIND SPEED    18   HIGHEST WIND DIRECTION     S (170)
  HIGHEST GUST SPEED    22   HIGHEST GUST DIRECTION     S (180)


SKY COVER
  POSSIBLE SUNSHINE  MM
  AVERAGE SKY COVER 0.4


WEATHER CONDITIONS
 THE FOLLOWING WEATHER WAS RECORDED TODAY.
  NO SIGNIFICANT WEATHER WAS OBSERVED.


RELATIVE HUMIDITY (PERCENT)
 HIGHEST    93           800 AM
 LOWEST     43           300 PM
 AVERAGE    68

..........................................................


THE LAREDO CLIMATE NORMALS FOR TOMORROW
                         NORMAL    RECORD    YEAR
 MAXIMUM TEMPERATURE (F)   67        89      1955
 MINIMUM TEMPERATURE (F)   46        13      1989


SUNRISE AND SUNSET
DECEMBER 22 2014......SUNRISE   724 AM CST   SUNSET   549 PM CST
DECEMBER 23 2014......SUNRISE   725 AM CST   SUNSET   549 PM CST


-  INDICATES NEGATIVE NUMBERS.
R  INDICATES RECORD WAS SET OR TIED.
MM INDICATES DATA IS MISSING.
T  INDICATES TRACE AMOUNT.




$$
