000
CDUS44 KCRP 260832
CLILRD

CLIMATE REPORT
NATIONAL WEATHER SERVICE CORPUS CHRISTI TX
327 AM CDT WED JUL 26 2017


...................................

...THE LAREDO CLIMATE SUMMARY FOR JULY 25 2017...

CLIMATE NORMAL PERIOD 1981 TO 2010
CLIMATE RECORD PERIOD 1900 TO 2017


WEATHER ITEM   OBSERVED TIME   RECORD YEAR NORMAL DEPARTURE LAST
                VALUE   (LST)  VALUE       VALUE  FROM      YEAR
                                                  NORMAL
..................................................................
TEMPERATURE (F)
 YESTERDAY
  MAXIMUM        104        MM 110    1994 100      4      104
  MINIMUM         80        MM  66    1915  77      3       79
  AVERAGE         92                        88      4       92

PRECIPITATION (IN)
  YESTERDAY        0.00          1.60 1919   0.04  -0.04     0.00
  MONTH TO DATE    0.42                      1.74  -1.32     0.04
  SINCE JUN 1      1.38                      3.97  -2.59     1.96
  SINCE JAN 1     11.78                     10.84   0.94    12.47

SNOWFALL (IN)
  YESTERDAY        0.0
  MONTH TO DATE    0.0
  SINCE JUN 1      0.0
  SINCE JUL 1      0.0

DEGREE DAYS
 HEATING
  YESTERDAY        0                         0      0        0
  MONTH TO DATE    0                         0      0        0
  SINCE JUN 1      0                         0      0        0
  SINCE JUL 1      0                         0      0        0

 COOLING
  YESTERDAY       27                        23      4       27
  MONTH TO DATE  616                       575     41      661
  SINCE JUN 1   1298                      1235     63     1304
  SINCE JAN 1   2821                      2378    443     2568
..................................................................


WIND (MPH)
  HIGHEST WIND SPEED    25   HIGHEST WIND DIRECTION    SE (140)
  HIGHEST GUST SPEED    41   HIGHEST GUST DIRECTION    SE (120)
  AVERAGE WIND SPEED    14.3


SKY COVER
  POSSIBLE SUNSHINE  MM
  AVERAGE SKY COVER 0.1


WEATHER CONDITIONS
 THE FOLLOWING WEATHER WAS RECORDED YESTERDAY.
  THUNDERSTORM


RELATIVE HUMIDITY (PERCENT)
 HIGHEST    79           500 AM
 LOWEST     34           200 PM

..........................................................


THE LAREDO CLIMATE NORMALS FOR TODAY
                         NORMAL    RECORD    YEAR
 MAXIMUM TEMPERATURE (F)  100       107      2015
                                             1995
 MINIMUM TEMPERATURE (F)   77        66      1908


SUNRISE AND SUNSET
JULY 26 2017..........SUNRISE   658 AM CDT   SUNSET   830 PM CDT
JULY 27 2017..........SUNRISE   659 AM CDT   SUNSET   830 PM CDT


-  INDICATES NEGATIVE NUMBERS.
R  INDICATES RECORD WAS SET OR TIED.
MM INDICATES DATA IS MISSING.
T  INDICATES TRACE AMOUNT.




$$
