000
CDUS44 KCRP 231124
CLILRD

CLIMATE REPORT
NATIONAL WEATHER SERVICE CORPUS CHRISTI TX
521 AM CST SUN NOV 23 2014


...................................

...THE LAREDO CLIMATE SUMMARY FOR NOVEMBER 22 2014...

CLIMATE NORMAL PERIOD 1981 TO 2010
CLIMATE RECORD PERIOD 1900 TO 2014


WEATHER ITEM   OBSERVED TIME   RECORD YEAR NORMAL DEPARTURE LAST
                VALUE   (LST)  VALUE       VALUE  FROM      YEAR
                                                  NORMAL
..................................................................
TEMPERATURE (F)
 YESTERDAY
  MAXIMUM         83    313 PM  92    1909  74      9       80
  MINIMUM         58   1148 PM  31    1906  53      5       40
  AVERAGE         71                        63      8       60

PRECIPITATION (IN)
  YESTERDAY        T             1.10 1947   0.03  -0.03      T
  MONTH TO DATE    1.81                      0.92   0.89     0.10
  SINCE SEP 1      8.09                      6.06   2.03     7.23
  SINCE JAN 1     15.67                     19.05  -3.38    20.10

SNOWFALL (IN)
  YESTERDAY        0.0
  MONTH TO DATE    0.0
  SINCE SEP 1      0.0
  SINCE JUL 1      0.0

DEGREE DAYS
 HEATING
  YESTERDAY        0                         5     -5        5
  MONTH TO DATE  133                        58     75       39
  SINCE SEP 1    133                        70     63       39
  SINCE JUL 1    133                        70     63       39

 COOLING
  YESTERDAY        6                         3      3        0
  MONTH TO DATE   48                       107    -59      124
  SINCE SEP 1   1029                       993     36     1076
  SINCE JAN 1   4462                      4236    226     4481
..................................................................


WIND (MPH)
  HIGHEST WIND SPEED    23   HIGHEST WIND DIRECTION     S (180)
  HIGHEST GUST SPEED    28   HIGHEST GUST DIRECTION     S (170)
  AVERAGE WIND SPEED    11.9


SKY COVER
  POSSIBLE SUNSHINE  MM
  AVERAGE SKY COVER 0.6


WEATHER CONDITIONS
 THE FOLLOWING WEATHER WAS RECORDED YESTERDAY.
  LIGHT RAIN


RELATIVE HUMIDITY (PERCENT)
 HIGHEST    93          1100 PM
 LOWEST     49           600 PM

..........................................................


THE LAREDO CLIMATE NORMALS FOR TODAY
                         NORMAL    RECORD    YEAR
 MAXIMUM TEMPERATURE (F)   73        93      1973
 MINIMUM TEMPERATURE (F)   52        29      1975


SUNRISE AND SUNSET
NOVEMBER 23 2014......SUNRISE   705 AM CST   SUNSET   544 PM CST
NOVEMBER 24 2014......SUNRISE   706 AM CST   SUNSET   543 PM CST


-  INDICATES NEGATIVE NUMBERS.
R  INDICATES RECORD WAS SET OR TIED.
MM INDICATES DATA IS MISSING.
T  INDICATES TRACE AMOUNT.

$$

GW
