000
CDUS44 KCRP 300645 RRA
CLILRD

CLIMATE REPORT
NATIONAL WEATHER SERVICE CORPUS CHRISTI TX
143 AM CDT SUN AUG 30 2015


...................................

...THE LAREDO CLIMATE SUMMARY FOR AUGUST 29 2015...

CLIMATE NORMAL PERIOD 1981 TO 2010
CLIMATE RECORD PERIOD 1900 TO 2015


WEATHER ITEM   OBSERVED TIME   RECORD YEAR NORMAL DEPARTURE LAST
                VALUE   (LST)  VALUE       VALUE  FROM      YEAR
                                                  NORMAL
..................................................................
TEMPERATURE (F)
 YESTERDAY
  MAXIMUM        101    448 PM 109    2011  98      3      100
  MINIMUM         72    636 AM  65    1973  76     -4       79
  AVERAGE         87                        87      0       90

PRECIPITATION (IN)
  YESTERDAY        0.00          3.04 1977   0.10  -0.10     0.00
  MONTH TO DATE    0.03                      1.68  -1.65     0.49
  SINCE JUN 1      1.29                      5.92  -4.63     2.38
  SINCE JAN 1     19.99                     12.79   7.20     7.41

SNOWFALL (IN)
  YESTERDAY        0.0
  MONTH TO DATE    0.0
  SINCE JUN 1      0.0
  SINCE JUL 1      0.0

DEGREE DAYS
 HEATING
  YESTERDAY        0                         0      0        0
  MONTH TO DATE    0                         0      0        0
  SINCE JUN 1      0                         0      0        0
  SINCE JUL 1      0                         0      0        0

 COOLING
  YESTERDAY       22                        22      0       25
  MONTH TO DATE  740                       685     55      759
  SINCE JUN 1   2099                      2058     41     2258
  SINCE JAN 1   3041                      3201   -160     3383
..................................................................


WIND (MPH)
  HIGHEST WIND SPEED    20   HIGHEST WIND DIRECTION     E (110)
  HIGHEST GUST SPEED    23   HIGHEST GUST DIRECTION    SE (120)
  AVERAGE WIND SPEED     7.9


SKY COVER
  POSSIBLE SUNSHINE  MM
  AVERAGE SKY COVER 0.2


WEATHER CONDITIONS
 THE FOLLOWING WEATHER WAS RECORDED YESTERDAY.
  NO SIGNIFICANT WEATHER WAS OBSERVED.


RELATIVE HUMIDITY (PERCENT)
 HIGHEST    76           600 AM
 LOWEST     19           500 PM

..........................................................


THE LAREDO CLIMATE NORMALS FOR TODAY
                         NORMAL    RECORD    YEAR
 MAXIMUM TEMPERATURE (F)   98       107      1991
 MINIMUM TEMPERATURE (F)   76        62      1973


SUNRISE AND SUNSET
AUGUST 30 2015........SUNRISE   716 AM CDT   SUNSET   801 PM CDT
AUGUST 31 2015........SUNRISE   716 AM CDT   SUNSET   800 PM CDT


-  INDICATES NEGATIVE NUMBERS.
R  INDICATES RECORD WAS SET OR TIED.
MM INDICATES DATA IS MISSING.
T  INDICATES TRACE AMOUNT.

$$

GW
