000
CDUS43 KARX 160651
CLILSE


CLIMATE REPORT
NATIONAL WEATHER SERVICE LA CROSSE WI
1250 AM CST TUE JAN 16 2018


...................................

...THE LA CROSSE WI CLIMATE SUMMARY FOR JANUARY 15 2018...

CLIMATE NORMAL PERIOD 1981 TO 2010
CLIMATE RECORD PERIOD 1873 TO 2018


WEATHER ITEM   OBSERVED TIME   RECORD YEAR NORMAL DEPARTURE LAST
                VALUE   (LST)  VALUE       VALUE  FROM      YEAR
                                                  NORMAL
..................................................................
TEMPERATURE (F)
 YESTERDAY
  MAXIMUM         19    343 AM  48    1933  26     -7       33
  MINIMUM          6   1028 PM -32    1888   9     -3        4
  AVERAGE         13                        17     -4       19

PRECIPITATION (IN)
  YESTERDAY        0.07          0.60 1953   0.04   0.03     0.00
  MONTH TO DATE    0.46                      0.52  -0.06     1.15
  SINCE DEC 1      0.99                      1.88  -0.89     3.34
  SINCE JAN 1      0.46                      0.52  -0.06     1.15

SNOWFALL (IN)
  YESTERDAY        1.7           3.4  1979   0.4    1.3      0.0
  MONTH TO DATE    8.0                       4.6    3.4      4.6
  SINCE JUL 1     12.4                      20.2   -7.8     25.4
  SNOW DEPTH       5

DEGREE DAYS
 HEATING
  YESTERDAY       52                        48      4       46
  MONTH TO DATE  799                       716     83      747
  SINCE JUL 1   3363                      3560   -197     2882

 COOLING
  YESTERDAY        0                         0      0        0
  MONTH TO DATE    0                         0      0        0
  SINCE JAN 1      0                         0      0        0
..................................................................


WIND (MPH)
  HIGHEST WIND SPEED    21   HIGHEST WIND DIRECTION    NW (320)
  HIGHEST GUST SPEED    26   HIGHEST GUST DIRECTION    NW (320)
  AVERAGE WIND SPEED    13.3


SKY COVER
  POSSIBLE SUNSHINE  MM
  AVERAGE SKY COVER 1.0


WEATHER CONDITIONS
 THE FOLLOWING WEATHER WAS RECORDED YESTERDAY.
  LIGHT SNOW
  FOG
  HAZE


RELATIVE HUMIDITY (PERCENT)
 HIGHEST    84          1200 AM
 LOWEST     70          1200 PM
 AVERAGE    77

..........................................................


THE LA CROSSE WI CLIMATE NORMALS FOR TODAY
                         NORMAL    RECORD    YEAR
 MAXIMUM TEMPERATURE (F)   26        51      1974
                                             1913
 MINIMUM TEMPERATURE (F)    9       -39      1888


SUNRISE AND SUNSET
JANUARY 16 2018.......SUNRISE   736 AM CST   SUNSET   455 PM CST
JANUARY 17 2018.......SUNRISE   735 AM CST   SUNSET   456 PM CST


-  INDICATES NEGATIVE NUMBERS.
R  INDICATES RECORD WAS SET OR TIED.
MM INDICATES DATA IS MISSING.
T  INDICATES TRACE AMOUNT.




$$
