224
CDUS43 KARX 220642
CLILSE


CLIMATE REPORT
NATIONAL WEATHER SERVICE LA CROSSE WI
1241 AM CST SUN JAN 22 2017


...................................

...THE LA CROSSE WI CLIMATE SUMMARY FOR JANUARY 21 2017...

CLIMATE NORMAL PERIOD 1981 TO 2010
CLIMATE RECORD PERIOD 1873 TO 2017


WEATHER ITEM   OBSERVED TIME   RECORD YEAR NORMAL DEPARTURE LAST
                VALUE   (LST)  VALUE       VALUE  FROM      YEAR
                                                  NORMAL
..................................................................
TEMPERATURE (F)
 YESTERDAY
  MAXIMUM         43    702 PM  50    1921  26     17       26
                                      1908
  MINIMUM         38    417 AM -42    1888   8     30       21
  AVERAGE         41                        17     24       24

PRECIPITATION (IN)
  YESTERDAY        0.08          0.79 1917   0.04   0.04      T
  MONTH TO DATE    2.02                      0.75   1.27     0.58
  SINCE DEC 1      4.21                      2.11   2.10     5.51
  SINCE JAN 1      2.02                      0.75   1.27     0.58

SNOWFALL (IN)
  YESTERDAY        0.0          10.3  1917   0.3   -0.3       T
  MONTH TO DATE    4.6                       6.8   -2.2      2.7
  SINCE JUL 1     25.4                      22.4    3.0     15.2
  SNOW DEPTH       4

DEGREE DAYS
 HEATING
  YESTERDAY       24                        48    -24       41
  MONTH TO DATE  923                      1004    -81     1031
  SINCE JUL 1   3058                      3848   -790     3066

 COOLING
  YESTERDAY        0                         0      0        0
  MONTH TO DATE    0                         0      0        0
  SINCE JAN 1      0                         0      0        0
..................................................................


WIND (MPH)
  HIGHEST WIND SPEED    12   HIGHEST WIND DIRECTION    NE (50)
  HIGHEST GUST SPEED    13   HIGHEST GUST DIRECTION    NE (40)
  AVERAGE WIND SPEED     4.7


SKY COVER
  POSSIBLE SUNSHINE  MM
  AVERAGE SKY COVER 1.0


WEATHER CONDITIONS
 THE FOLLOWING WEATHER WAS RECORDED YESTERDAY.
  LIGHT RAIN
  FOG
  FOG W/VISIBILITY <= 1/4 MILE
  HAZE


RELATIVE HUMIDITY (PERCENT)
 HIGHEST    93           100 PM
 LOWEST     85          1200 AM
 AVERAGE    89

..........................................................


THE LA CROSSE WI CLIMATE NORMALS FOR TODAY
                         NORMAL    RECORD    YEAR
 MAXIMUM TEMPERATURE (F)   26        51      1964
 MINIMUM TEMPERATURE (F)    9       -28      1936


SUNRISE AND SUNSET
JANUARY 22 2017.......SUNRISE   731 AM CST   SUNSET   503 PM CST
JANUARY 23 2017.......SUNRISE   730 AM CST   SUNSET   504 PM CST


-  INDICATES NEGATIVE NUMBERS.
R  INDICATES RECORD WAS SET OR TIED.
MM INDICATES DATA IS MISSING.
T  INDICATES TRACE AMOUNT.




$$
