000
CDUS46 KMTR 100838
CLILVK


CLIMATE REPORT
NATIONAL WEATHER SERVICE SAN FRANCISCO BAY AREA
1235 AM PST WED FEB 10 2016


...................................

...THE LIVERMORE AIRPORT CLIMATE SUMMARY FOR FEBRUARY 9 2016...

CLIMATE NORMAL PERIOD 1981 TO 2010
CLIMATE RECORD PERIOD 1930 TO 2016


WEATHER ITEM   OBSERVED TIME   RECORD YEAR NORMAL DEPARTURE LAST
                VALUE   (LST)  VALUE       VALUE  FROM      YEAR
                                                  NORMAL
..................................................................
TEMPERATURE (F)
 YESTERDAY
  MAXIMUM         69    240 PM  72    1988  59     10       67
  MINIMUM         41    749 AM  26    1971  40      1       49
  AVERAGE         55                        49      6       58

PRECIPITATION (IN)
  YESTERDAY        0.00          1.03 1960   0.09  -0.09     0.01
  MONTH TO DATE    0.04                      0.82  -0.78     2.26
  SINCE OCT 1      8.98                      9.41  -0.43    11.88
  SINCE JAN 1      3.98                      3.83   0.15     2.26

DEGREE DAYS
 HEATING
  YESTERDAY       10                        16     -6        7
  MONTH TO DATE  130                       147    -17       67
  SINCE DEC 1   1112                      1273   -161      782
  SINCE JUL 1   1527                      1745   -218     1013

 COOLING
  YESTERDAY        0                         0      0        0
  MONTH TO DATE    0                         0      0        0
  SINCE DEC 1      0                         0      0        0
  SINCE JAN 1      0                         0      0        0
..................................................................


WIND (MPH)
  RESULTANT WIND SPEED   4   RESULTANT WIND DIRECTION   E (70)
  HIGHEST WIND SPEED    17   HIGHEST WIND DIRECTION     E (80)
  HIGHEST GUST SPEED    22   HIGHEST GUST DIRECTION    NE (60)
  AVERAGE WIND SPEED     4.6


SKY COVER
  POSSIBLE SUNSHINE  MM
  AVERAGE SKY COVER 0.0


WEATHER CONDITIONS
 THE FOLLOWING WEATHER WAS RECORDED YESTERDAY.
  FOG


RELATIVE HUMIDITY (PERCENT)
 HIGHEST    89           900 PM
 LOWEST     55           200 PM
 AVERAGE    72

..........................................................


THE LIVERMORE AIRPORT CLIMATE NORMALS FOR TODAY
                         NORMAL    RECORD    YEAR
 MAXIMUM TEMPERATURE (F)   59        73      1988
 MINIMUM TEMPERATURE (F)   40        28      1946


SUNRISE AND SUNSET
FEBRUARY 10 2016......SUNRISE   703 AM PST   SUNSET   541 PM PST
FEBRUARY 11 2016......SUNRISE   702 AM PST   SUNSET   542 PM PST


-  INDICATES NEGATIVE NUMBERS.
R  INDICATES RECORD WAS SET OR TIED.
MM INDICATES DATA IS MISSING.
T  INDICATES TRACE AMOUNT.




$$
