000
CDUS45 KBYZ 032227
CLILVM


CLIMATE REPORT
NATIONAL WEATHER SERVICE BILLINGS MT
427 PM MDT THU SEP 3 2015


...................................

...THE LIVINGSTON MT CLIMATE SUMMARY FOR SEPTEMBER 3 2015...
VALID TODAY AS OF 0400 PM LOCAL TIME.

CLIMATE NORMAL PERIOD 1981 TO 2010
CLIMATE RECORD PERIOD 1948 TO 2015


WEATHER ITEM   OBSERVED TIME   RECORD YEAR NORMAL DEPARTURE LAST
                VALUE   (LST)  VALUE       VALUE  FROM      YEAR
                                                  NORMAL
..................................................................
TEMPERATURE (F)
 TODAY
  MAXIMUM         78    159 PM  96    1950  78      0       74
  MINIMUM         54    639 AM  29    2011  43     11       40
  AVERAGE         66                        60      6       57

PRECIPITATION (IN)
  TODAY            0.03          0.84 1971   0.04  -0.01     0.00
  MONTH TO DATE    0.03                      0.11  -0.08     0.03
  SINCE OCT 1     11.93                     13.71  -1.78    14.26
  SINCE JAN 1     10.14                     11.34  -1.20    11.97

DEGREE DAYS
 HEATING
  TODAY            0                         6     -6        8
  MONTH TO DATE    0                        16    -16       15
  SINCE SEP 1      0                        16    -16       15
  SINCE JUL 1     67                       134    -67       84

 COOLING
  TODAY            1                         1      0        0
  MONTH TO DATE   13                         3     10        0
  SINCE SEP 1     13                         3     10        0
  SINCE JAN 1    355                       218    137      303
..................................................................


WIND (MPH)
  HIGHEST WIND SPEED    40   HIGHEST WIND DIRECTION     E (80)
  HIGHEST GUST SPEED    47   HIGHEST GUST DIRECTION     E (80)
  AVERAGE WIND SPEED    15.0


SKY COVER
  POSSIBLE SUNSHINE  MM
  AVERAGE SKY COVER 0.0


WEATHER CONDITIONS
 THE FOLLOWING WEATHER WAS RECORDED TODAY.
  THUNDERSTORM
  LIGHT RAIN


RELATIVE HUMIDITY (PERCENT)
 HIGHEST    61           700 AM
 LOWEST     24           200 PM
 AVERAGE    43

..........................................................


THE LIVINGSTON MT CLIMATE NORMALS FOR TOMORROW
                         NORMAL    RECORD    YEAR
 MAXIMUM TEMPERATURE (F)   78        99      1998
 MINIMUM TEMPERATURE (F)   43        27      1962


SUNRISE AND SUNSET
SEPTEMBER  3 2015.....SUNRISE   645 AM MDT   SUNSET   756 PM MDT
SEPTEMBER  4 2015.....SUNRISE   646 AM MDT   SUNSET   754 PM MDT


-  INDICATES NEGATIVE NUMBERS.
R  INDICATES RECORD WAS SET OR TIED.
MM INDICATES DATA IS MISSING.
T  INDICATES TRACE AMOUNT.





&&

THIS IS AN AUTOMATED...UNATTENDED WEATHER STATION AND MAY
UNDERESTIMATE WINTER PRECIPITATION.

$$
