000
CDUS45 KBYZ 201038
CLILVM


CLIMATE REPORT
NATIONAL WEATHER SERVICE BILLINGS MT
337 AM MST SAT DEC 20 2014


...................................

...THE LIVINGSTON MT CLIMATE SUMMARY FOR DECEMBER 19 2014...

CLIMATE NORMAL PERIOD 1981 TO 2010
CLIMATE RECORD PERIOD 1948 TO 2014


WEATHER ITEM   OBSERVED TIME   RECORD YEAR NORMAL DEPARTURE LAST
                VALUE   (LST)  VALUE       VALUE  FROM      YEAR
                                                  NORMAL
..................................................................
TEMPERATURE (F)
 YESTERDAY
  MAXIMUM         49    157 PM  58    1979  35     14       28
  MINIMUM         36    421 AM -22    1990  16     20       -2
  AVERAGE         43                        26     17       13

PRECIPITATION (IN)
  YESTERDAY        0.00          0.22        0.02  -0.02     0.08
  MONTH TO DATE    0.11                      0.35  -0.24     0.43
  SINCE OCT 1      1.49                      2.20  -0.71     1.94
  SINCE JAN 1     15.16                     14.64   0.52    11.73

DEGREE DAYS
 HEATING
  YESTERDAY       22                        40    -18       52
  MONTH TO DATE  521                       735   -214      845
  SINCE DEC 1    521                       735   -214      845
  SINCE JUL 1   2259                      2694   -435     2552

 COOLING
  YESTERDAY        0                         0      0        0
  MONTH TO DATE    0                         0      0        0
  SINCE DEC 1      0                         0      0        0
  SINCE JAN 1    321                       230     91      495
..................................................................


WIND (MPH)
  HIGHEST WIND SPEED    37   HIGHEST WIND DIRECTION    SW (230)
  HIGHEST GUST SPEED    47   HIGHEST GUST DIRECTION    SW (220)
  AVERAGE WIND SPEED    23.3


SKY COVER
  POSSIBLE SUNSHINE  MM
  AVERAGE SKY COVER 0.4


WEATHER CONDITIONS
 THE FOLLOWING WEATHER WAS RECORDED YESTERDAY.
  NO SIGNIFICANT WEATHER WAS OBSERVED.


RELATIVE HUMIDITY (PERCENT)
 HIGHEST    56           400 AM
 LOWEST     38           100 PM
 AVERAGE    47

..........................................................


THE LIVINGSTON MT CLIMATE NORMALS FOR TODAY
                         NORMAL    RECORD    YEAR
 MAXIMUM TEMPERATURE (F)   35        56      2003
 MINIMUM TEMPERATURE (F)   16       -24      1990


SUNRISE AND SUNSET
DECEMBER 20 2014......SUNRISE   759 AM MST   SUNSET   440 PM MST
DECEMBER 21 2014......SUNRISE   800 AM MST   SUNSET   440 PM MST


-  INDICATES NEGATIVE NUMBERS.
R  INDICATES RECORD WAS SET OR TIED.
MM INDICATES DATA IS MISSING.
T  INDICATES TRACE AMOUNT.





&&

THIS IS AN AUTOMATED...UNATTENDED WEATHER STATION AND MAY
UNDERESTIMATE WINTER PRECIPITATION.

$$
