000
CDUS45 KBYZ 280927
CLILVM


CLIMATE REPORT
NATIONAL WEATHER SERVICE BILLINGS MT
326 AM MDT FRI JUL 28 2017


...................................

...THE LIVINGSTON MT CLIMATE SUMMARY FOR JULY 27 2017...

CLIMATE NORMAL PERIOD 1981 TO 2010
CLIMATE RECORD PERIOD 1948 TO 2017


WEATHER ITEM   OBSERVED TIME   RECORD YEAR NORMAL DEPARTURE LAST
                VALUE   (LST)  VALUE       VALUE  FROM      YEAR
                                                  NORMAL
..................................................................
TEMPERATURE (F)
 YESTERDAY
  MAXIMUM         90    220 PM  99    2006  87      3       92
                                      1999
  MINIMUM         58    534 AM  40    1969  50      8       48
  AVERAGE         74                        68      6       70

PRECIPITATION (IN)
  YESTERDAY        0.00          0.69 2009   0.03  -0.03     0.19
  MONTH TO DATE    0.42                      1.31  -0.89     1.38
  SINCE OCT 1     14.10                     12.33   1.77    10.88
  SINCE JAN 1     10.17                      9.96   0.21     7.18

DEGREE DAYS
 HEATING
  YESTERDAY        0                         1     -1        0
  MONTH TO DATE    2                        46    -44       33
  SINCE JUN 1    160                       253    -93      111
  SINCE JUL 1      2                        46    -44       33

 COOLING
  YESTERDAY        9                         4      5        5
  MONTH TO DATE  194                        90    104      120
  SINCE JUN 1    217                       109    108      190
  SINCE JAN 1    217                       110    107      190
..................................................................


WIND (MPH)
  HIGHEST WIND SPEED    37   HIGHEST WIND DIRECTION    SW (210)
  HIGHEST GUST SPEED    49   HIGHEST GUST DIRECTION     S (200)
  AVERAGE WIND SPEED    13.8


SKY COVER
  POSSIBLE SUNSHINE  MM
  AVERAGE SKY COVER 0.2


WEATHER CONDITIONS
 THE FOLLOWING WEATHER WAS RECORDED YESTERDAY.
  THUNDERSTORM


RELATIVE HUMIDITY (PERCENT)
 HIGHEST    64           500 AM
 LOWEST     19           200 PM
 AVERAGE    42

..........................................................


THE LIVINGSTON MT CLIMATE NORMALS FOR TODAY
                         NORMAL    RECORD    YEAR
 MAXIMUM TEMPERATURE (F)   87       101      2006
 MINIMUM TEMPERATURE (F)   50        40      1949


SUNRISE AND SUNSET
JULY 28 2017..........SUNRISE   601 AM MDT   SUNSET   855 PM MDT
JULY 29 2017..........SUNRISE   602 AM MDT   SUNSET   854 PM MDT


-  INDICATES NEGATIVE NUMBERS.
R  INDICATES RECORD WAS SET OR TIED.
MM INDICATES DATA IS MISSING.
T  INDICATES TRACE AMOUNT.




$$
