000
CDUS45 KBYZ 280939
CLILVM


CLIMATE REPORT
NATIONAL WEATHER SERVICE BILLINGS MT
337 AM MDT TUE JUL 28 2015


...................................

...THE LIVINGSTON MT CLIMATE SUMMARY FOR JULY 27 2015...

CLIMATE NORMAL PERIOD 1981 TO 2010
CLIMATE RECORD PERIOD 1948 TO 2015


WEATHER ITEM   OBSERVED TIME   RECORD YEAR NORMAL DEPARTURE LAST
                VALUE   (LST)  VALUE       VALUE  FROM      YEAR
                                                  NORMAL
..................................................................
TEMPERATURE (F)
 YESTERDAY
  MAXIMUM         74   1006 AM  99    2006  87    -13       90
                                      1999
  MINIMUM         50   1040 PM  40    1969  50      0       45
  AVERAGE         62                        68     -6       68

PRECIPITATION (IN)
  YESTERDAY        0.18          0.69 2009   0.03   0.15     0.00
  MONTH TO DATE    1.17                      1.31  -0.14     0.45
  SINCE OCT 1     10.65                     12.33  -1.68    11.54
  SINCE JAN 1      8.86                      9.96  -1.10     9.25

DEGREE DAYS
 HEATING
  YESTERDAY        3                         1      2        0
  MONTH TO DATE    5                        46    -41        9
  SINCE JUN 1     59                       253   -194      204
  SINCE JUL 1      5                        46    -41        9

 COOLING
  YESTERDAY        0                         4     -4        3
  MONTH TO DATE  108                        90     18      151
  SINCE JUN 1    207                       109     98      153
  SINCE JAN 1    208                       110     98      158
..................................................................


WIND (MPH)
  HIGHEST WIND SPEED    39   HIGHEST WIND DIRECTION     W (260)
  HIGHEST GUST SPEED    51   HIGHEST GUST DIRECTION     W (280)
  AVERAGE WIND SPEED    12.9


SKY COVER
  POSSIBLE SUNSHINE  MM
  AVERAGE SKY COVER 0.6


WEATHER CONDITIONS
 THE FOLLOWING WEATHER WAS RECORDED YESTERDAY.
  THUNDERSTORM
  LIGHT RAIN
  FOG


RELATIVE HUMIDITY (PERCENT)
 HIGHEST    86           600 AM
 LOWEST     47          1000 AM
 AVERAGE    67

..........................................................


THE LIVINGSTON MT CLIMATE NORMALS FOR TODAY
                         NORMAL    RECORD    YEAR
 MAXIMUM TEMPERATURE (F)   87       101      2006
 MINIMUM TEMPERATURE (F)   50        40      1949


SUNRISE AND SUNSET
JULY 28 2015..........SUNRISE   600 AM MDT   SUNSET   856 PM MDT
JULY 29 2015..........SUNRISE   601 AM MDT   SUNSET   854 PM MDT


-  INDICATES NEGATIVE NUMBERS.
R  INDICATES RECORD WAS SET OR TIED.
MM INDICATES DATA IS MISSING.
T  INDICATES TRACE AMOUNT.





&&

THIS IS AN AUTOMATED...UNATTENDED WEATHER STATION AND MAY
UNDERESTIMATE WINTER PRECIPITATION.

$$
