000
CDUS45 KBYZ 192228
CLILVM


CLIMATE REPORT
NATIONAL WEATHER SERVICE BILLINGS MT
427 PM MDT SAT APR 19 2014


...................................

...THE LIVINGSTON MT CLIMATE SUMMARY FOR APRIL 19 2014...
VALID TODAY AS OF 0400 PM LOCAL TIME.

CLIMATE NORMAL PERIOD 1981 TO 2010
CLIMATE RECORD PERIOD 1948 TO 2014


WEATHER ITEM   OBSERVED TIME   RECORD YEAR NORMAL DEPARTURE LAST
                VALUE   (LST)  VALUE       VALUE  FROM      YEAR
                                                  NORMAL
..................................................................
TEMPERATURE (F)
 TODAY
  MAXIMUM         66    307 PM  86    1962  56     10       58
  MINIMUM         34    604 AM  12    1972  30      4       29
  AVERAGE         50                        43      7       44

PRECIPITATION (IN)
  TODAY            0.00          0.64 1987   0.06  -0.06     0.03
  MONTH TO DATE    0.64                      1.02  -0.38     0.29
  SINCE OCT 1      6.01                      5.22   0.79     3.35
  SINCE JAN 1      3.72                      2.85   0.87     1.05

DEGREE DAYS
 HEATING
  TODAY           15                        22     -7       21
  MONTH TO DATE  396                       463    -67      513
  SINCE MAR 1   1325                      1374    -49     1397
  SINCE JUL 1   6568                      6722   -154     6064

 COOLING
  TODAY            0                         0      0        0
  MONTH TO DATE    0                         0      0        0
  SINCE MAR 1      0                         0      0        0
  SINCE JAN 1      0                         0      0        0
..................................................................


WIND (MPH)
  HIGHEST WIND SPEED    25   HIGHEST WIND DIRECTION     W (290)
  HIGHEST GUST SPEED    34   HIGHEST GUST DIRECTION     W (270)
  AVERAGE WIND SPEED    13.7


SKY COVER
  POSSIBLE SUNSHINE  MM
  AVERAGE SKY COVER 0.0


WEATHER CONDITIONS
 THE FOLLOWING WEATHER WAS RECORDED TODAY.
  NO SIGNIFICANT WEATHER WAS OBSERVED.


RELATIVE HUMIDITY (PERCENT)
 HIGHEST    47           600 AM
 LOWEST     13           300 PM
 AVERAGE    30

..........................................................


THE LIVINGSTON MT CLIMATE NORMALS FOR TOMORROW
                         NORMAL    RECORD    YEAR
 MAXIMUM TEMPERATURE (F)   56        82      1980
 MINIMUM TEMPERATURE (F)   30        11      2008


SUNRISE AND SUNSET
APRIL 19 2014.........SUNRISE   629 AM MDT   SUNSET   814 PM MDT
APRIL 20 2014.........SUNRISE   627 AM MDT   SUNSET   815 PM MDT


-  INDICATES NEGATIVE NUMBERS.
R  INDICATES RECORD WAS SET OR TIED.
MM INDICATES DATA IS MISSING.
T  INDICATES TRACE AMOUNT.





&&

THIS IS AN AUTOMATED...UNATTENDED WEATHER STATION AND MAY
UNDERESTIMATE WINTER PRECIPITATION.

$$
