000
CDUS45 KBYZ 300932
CLILVM


CLIMATE REPORT
NATIONAL WEATHER SERVICE BILLINGS MT
331 AM MDT TUE JUN 30 2015


...................................

...THE LIVINGSTON MT CLIMATE SUMMARY FOR JUNE 29 2015...

CLIMATE NORMAL PERIOD 1981 TO 2010
CLIMATE RECORD PERIOD 1948 TO 2015


WEATHER ITEM   OBSERVED TIME   RECORD YEAR NORMAL DEPARTURE LAST
                VALUE   (LST)  VALUE       VALUE  FROM      YEAR
                                                  NORMAL
..................................................................
TEMPERATURE (F)
 YESTERDAY
  MAXIMUM         99R   305 PM  98    2007  79     20       76
  MINIMUM         56    459 AM  32    1968  47      9       46
  AVERAGE         78                        63     15       61

PRECIPITATION (IN)
  YESTERDAY        0.58          0.93 1968   0.05   0.53     0.00
  MONTH TO DATE    0.85                      2.33  -1.48     2.30
  SINCE OCT 1      9.41                     10.96  -1.55    11.09
  SINCE JAN 1      7.62                      8.59  -0.97     8.80

DEGREE DAYS
 HEATING
  YESTERDAY        0                         4     -4        4
  MONTH TO DATE   54                       204   -150      187
  SINCE JUN 1     54                       204   -150      187
  SINCE JUL 1   6341                      7600  -1259     7348

 COOLING
  YESTERDAY       13                         1     12        0
  MONTH TO DATE   87                        13     74        2
  SINCE JUN 1     87                        13     74        2
  SINCE JAN 1     88                        14     74        7
..................................................................


WIND (MPH)
  HIGHEST WIND SPEED    46   HIGHEST WIND DIRECTION     W (250)
  HIGHEST GUST SPEED    63   HIGHEST GUST DIRECTION     W (260)
  AVERAGE WIND SPEED     6.6


SKY COVER
  POSSIBLE SUNSHINE  MM
  AVERAGE SKY COVER 0.1


WEATHER CONDITIONS
 THE FOLLOWING WEATHER WAS RECORDED YESTERDAY.
  THUNDERSTORM
  HEAVY RAIN
  RAIN
  LIGHT RAIN


RELATIVE HUMIDITY (PERCENT)
 HIGHEST    81          1100 PM
 LOWEST     17           300 PM
 AVERAGE    49

..........................................................


THE LIVINGSTON MT CLIMATE NORMALS FOR TODAY
                         NORMAL    RECORD    YEAR
 MAXIMUM TEMPERATURE (F)   79        99      1990
 MINIMUM TEMPERATURE (F)   47        35      1951


SUNRISE AND SUNSET
JUNE 30 2015..........SUNRISE   536 AM MDT   SUNSET   915 PM MDT
JULY  1 2015..........SUNRISE   536 AM MDT   SUNSET   915 PM MDT


-  INDICATES NEGATIVE NUMBERS.
R  INDICATES RECORD WAS SET OR TIED.
MM INDICATES DATA IS MISSING.
T  INDICATES TRACE AMOUNT.





&&

THIS IS AN AUTOMATED...UNATTENDED WEATHER STATION AND MAY
UNDERESTIMATE WINTER PRECIPITATION.

$$
