000
CDUS45 KBYZ 170933
CLILVM


CLIMATE REPORT
NATIONAL WEATHER SERVICE BILLINGS MT
331 AM MDT WED SEP 17 2014


...................................

...THE LIVINGSTON MT CLIMATE SUMMARY FOR SEPTEMBER 16 2014...

CLIMATE NORMAL PERIOD 1981 TO 2010
CLIMATE RECORD PERIOD 1948 TO 2014


WEATHER ITEM   OBSERVED TIME   RECORD YEAR NORMAL DEPARTURE LAST
                VALUE   (LST)  VALUE       VALUE  FROM      YEAR
                                                  NORMAL
..................................................................
TEMPERATURE (F)
 YESTERDAY
  MAXIMUM         85    150 PM  94    2000  72     13       87
  MINIMUM         40    558 AM  25    1965  39      1       50
  AVERAGE         63                        56      7       69

PRECIPITATION (IN)
  YESTERDAY        0.00          0.41 1996   0.04  -0.04     0.08
  MONTH TO DATE    0.41                      0.60  -0.19     1.06
  SINCE OCT 1     14.64                     14.20   0.44    10.84
  SINCE JAN 1     12.35                     11.83   0.52     8.54

DEGREE DAYS
 HEATING
  YESTERDAY        2                        10     -8        0
  MONTH TO DATE  172                       116     56       13
  SINCE SEP 1    172                       116     56       13
  SINCE JUL 1    241                       234      7       13

 COOLING
  YESTERDAY        0                         0      0        4
  MONTH TO DATE    0                        13    -13       56
  SINCE SEP 1      0                        13    -13       56
  SINCE JAN 1    303                       228     75      495
..................................................................


WIND (MPH)
  HIGHEST WIND SPEED    24   HIGHEST WIND DIRECTION    SW (230)
  HIGHEST GUST SPEED    32   HIGHEST GUST DIRECTION    SW (230)
  AVERAGE WIND SPEED     9.9


SKY COVER
  POSSIBLE SUNSHINE  MM
  AVERAGE SKY COVER 0.1


WEATHER CONDITIONS
 THE FOLLOWING WEATHER WAS RECORDED YESTERDAY.
  NO SIGNIFICANT WEATHER WAS OBSERVED.


RELATIVE HUMIDITY (PERCENT)
 HIGHEST    76           600 AM
 LOWEST     18           200 PM
 AVERAGE    47

..........................................................


THE LIVINGSTON MT CLIMATE NORMALS FOR TODAY
                         NORMAL    RECORD    YEAR
 MAXIMUM TEMPERATURE (F)   71        92      1981
 MINIMUM TEMPERATURE (F)   39        21      1965


SUNRISE AND SUNSET
SEPTEMBER 17 2014.....SUNRISE   703 AM MDT   SUNSET   729 PM MDT
SEPTEMBER 18 2014.....SUNRISE   704 AM MDT   SUNSET   727 PM MDT


-  INDICATES NEGATIVE NUMBERS.
R  INDICATES RECORD WAS SET OR TIED.
MM INDICATES DATA IS MISSING.
T  INDICATES TRACE AMOUNT.





&&

THIS IS AN AUTOMATED...UNATTENDED WEATHER STATION AND MAY
UNDERESTIMATE WINTER PRECIPITATION.

$$
