000
CDUS45 KBYZ 302226
CLILVM


CLIMATE REPORT
NATIONAL WEATHER SERVICE BILLINGS MT
424 PM MDT FRI SEP 30 2016


...................................

...THE LIVINGSTON MT CLIMATE SUMMARY FOR SEPTEMBER 30 2016...
VALID TODAY AS OF 0400 PM LOCAL TIME.

CLIMATE NORMAL PERIOD 1981 TO 2010
CLIMATE RECORD PERIOD 1948 TO 2016


WEATHER ITEM   OBSERVED TIME   RECORD YEAR NORMAL DEPARTURE LAST
                VALUE   (LST)  VALUE       VALUE  FROM      YEAR
                                                  NORMAL
..................................................................
TEMPERATURE (F)
 TODAY
  MAXIMUM         80    222 PM  90    2011  65     15       83
  MINIMUM         47    547 AM  16    1985  35     12       38
  AVERAGE         64                        50     14       61

PRECIPITATION (IN)
  TODAY            0.00          0.84 1949   0.04  -0.04     0.00
  MONTH TO DATE    1.64                      1.21   0.43     1.24
  SINCE OCT 1     13.69                     14.81  -1.12    13.14
  SINCE JAN 1      9.99                     12.44  -2.45    11.35

DEGREE DAYS
 HEATING
  TODAY            1                        15    -14        4
  MONTH TO DATE  262                       290    -28      159
  SINCE SEP 1    262                       291    -29      159
  SINCE JUL 1    350                       409    -59      226

 COOLING
  TODAY            0                         0      0        0
  MONTH TO DATE   17                        14      3       42
  SINCE SEP 1     17                        14      3       42
  SINCE JAN 1    329                       229    100      384
..................................................................


WIND (MPH)
  HIGHEST WIND SPEED    24   HIGHEST WIND DIRECTION    SW (220)
  HIGHEST GUST SPEED    35   HIGHEST GUST DIRECTION     W (290)
  AVERAGE WIND SPEED    14.7


SKY COVER
  POSSIBLE SUNSHINE  MM
  AVERAGE SKY COVER 0.0


WEATHER CONDITIONS
 THE FOLLOWING WEATHER WAS RECORDED TODAY.
  NO SIGNIFICANT WEATHER WAS OBSERVED.


RELATIVE HUMIDITY (PERCENT)
 HIGHEST    71           600 AM
 LOWEST     27           100 PM
 AVERAGE    49

..........................................................


THE LIVINGSTON MT CLIMATE NORMALS FOR TOMORROW
                         NORMAL    RECORD    YEAR
 MAXIMUM TEMPERATURE (F)   65        91      2011
 MINIMUM TEMPERATURE (F)   35        10      1950


SUNRISE AND SUNSET
SEPTEMBER 30 2016.....SUNRISE   719 AM MDT   SUNSET   703 PM MDT
OCTOBER  1 2016.......SUNRISE   721 AM MDT   SUNSET   701 PM MDT


-  INDICATES NEGATIVE NUMBERS.
R  INDICATES RECORD WAS SET OR TIED.
MM INDICATES DATA IS MISSING.
T  INDICATES TRACE AMOUNT.





&&

THIS IS AN AUTOMATED...UNATTENDED WEATHER STATION AND MAY
UNDERESTIMATE WINTER PRECIPITATION.

$$
