000
CDUS41 KRNK 192112
CLILWB


CLIMATE REPORT
NATIONAL WEATHER SERVICE BLACKSBURG VA
509 PM EDT SUN OCT 19 2014


...................................

...THE LEWISBURG WV CLIMATE SUMMARY FOR OCTOBER 19 2014...
VALID TODAY AS OF 0500 PM LOCAL TIME.

CLIMATE NORMAL PERIOD 1981 TO 2010
CLIMATE RECORD PERIOD 1973 TO 2014


WEATHER ITEM   OBSERVED TIME   RECORD YEAR NORMAL DEPARTURE
                VALUE   (LST)  VALUE       VALUE  FROM
                                                  NORMAL
...............................................................
TEMPERATURE (F)
 TODAY
  MAXIMUM         56    400 PM  78    1984  64     -8
  MINIMUM         44    800 AM  23    2009  37      7
  AVERAGE         50                        50      0

PRECIPITATION (IN)
  TODAY            0.00          0.11 2011   0.08  -0.08
  MONTH TO DATE    3.12                      1.54   1.58
  SINCE SEP 1      4.10                      4.82  -0.72
  SINCE JAN 1     22.79                     32.92 -10.13

SNOWFALL (IN)
  TODAY            0.0
  MONTH TO DATE    0.0
  SINCE SEP 1      0.0
  SINCE JUL 1      0.0
  SNOW DEPTH       0

DEGREE DAYS
 HEATING
  TODAY           15                                0
  MONTH TO DATE  144                              -88
  SINCE SEP 1    216                             -150
  SINCE JUL 1    238                             -156

 COOLING
  TODAY            0                                0
  MONTH TO DATE    5                                5
  SINCE SEP 1    102                               59
  SINCE JAN 1    619                              126
...............................................................


WIND (MPH)
  HIGHEST WIND SPEED    12   HIGHEST WIND DIRECTION     N (340)
  HIGHEST GUST SPEED    23   HIGHEST GUST DIRECTION     N (340)
  AVERAGE WIND SPEED     7.2




RELATIVE HUMIDITY (PERCENT)
 HIGHEST    79
 LOWEST     43
 AVERAGE    61

..........................................................


THE LEWISBURG WV CLIMATE NORMALS FOR TOMORROW
                         NORMAL    RECORD    YEAR
 MAXIMUM TEMPERATURE (F)   63        79      1993
 MINIMUM TEMPERATURE (F)   36        15      1992


SUNRISE AND SUNSET
OCTOBER 19 2014.......SUNRISE   734 AM EDT   SUNSET   639 PM EDT
OCTOBER 20 2014.......SUNRISE   735 AM EDT   SUNSET   637 PM EDT


-  INDICATES NEGATIVE NUMBERS.
R  INDICATES RECORD WAS SET OR TIED.
MM INDICATES DATA IS MISSING.
T  INDICATES TRACE AMOUNT.

REMARKS:
DUE TO MISSING PRECIPITATION DATA ON JANUARY 25...THE ANNUAL
TOTAL AND DEPARTURE FROM NORMAL FOR PRECIPITATION WILL BE
CALCULATED WITHOUT DATA FROM THAT DATE.


$$
