000
CDUS41 KRNK 230925
CLILWB


CLIMATE REPORT
NATIONAL WEATHER SERVICE BLACKSBURG VA
524 AM EDT TUE SEP 23 2014


...................................

...THE LEWISBURG WV CLIMATE SUMMARY FOR SEPTEMBER 22 2014...

CLIMATE NORMAL PERIOD 1981 TO 2010
CLIMATE RECORD PERIOD 1973 TO 2014


WEATHER ITEM   OBSERVED TIME   RECORD YEAR NORMAL DEPARTURE
                VALUE   (LST)  VALUE       VALUE  FROM
                                                  NORMAL
...............................................................
TEMPERATURE (F)
 YESTERDAY
  MAXIMUM         65        MM  82    2005  72     -7
  MINIMUM         42        MM  35    1991  47     -5
  AVERAGE         54                        60     -6

PRECIPITATION (IN)
  YESTERDAY        0.00          0.00 2013   0.11  -0.11
  MONTH TO DATE    0.97                      2.42  -1.45
  SINCE SEP 1      0.97                      2.42  -1.45
  SINCE JAN 1     19.66                     30.52 -10.86

SNOWFALL (IN)
  YESTERDAY        0.0
  MONTH TO DATE    0.0
  SINCE SEP 1      0.0
  SINCE JUL 1      0.0
  SNOW DEPTH       0

DEGREE DAYS
 HEATING
  YESTERDAY       11                                5
  MONTH TO DATE   47                              -24
  SINCE SEP 1     47                              -24
  SINCE JUL 1     69                              -30

 COOLING
  YESTERDAY        0                               -1
  MONTH TO DATE   93                               55
  SINCE SEP 1     93                               55
  SINCE JAN 1    610                              122
...............................................................


WIND (MPH)
  HIGHEST WIND SPEED    12   HIGHEST WIND DIRECTION     N (360)
  HIGHEST GUST SPEED    17   HIGHEST GUST DIRECTION     N (360)
  AVERAGE WIND SPEED     4.8




RELATIVE HUMIDITY (PERCENT)
 HIGHEST    93
 LOWEST     46
 AVERAGE    70

..........................................................


THE LEWISBURG WV CLIMATE NORMALS FOR TODAY
                         NORMAL    RECORD    YEAR
 MAXIMUM TEMPERATURE (F)   72        91      2010
 MINIMUM TEMPERATURE (F)   47        32      1983


SUNRISE AND SUNSET
SEPTEMBER 23 2014.....SUNRISE   710 AM EDT   SUNSET   717 PM EDT
SEPTEMBER 24 2014.....SUNRISE   711 AM EDT   SUNSET   715 PM EDT


-  INDICATES NEGATIVE NUMBERS.
R  INDICATES RECORD WAS SET OR TIED.
MM INDICATES DATA IS MISSING.
T  INDICATES TRACE AMOUNT.

REMARKS

DUE TO MISSING PRECIPITATION DATA ON JANUARY 25...THE ANNUAL
TOTAL AND DEPARTURE FROM NORMAL FOR PRECIPITATION WILL BE
CALCULATED WITHOUT DATA FROM THAT DATE.

$$

MBS
