000
CDUS41 KRNK 130910 CCA
CLILWB

CLIMATE REPORT
NATIONAL WEATHER SERVICE BLACKSBURG VA
508 AM EDT SUN JUL 13 2014


...................................

...THE LEWISBURG WV CLIMATE SUMMARY FOR JULY 12 2014...

CLIMATE NORMAL PERIOD 1981 TO 2010
CLIMATE RECORD PERIOD 1973 TO 2014


WEATHER ITEM   OBSERVED TIME   RECORD YEAR NORMAL DEPARTURE
                VALUE   (LST)  VALUE       VALUE  FROM
                                                  NORMAL
...............................................................
TEMPERATURE (F)
 YESTERDAY
  MAXIMUM         88    300 PM  90    2011  82      6
  MINIMUM         60    600 AM  48    2001  59      1
  AVERAGE         74                        70      4

PRECIPITATION (IN)
  YESTERDAY        0.00          0.02 2011   0.13  -0.13
  MONTH TO DATE    0.09                      1.46  -1.37
  SINCE JUN 1      3.52                      5.19  -1.67
  SINCE JAN 1     14.45                     22.37  -7.92

SNOWFALL (IN)
  YESTERDAY        0.0
  MONTH TO DATE    0.0
  SINCE JUN 1      0.0
  SINCE JUL 1      0.0
  SNOW DEPTH       0

DEGREE DAYS
 HEATING
  YESTERDAY        0                                0
  MONTH TO DATE    4                                4
  SINCE JUN 1     17                              -33
  SINCE JUL 1      4                                4

 COOLING
  YESTERDAY        9                                3
  MONTH TO DATE   83                               15
  SINCE JUN 1    247                               75
  SINCE JAN 1    280                               82
...............................................................


WIND (MPH)
  HIGHEST WIND SPEED     7   HIGHEST WIND DIRECTION     W (250)
  HIGHEST GUST SPEED    MM   HIGHEST GUST DIRECTION    MM
  AVERAGE WIND SPEED     2.4




RELATIVE HUMIDITY (PERCENT)
 HIGHEST    97
 LOWEST     35
 AVERAGE    66

..........................................................


THE LEWISBURG WV CLIMATE NORMALS FOR TODAY
                         NORMAL    RECORD    YEAR
 MAXIMUM TEMPERATURE (F)   82        88      1983
 MINIMUM TEMPERATURE (F)   59        45      2001


SUNRISE AND SUNSET
JULY 13 2014..........SUNRISE   610 AM EDT   SUNSET   844 PM EDT
JULY 14 2014..........SUNRISE   611 AM EDT   SUNSET   844 PM EDT


-  INDICATES NEGATIVE NUMBERS.
R  INDICATES RECORD WAS SET OR TIED.
MM INDICATES DATA IS MISSING.
T  INDICATES TRACE AMOUNT.

REMARKS:
DUE TO MISSING PRECIPITATION ON JANUARY 25...THE ANNUAL
TOTAL AND DEPARTURE FROM NORMAL FOR PRECIPITATION WILL BE CALCULATED
WITHOUT DATA FROM THAT DATE.


$$
