000
CDUS43 KTOP 052136
CLILWC


CLIMATE REPORT
NATIONAL WEATHER SERVICE TOPEKA KS
435 PM CDT THU MAY 5 2016


...................................

...THE LAWRENCE KS CLIMATE SUMMARY FOR MAY 5 2016...
VALID TODAY AS OF 430 PM LOCAL TIME.

CLIMATE NORMAL PERIOD 1981 TO 2010
CLIMATE RECORD PERIOD 9999 TO 9999


WEATHER ITEM   OBSERVED NORMAL DEPARTURE LAST
                VALUE   VALUE  FROM      YEAR
                               NORMAL
...............................................
TEMPERATURE (F)
 TODAY
  MAXIMUM         75     73      2       81
  MINIMUM         40     49     -9       60
  AVERAGE         58     61     -3       71

PRECIPITATION (IN)
  TODAY            0.00   0.17  -0.17     0.15
  MONTH TO DATE    T      0.88  -0.88     0.59
  SINCE MAR 1      6.14   7.27  -1.13     4.11
  SINCE JAN 1      7.26   9.58  -2.32     5.80

DEGREE DAYS
 HEATING
  TODAY            7      5      2        0
  MONTH TO DATE   53     29     24        6
  SINCE MAR 1    777    993   -216      849
  SINCE JUL 1   4279   5008   -729     5138

 COOLING
  TODAY            0      1     -1        6
  MONTH TO DATE    0      5     -5       20
  SINCE MAR 1     18     28    -10       25
  SINCE JAN 1     18     28    -10       25
...............................................


WIND (MPH)
  HIGHEST WIND SPEED    14   HIGHEST WIND DIRECTION     N (350)
  HIGHEST GUST SPEED    17   HIGHEST GUST DIRECTION     N (350)
  AVERAGE WIND SPEED     6.1



WEATHER CONDITIONS
 THE FOLLOWING WEATHER WAS RECORDED TODAY.
  NO SIGNIFICANT WEATHER WAS OBSERVED.


RELATIVE HUMIDITY (PERCENT)
 HIGHEST    96
 LOWEST     29
 AVERAGE    63

..........................................................


THE LAWRENCE KS CLIMATE NORMALS FOR TOMORROW
                         NORMAL
 MAXIMUM TEMPERATURE (F)   73
 MINIMUM TEMPERATURE (F)   50


SUNRISE AND SUNSET
MAY  5 2016...........SUNRISE   618 AM CDT   SUNSET   818 PM CDT
MAY  6 2016...........SUNRISE   616 AM CDT   SUNSET   819 PM CDT


-  INDICATES NEGATIVE NUMBERS.
R  INDICATES RECORD WAS SET OR TIED.
MM INDICATES DATA IS MISSING.
T  INDICATES TRACE AMOUNT.




$$
