000
CDUS43 KTOP 270644
CLILWC


CLIMATE REPORT
NATIONAL WEATHER SERVICE TOPEKA KS
143 AM CDT FRI MAY 27 2016


...................................

...THE LAWRENCE KS CLIMATE SUMMARY FOR MAY 26 2016...

CLIMATE NORMAL PERIOD 1981 TO 2010
CLIMATE RECORD PERIOD 9999 TO 9999


WEATHER ITEM   OBSERVED NORMAL DEPARTURE LAST
                VALUE   VALUE  FROM      YEAR
                               NORMAL
...............................................
TEMPERATURE (F)
 YESTERDAY
  MAXIMUM         84     80      4       79
  MINIMUM         62     57      5       60
  AVERAGE         73     68      5       70

PRECIPITATION (IN)
  YESTERDAY        2.58   0.19   2.39     0.10
  MONTH TO DATE    6.11   4.31   1.80     8.22
  SINCE MAR 1     12.25  10.70   1.55    11.74
  SINCE JAN 1     13.37  13.01   0.36    13.43

DEGREE DAYS
 HEATING
  YESTERDAY        0      2     -2        0
  MONTH TO DATE  143    100     43       88
  SINCE MAR 1    867   1064   -197      931
  SINCE JUL 1   4369   5079   -710     5220

 COOLING
  YESTERDAY        8      5      3        5
  MONTH TO DATE   40     69    -29       61
  SINCE MAR 1     58     92    -34       66
  SINCE JAN 1     58     92    -34       66
...............................................


WIND (MPH)
  HIGHEST WIND SPEED    54   HIGHEST WIND DIRECTION    NW (330)
  HIGHEST GUST SPEED    68   HIGHEST GUST DIRECTION    NW (320)
  AVERAGE WIND SPEED    13.3


SKY COVER
  AVERAGE SKY COVER 0.7


WEATHER CONDITIONS
 THE FOLLOWING WEATHER WAS RECORDED YESTERDAY.
  THUNDERSTORM
  HEAVY RAIN
  RAIN
  LIGHT RAIN
  FOG


RELATIVE HUMIDITY (PERCENT)
 HIGHEST    93
 LOWEST     66
 AVERAGE    80

..........................................................


THE LAWRENCE KS CLIMATE NORMALS FOR TODAY
                         NORMAL
 MAXIMUM TEMPERATURE (F)   80
 MINIMUM TEMPERATURE (F)   57


SUNRISE AND SUNSET
MAY 27 2016...........SUNRISE   559 AM CDT   SUNSET   837 PM CDT
MAY 28 2016...........SUNRISE   559 AM CDT   SUNSET   838 PM CDT


-  INDICATES NEGATIVE NUMBERS.
R  INDICATES RECORD WAS SET OR TIED.
MM INDICATES DATA IS MISSING.
T  INDICATES TRACE AMOUNT.




$$
