000
CDUS43 KTOP 260642
CLILWC


CLIMATE REPORT
NATIONAL WEATHER SERVICE TOPEKA KS
140 AM CDT FRI MAY 26 2017


...................................

...THE LAWRENCE KS CLIMATE SUMMARY FOR MAY 25 2017...

CLIMATE NORMAL PERIOD 1981 TO 2010
CLIMATE RECORD PERIOD 9999 TO 9999


WEATHER ITEM   OBSERVED NORMAL DEPARTURE LAST
                VALUE   VALUE  FROM      YEAR
                               NORMAL
...............................................
TEMPERATURE (F)
 YESTERDAY
  MAXIMUM         80     79      1       84
  MINIMUM         45     56    -11       61
  AVERAGE         63     68     -5       73

PRECIPITATION (IN)
  YESTERDAY        0.00   0.19  -0.19     0.33
  MONTH TO DATE    2.62   4.12  -1.50     3.53
  SINCE MAR 1     11.87  10.51   1.36     9.67
  SINCE JAN 1     12.88  12.82   0.06    10.79

DEGREE DAYS
 HEATING
  YESTERDAY        2      2      0        0
  MONTH TO DATE   91     98     -7      143
  SINCE MAR 1    867   1062   -195      867
  SINCE JUL 1   4148   5077   -929     4369

 COOLING
  YESTERDAY        0      4     -4        8
  MONTH TO DATE   57     64     -7       32
  SINCE MAR 1     89     87      2       50
  SINCE JAN 1     89     87      2       50
...............................................


WIND (MPH)
  HIGHEST WIND SPEED    22   HIGHEST WIND DIRECTION    SE (120)
  HIGHEST GUST SPEED    29   HIGHEST GUST DIRECTION    SE (120)
  AVERAGE WIND SPEED    10.3


SKY COVER
  AVERAGE SKY COVER 0.0


WEATHER CONDITIONS
 THE FOLLOWING WEATHER WAS RECORDED YESTERDAY.
  NO SIGNIFICANT WEATHER WAS OBSERVED.


RELATIVE HUMIDITY (PERCENT)
 HIGHEST   100
 LOWEST     42
 AVERAGE    71

..........................................................


THE LAWRENCE KS CLIMATE NORMALS FOR TODAY
                         NORMAL
 MAXIMUM TEMPERATURE (F)   80
 MINIMUM TEMPERATURE (F)   57


SUNRISE AND SUNSET
MAY 26 2017...........SUNRISE   600 AM CDT   SUNSET   836 PM CDT
MAY 27 2017...........SUNRISE   559 AM CDT   SUNSET   837 PM CDT


-  INDICATES NEGATIVE NUMBERS.
R  INDICATES RECORD WAS SET OR TIED.
MM INDICATES DATA IS MISSING.
T  INDICATES TRACE AMOUNT.




$$
