000
CDUS43 KTOP 280632
CLILWC


CLIMATE REPORT
NATIONAL WEATHER SERVICE TOPEKA KS
131 AM CDT WED SEP 28 2016


...................................

...THE LAWRENCE KS CLIMATE SUMMARY FOR SEPTEMBER 27 2016...

CLIMATE NORMAL PERIOD 1981 TO 2010
CLIMATE RECORD PERIOD 9999 TO 9999


WEATHER ITEM   OBSERVED NORMAL DEPARTURE LAST
                VALUE   VALUE  FROM      YEAR
                               NORMAL
...............................................
TEMPERATURE (F)
 YESTERDAY
  MAXIMUM         81     77      4       82
  MINIMUM         47     50     -3       53
  AVERAGE         64     63      1       68

PRECIPITATION (IN)
  YESTERDAY        0.00   0.13  -0.13     0.00
  MONTH TO DATE    6.12   3.79   2.33     3.21
  SINCE SEP 1      6.12   3.79   2.33     3.21
  SINCE JAN 1     29.71  31.65  -1.94    33.13

DEGREE DAYS
 HEATING
  YESTERDAY        1      4     -3        0
  MONTH TO DATE   12     44    -32       16
  SINCE SEP 1     12     44    -32       16
  SINCE JUL 1     12     47    -35       18

 COOLING
  YESTERDAY        0      3     -3        3
  MONTH TO DATE  221    146     75      245
  SINCE SEP 1    221    146     75      245
  SINCE JAN 1   1538   1337    201     1374
...............................................


WIND (MPH)
  HIGHEST WIND SPEED    13   HIGHEST WIND DIRECTION     W (270)
  HIGHEST GUST SPEED    16   HIGHEST GUST DIRECTION     W (270)
  AVERAGE WIND SPEED     3.1


SKY COVER
  AVERAGE SKY COVER 0.0


WEATHER CONDITIONS
 THE FOLLOWING WEATHER WAS RECORDED YESTERDAY.
  NO SIGNIFICANT WEATHER WAS OBSERVED.


RELATIVE HUMIDITY (PERCENT)
 HIGHEST   100
 LOWEST     36
 AVERAGE    68

..........................................................


THE LAWRENCE KS CLIMATE NORMALS FOR TODAY
                         NORMAL
 MAXIMUM TEMPERATURE (F)   76
 MINIMUM TEMPERATURE (F)   50


SUNRISE AND SUNSET
SEPTEMBER 28 2016.....SUNRISE   714 AM CDT   SUNSET   707 PM CDT
SEPTEMBER 29 2016.....SUNRISE   715 AM CDT   SUNSET   706 PM CDT


-  INDICATES NEGATIVE NUMBERS.
R  INDICATES RECORD WAS SET OR TIED.
MM INDICATES DATA IS MISSING.
T  INDICATES TRACE AMOUNT.




$$
