000
CDUS43 KTOP 200637
CLILWC


CLIMATE REPORT
NATIONAL WEATHER SERVICE TOPEKA KS
1237 AM CST FRI JAN 20 2017


...................................

...THE LAWRENCE KS CLIMATE SUMMARY FOR JANUARY 19 2017...

CLIMATE NORMAL PERIOD 1981 TO 2010
CLIMATE RECORD PERIOD 9999 TO 9999


WEATHER ITEM   OBSERVED NORMAL DEPARTURE LAST
                VALUE   VALUE  FROM      YEAR
                               NORMAL
...............................................
TEMPERATURE (F)
 YESTERDAY
  MAXIMUM         48     40      8       26
  MINIMUM         38     18     20       21
  AVERAGE         43     29     14       24

PRECIPITATION (IN)
  YESTERDAY        0.02   0.03  -0.01     0.03
  MONTH TO DATE    0.95   0.56   0.39     0.64
  SINCE DEC 1      1.95   2.03  -0.08     3.85
  SINCE JAN 1      0.95   0.56   0.39     0.64

DEGREE DAYS
 HEATING
  YESTERDAY       22     36    -14       41
  MONTH TO DATE  693    684      9      717
  SINCE DEC 1   1724   1719      5     1527
  SINCE JUL 1   2368   2727   -359     2350

 COOLING
  YESTERDAY        0      0      0        0
  MONTH TO DATE    0      0      0        0
  SINCE DEC 1      0      0      0        0
  SINCE JAN 1      0      0      0        0
...............................................


WIND (MPH)
  HIGHEST WIND SPEED    12   HIGHEST WIND DIRECTION     E (110)
  HIGHEST GUST SPEED    14   HIGHEST GUST DIRECTION    SE (120)
  AVERAGE WIND SPEED     5.3


SKY COVER
  AVERAGE SKY COVER 1.0


WEATHER CONDITIONS
 THE FOLLOWING WEATHER WAS RECORDED YESTERDAY.
  LIGHT RAIN
  FOG


RELATIVE HUMIDITY (PERCENT)
 HIGHEST   100
 LOWEST     93
 AVERAGE    97

..........................................................


THE LAWRENCE KS CLIMATE NORMALS FOR TODAY
                         NORMAL
 MAXIMUM TEMPERATURE (F)   40
 MINIMUM TEMPERATURE (F)   19


SUNRISE AND SUNSET
JANUARY 20 2017.......SUNRISE   736 AM CST   SUNSET   529 PM CST
JANUARY 21 2017.......SUNRISE   735 AM CST   SUNSET   530 PM CST


-  INDICATES NEGATIVE NUMBERS.
R  INDICATES RECORD WAS SET OR TIED.
MM INDICATES DATA IS MISSING.
T  INDICATES TRACE AMOUNT.




$$
