000
CDUS43 KTOP 020637
CLILWC


CLIMATE REPORT
NATIONAL WEATHER SERVICE TOPEKA KS
136 AM CDT THU OCT 2 2014


...................................

...THE LAWRENCE KS CLIMATE SUMMARY FOR OCTOBER 1 2014...

CLIMATE NORMAL PERIOD 1981 TO 2010
CLIMATE RECORD PERIOD 9999 TO 9999


WEATHER ITEM   OBSERVED NORMAL DEPARTURE LAST
                VALUE   VALUE  FROM      YEAR
                               NORMAL
...............................................
TEMPERATURE (F)
 YESTERDAY
  MAXIMUM         82     75      7       86
  MINIMUM         63     49     14       52
  AVERAGE         73     62     11       69

PRECIPITATION (IN)
  YESTERDAY        0.87   0.13   0.74     0.00
  MONTH TO DATE    0.87   0.13   0.74     0.00
  SINCE SEP 1      5.49   4.29   1.20     3.34
  SINCE JAN 1     29.94  32.15  -2.21    23.62

DEGREE DAYS
 HEATING
  YESTERDAY        0      5     -5        0
  MONTH TO DATE    0      5     -5        0
  SINCE SEP 1     71     65      6       23
  SINCE JUL 1     72     68      4       23

 COOLING
  YESTERDAY        8      2      6        4
  MONTH TO DATE    8      2      6        4
  SINCE SEP 1    112    155    -43      239
  SINCE JAN 1   1419   1346     73     1460
...............................................


WIND (MPH)
  HIGHEST WIND SPEED    36   HIGHEST WIND DIRECTION    NW (300)
  HIGHEST GUST SPEED    46   HIGHEST GUST DIRECTION    NW (300)
  AVERAGE WIND SPEED     8.4


SKY COVER
  AVERAGE SKY COVER 0.7


WEATHER CONDITIONS
 THE FOLLOWING WEATHER WAS RECORDED YESTERDAY.
  THUNDERSTORM
  HEAVY RAIN
  RAIN
  LIGHT RAIN
  FOG
  HAZE


RELATIVE HUMIDITY (PERCENT)
 HIGHEST    93
 LOWEST     55
 AVERAGE    74

..........................................................


THE LAWRENCE KS CLIMATE NORMALS FOR TODAY
                         NORMAL
 MAXIMUM TEMPERATURE (F)   74
 MINIMUM TEMPERATURE (F)   48


SUNRISE AND SUNSET
OCTOBER  2 2014.......SUNRISE   718 AM CDT   SUNSET   702 PM CDT
OCTOBER  3 2014.......SUNRISE   719 AM CDT   SUNSET   700 PM CDT


-  INDICATES NEGATIVE NUMBERS.
R  INDICATES RECORD WAS SET OR TIED.
MM INDICATES DATA IS MISSING.
T  INDICATES TRACE AMOUNT.




$$
