000
CDUS43 KTOP 160637
CLILWC


CLIMATE REPORT
NATIONAL WEATHER SERVICE TOPEKA KS
1234 AM CST TUE JAN 16 2018


...................................

...THE LAWRENCE KS CLIMATE SUMMARY FOR JANUARY 15 2018...

CLIMATE NORMAL PERIOD 1981 TO 2010
CLIMATE RECORD PERIOD 9999 TO 9999


WEATHER ITEM   OBSERVED NORMAL DEPARTURE LAST
                VALUE   VALUE  FROM      YEAR
                               NORMAL
...............................................
TEMPERATURE (F)
 YESTERDAY
  MAXIMUM         35     40     -5       33
  MINIMUM          1     18    -17       30
  AVERAGE         18     29    -11       32

PRECIPITATION (IN)
  YESTERDAY        T      0.03  -0.03     0.24
  MONTH TO DATE    0.58   0.41   0.17     0.42
  SINCE DEC 1      0.82   1.88  -1.06     1.42
  SINCE JAN 1      0.58   0.41   0.17     0.42

DEGREE DAYS
 HEATING
  YESTERDAY       47     36     11       33
  MONTH TO DATE  633    540     93      587
  SINCE DEC 1   1638   1575     63     1618
  SINCE JUL 1   2528   2583    -55     2262

 COOLING
  YESTERDAY        0      0      0        0
  MONTH TO DATE    0      0      0        0
  SINCE DEC 1      0      0      0        0
  SINCE JAN 1      0      0      0        0
...............................................


WIND (MPH)
  HIGHEST WIND SPEED    29   HIGHEST WIND DIRECTION    NW (300)
  HIGHEST GUST SPEED    37   HIGHEST GUST DIRECTION    NW (310)
  AVERAGE WIND SPEED    17.1


SKY COVER
  AVERAGE SKY COVER 0.4


WEATHER CONDITIONS
 THE FOLLOWING WEATHER WAS RECORDED YESTERDAY.
  LIGHT SNOW
  FOG
  HAZE


RELATIVE HUMIDITY (PERCENT)
 HIGHEST    82
 LOWEST     58
 AVERAGE    70

..........................................................


THE LAWRENCE KS CLIMATE NORMALS FOR TODAY
                         NORMAL
 MAXIMUM TEMPERATURE (F)   40
 MINIMUM TEMPERATURE (F)   18


SUNRISE AND SUNSET
JANUARY 16 2018.......SUNRISE   738 AM CST   SUNSET   524 PM CST
JANUARY 17 2018.......SUNRISE   737 AM CST   SUNSET   525 PM CST


-  INDICATES NEGATIVE NUMBERS.
R  INDICATES RECORD WAS SET OR TIED.
MM INDICATES DATA IS MISSING.
T  INDICATES TRACE AMOUNT.




$$
