000
CDUS46 KOTX 020836
CLILWS


CLIMATE REPORT
NATIONAL WEATHER SERVICE SPOKANE, WA
136 AM PDT TUE JUN 2 2015


...................................

...THE LEWISTON ID AIRPORT CLIMATE SUMMARY FOR JUNE 1 2015...

CLIMATE NORMAL PERIOD 1981 TO 2010
CLIMATE RECORD PERIOD 1881 TO 2015


WEATHER ITEM   OBSERVED TIME   RECORD YEAR NORMAL DEPARTURE LAST
                VALUE   (LST)  VALUE       VALUE  FROM      YEAR
                                                  NORMAL
..................................................................
TEMPERATURE (F)
 YESTERDAY
  MAXIMUM         83    239 PM  97    1986  75      8       84
                                      1909
  MINIMUM         59   1159 PM  34    1951  51      8       54
  AVERAGE         71                        63      8       69

PRECIPITATION (IN)
  YESTERDAY        0.83          0.96 1923   0.05   0.78     0.00
  MONTH TO DATE    0.83                      0.05   0.78     0.00
  SINCE OCT 1      9.89                      9.10   0.79     6.82
  SINCE JAN 1      5.70                      5.99  -0.29     5.29

SNOWFALL (IN)
  YESTERDAY        0.0           T    1949   0.0    0.0      0.0
  MONTH TO DATE    0.0                       0.0    0.0      0.0
  SINCE JUN 1      0.0                       0.0    0.0      0.0
  SINCE JUL 1      1.5                      10.5   -9.0     16.5
  SNOW DEPTH       0

DEGREE DAYS
 HEATING
  YESTERDAY        0                         4     -4        0
  MONTH TO DATE    0                         4     -4        0
  SINCE JUN 1      0                         4     -4        0
  SINCE JUL 1   4206                      5101   -895     5289

 COOLING
  YESTERDAY        6                         2      4        4
  MONTH TO DATE    6                         2      4        4
  SINCE JUN 1      6                         2      4        4
  SINCE JAN 1     58                        34     24       32
..................................................................


WIND (MPH)
  HIGHEST WIND SPEED    39   HIGHEST WIND DIRECTION     S (170)
  HIGHEST GUST SPEED    46   HIGHEST GUST DIRECTION     S (170)
  AVERAGE WIND SPEED     8.5


SKY COVER
  POSSIBLE SUNSHINE  MM
  AVERAGE SKY COVER 0.3


WEATHER CONDITIONS
 THE FOLLOWING WEATHER WAS RECORDED YESTERDAY.
  THUNDERSTORM
  HEAVY RAIN
  RAIN
  LIGHT RAIN
  FOG


RELATIVE HUMIDITY (PERCENT)
 HIGHEST    84           400 AM
 LOWEST     36           300 PM
 AVERAGE    60

..........................................................


THE LEWISTON ID AIRPORT CLIMATE NORMALS FOR TODAY
                         NORMAL    RECORD    YEAR
 MAXIMUM TEMPERATURE (F)   75       100      1937
 MINIMUM TEMPERATURE (F)   51        38      1954
                                             1951


SUNRISE AND SUNSET
JUNE  2 2015..........SUNRISE   459 AM PDT   SUNSET   834 PM PDT
JUNE  3 2015..........SUNRISE   458 AM PDT   SUNSET   834 PM PDT


-  INDICATES NEGATIVE NUMBERS.
R  INDICATES RECORD WAS SET OR TIED.
MM INDICATES DATA IS MISSING.
T  INDICATES TRACE AMOUNT.




$$
