000
CDUS46 KOTX 300430
CLILWS


CLIMATE REPORT
NATIONAL WEATHER SERVICE SPOKANE, WA
930 PM PDT THU SEP 29 2016


...................................

...THE LEWISTON ID AIRPORT CLIMATE SUMMARY FOR SEPTEMBER 29 2016...
VALID TODAY AS OF 0800 PM LOCAL TIME.

CLIMATE NORMAL PERIOD 1981 TO 2010
CLIMATE RECORD PERIOD 1881 TO 2016


WEATHER ITEM   OBSERVED TIME   RECORD YEAR NORMAL DEPARTURE LAST
                VALUE   (LST)  VALUE       VALUE  FROM      YEAR
                                                  NORMAL
..................................................................
TEMPERATURE (F)
 TODAY
  MAXIMUM         85    247 PM  88    1963  72     13       79
  MINIMUM         55    444 AM  31    1985  46      9       46
                                      1950
  AVERAGE         70                        59     11       63

PRECIPITATION (IN)
  TODAY            0.02          0.60 1909   0.03  -0.01     0.00
  MONTH TO DATE    0.54                      0.65  -0.11     0.65
  SINCE OCT 1     13.63                     12.29   1.34    10.96
  SINCE JAN 1     10.18                      9.18   1.00     6.77

DEGREE DAYS
 HEATING
  TODAY            0                         7     -7        2
  MONTH TO DATE   61                        92    -31       84
  SINCE SEP 1     61                        92    -31       84
  SINCE JUL 1     72                       107    -35       84

 COOLING
  TODAY            5                         1      4        0
  MONTH TO DATE   43                        87    -44       57
  SINCE SEP 1     43                        87    -44       57
  SINCE JAN 1    859                       804     55     1206
..................................................................


WIND (MPH)
  HIGHEST WIND SPEED    17   HIGHEST WIND DIRECTION     W (290)
  HIGHEST GUST SPEED    22   HIGHEST GUST DIRECTION     W (260)
  AVERAGE WIND SPEED     3.6


SKY COVER
  POSSIBLE SUNSHINE  MM
  AVERAGE SKY COVER 0.0


WEATHER CONDITIONS
 THE FOLLOWING WEATHER WAS RECORDED TODAY.
  THUNDERSTORM
  LIGHT RAIN


RELATIVE HUMIDITY (PERCENT)
 HIGHEST    66           600 AM
 LOWEST     23           300 PM
 AVERAGE    45

..........................................................


THE LEWISTON ID AIRPORT CLIMATE NORMALS FOR TOMORROW
                         NORMAL    RECORD    YEAR
 MAXIMUM TEMPERATURE (F)   71        89      1976
                                             1920
 MINIMUM TEMPERATURE (F)   46        30      1954


SUNRISE AND SUNSET
SEPTEMBER 29 2016.....SUNRISE   645 AM PDT   SUNSET   631 PM PDT
SEPTEMBER 30 2016.....SUNRISE   646 AM PDT   SUNSET   629 PM PDT


-  INDICATES NEGATIVE NUMBERS.
R  INDICATES RECORD WAS SET OR TIED.
MM INDICATES DATA IS MISSING.
T  INDICATES TRACE AMOUNT.




$$
