000
CDUS46 KOTX 280827
CLILWS


CLIMATE REPORT
NATIONAL WEATHER SERVICE SPOKANE, WA
123 AM PDT TUE JUL 28 2015


...................................

...THE LEWISTON ID AIRPORT CLIMATE SUMMARY FOR JULY 27 2015...

CLIMATE NORMAL PERIOD 1981 TO 2010
CLIMATE RECORD PERIOD 1881 TO 2015


WEATHER ITEM   OBSERVED TIME   RECORD YEAR NORMAL DEPARTURE LAST
                VALUE   (LST)  VALUE       VALUE  FROM      YEAR
                                                  NORMAL
..................................................................
TEMPERATURE (F)
 YESTERDAY
  MAXIMUM         76   1258 PM 117    1939  92    -16      101
  MINIMUM         58    535 AM  48    1894  61     -3       61
  AVERAGE         67                        77    -10       81

PRECIPITATION (IN)
  YESTERDAY        T             1.77 1909   0.01  -0.01     0.00
  MONTH TO DATE    0.02                      0.59  -0.57     0.26
  SINCE OCT 1     10.30                     10.88  -0.58     8.03
  SINCE JAN 1      6.11                      7.77  -1.66     6.50

SNOWFALL (IN)
  YESTERDAY        0.0           0.0  1995   0.0    0.0      0.0
  MONTH TO DATE    0.0                       0.0    0.0      0.0
  SINCE JUN 1      0.0                       0.0    0.0      0.0
  SINCE JUL 1      0.0                       0.0    0.0      0.0
  SNOW DEPTH       0

DEGREE DAYS
 HEATING
  YESTERDAY        0                         0      0        0
  MONTH TO DATE    0                         4     -4        0
  SINCE JUN 1      2                        74    -72       41
  SINCE JUL 1      0                         4     -4        0

 COOLING
  YESTERDAY        2                        12    -10       16
  MONTH TO DATE  378                       252    126      395
  SINCE JUN 1    693                       350    343      485
  SINCE JAN 1    745                       382    363      513
..................................................................


WIND (MPH)
  HIGHEST WIND SPEED    25   HIGHEST WIND DIRECTION    NW (330)
  HIGHEST GUST SPEED    31   HIGHEST GUST DIRECTION     W (290)
  AVERAGE WIND SPEED     8.7


SKY COVER
  POSSIBLE SUNSHINE  MM
  AVERAGE SKY COVER 0.5


WEATHER CONDITIONS
 THE FOLLOWING WEATHER WAS RECORDED YESTERDAY.
  THUNDERSTORM
  LIGHT RAIN


RELATIVE HUMIDITY (PERCENT)
 HIGHEST    48          1100 PM
 LOWEST     27           100 PM
 AVERAGE    38

..........................................................


THE LEWISTON ID AIRPORT CLIMATE NORMALS FOR TODAY
                         NORMAL    RECORD    YEAR
 MAXIMUM TEMPERATURE (F)   92       112      1939
 MINIMUM TEMPERATURE (F)   61        46      1955


SUNRISE AND SUNSET
JULY 28 2015..........SUNRISE   524 AM PDT   SUNSET   824 PM PDT
JULY 29 2015..........SUNRISE   526 AM PDT   SUNSET   823 PM PDT


-  INDICATES NEGATIVE NUMBERS.
R  INDICATES RECORD WAS SET OR TIED.
MM INDICATES DATA IS MISSING.
T  INDICATES TRACE AMOUNT.




$$
