000
CDUS46 KOTX 310833
CLILWS


CLIMATE REPORT
NATIONAL WEATHER SERVICE SPOKANE, WA
133 AM PDT WED AUG 31 2016


...................................

...THE LEWISTON ID AIRPORT CLIMATE SUMMARY FOR AUGUST 30 2016...

CLIMATE NORMAL PERIOD 1981 TO 2010
CLIMATE RECORD PERIOD 1881 TO 2016


WEATHER ITEM   OBSERVED TIME   RECORD YEAR NORMAL DEPARTURE LAST
                VALUE   (LST)  VALUE       VALUE  FROM      YEAR
                                                  NORMAL
..................................................................
TEMPERATURE (F)
 YESTERDAY
  MAXIMUM         90    320 PM 104    1929  85      5       73
  MINIMUM         63   1156 PM  42    1965  56      7       57
                                      1941
                                      1912
  AVERAGE         77                        70      7       65

PRECIPITATION (IN)
  YESTERDAY        0.00          0.89 1977   0.02  -0.02     0.01
  MONTH TO DATE    0.24                      0.66  -0.42     0.01
  SINCE OCT 1     13.09                     11.61   1.48    10.31
  SINCE JAN 1      9.64                      8.50   1.14     6.12

SNOWFALL (IN)
  YESTERDAY        0.0           T    1954   0.0    0.0      0.0
  MONTH TO DATE    0.0                       0.0    0.0      0.0
  SINCE JUN 1      0.0                       0.0    0.0      0.0
  SINCE JUL 1      0.0                       0.0    0.0      0.0
  SNOW DEPTH       0

DEGREE DAYS
 HEATING
  YESTERDAY        0                         1     -1        0
  MONTH TO DATE    2                         4     -2        0
  SINCE JUN 1     68                        81    -13        2
  SINCE JUL 1     11                        11      0        0

 COOLING
  YESTERDAY       12                         6      6        0
  MONTH TO DATE  320                       280     40      350
  SINCE JUN 1    770                       678     92     1096
  SINCE JAN 1    810                       710    100     1148
..................................................................


WIND (MPH)
  HIGHEST WIND SPEED    21   HIGHEST WIND DIRECTION     W (290)
  HIGHEST GUST SPEED    27   HIGHEST GUST DIRECTION    NW (300)
  AVERAGE WIND SPEED     4.8


SKY COVER
  POSSIBLE SUNSHINE  MM
  AVERAGE SKY COVER 0.0


WEATHER CONDITIONS
 THE FOLLOWING WEATHER WAS RECORDED YESTERDAY.
  NO SIGNIFICANT WEATHER WAS OBSERVED.


RELATIVE HUMIDITY (PERCENT)
 HIGHEST    45           600 AM
 LOWEST     21           300 PM
 AVERAGE    33

..........................................................


THE LEWISTON ID AIRPORT CLIMATE NORMALS FOR TODAY
                         NORMAL    RECORD    YEAR
 MAXIMUM TEMPERATURE (F)   84       106      1967
 MINIMUM TEMPERATURE (F)   56        44      1907


SUNRISE AND SUNSET
AUGUST 31 2016........SUNRISE   608 AM PDT   SUNSET   728 PM PDT
SEPTEMBER  1 2016.....SUNRISE   609 AM PDT   SUNSET   726 PM PDT


-  INDICATES NEGATIVE NUMBERS.
R  INDICATES RECORD WAS SET OR TIED.
MM INDICATES DATA IS MISSING.
T  INDICATES TRACE AMOUNT.




$$
