000
CDUS46 KOTX 280833
CLILWS


CLIMATE REPORT
NATIONAL WEATHER SERVICE SPOKANE, WA
133 AM PDT SAT MAY 28 2016


...................................

...THE LEWISTON ID AIRPORT CLIMATE SUMMARY FOR MAY 27 2016...

CLIMATE NORMAL PERIOD 1981 TO 2010
CLIMATE RECORD PERIOD 1881 TO 2016


WEATHER ITEM   OBSERVED TIME   RECORD YEAR NORMAL DEPARTURE LAST
                VALUE   (LST)  VALUE       VALUE  FROM      YEAR
                                                  NORMAL
..................................................................
TEMPERATURE (F)
 YESTERDAY
  MAXIMUM         68    328 PM  99    1936  74     -6       77
                                      1934
  MINIMUM         48   1152 PM  35    1918  50     -2       50
  AVERAGE         58                        62     -4       64

PRECIPITATION (IN)
  YESTERDAY        T             1.07 1946   0.06  -0.06     0.00
  MONTH TO DATE    1.53                      1.39   0.14     1.02
  SINCE OCT 1     10.27                      8.83   1.44     8.97
  SINCE JAN 1      6.82                      5.72   1.10     4.78

SNOWFALL (IN)
  YESTERDAY        0.0           T    1911   0.0    0.0      0.0
  MONTH TO DATE    0.0                       0.0    0.0      0.0
  SINCE MAR 1      0.0                       0.7   -0.7      0.0
  SINCE JUL 1      6.4                      10.5   -4.1      1.5
  SNOW DEPTH       0

DEGREE DAYS
 HEATING
  YESTERDAY        7                         5      2        1
  MONTH TO DATE  115                       202    -87       87
  SINCE MAR 1    895                      1227   -332      984
  SINCE JUL 1   4159                      5082   -923     4206

 COOLING
  YESTERDAY        0                         1     -1        0
  MONTH TO DATE   33                        24      9       21
  SINCE MAR 1     40                        26     14       22
  SINCE JAN 1     40                        26     14       22
..................................................................


WIND (MPH)
  HIGHEST WIND SPEED    21   HIGHEST WIND DIRECTION     W (260)
  HIGHEST GUST SPEED    31   HIGHEST GUST DIRECTION     W (260)
  AVERAGE WIND SPEED     6.8


SKY COVER
  POSSIBLE SUNSHINE  MM
  AVERAGE SKY COVER 0.7


WEATHER CONDITIONS
 THE FOLLOWING WEATHER WAS RECORDED YESTERDAY.
  LIGHT RAIN


RELATIVE HUMIDITY (PERCENT)
 HIGHEST    66          1200 AM
 LOWEST     31           500 PM
 AVERAGE    49

..........................................................


THE LEWISTON ID AIRPORT CLIMATE NORMALS FOR TODAY
                         NORMAL    RECORD    YEAR
 MAXIMUM TEMPERATURE (F)   74       104      1934
 MINIMUM TEMPERATURE (F)   50        37      1955
                                             1918


SUNRISE AND SUNSET
MAY 28 2016...........SUNRISE   502 AM PDT   SUNSET   830 PM PDT
MAY 29 2016...........SUNRISE   501 AM PDT   SUNSET   831 PM PDT


-  INDICATES NEGATIVE NUMBERS.
R  INDICATES RECORD WAS SET OR TIED.
MM INDICATES DATA IS MISSING.
T  INDICATES TRACE AMOUNT.




$$
