000
CDUS46 KOTX 030847
CLILWS


CLIMATE REPORT
NATIONAL WEATHER SERVICE SPOKANE, WA
1247 AM PST TUE MAR 3 2015


...................................

...THE LEWISTON ID AIRPORT CLIMATE SUMMARY FOR MARCH 2 2015...

CLIMATE NORMAL PERIOD 1981 TO 2010
CLIMATE RECORD PERIOD 1881 TO 2015


WEATHER ITEM   OBSERVED TIME   RECORD YEAR NORMAL DEPARTURE LAST
                VALUE   (LST)  VALUE       VALUE  FROM      YEAR
                                                  NORMAL
..................................................................
TEMPERATURE (F)
 YESTERDAY
  MAXIMUM         44    222 PM  70    1905  51     -7       34
  MINIMUM         29    405 AM  13    1896  33     -4       25
  AVERAGE         37                        42     -5       30

PRECIPITATION (IN)
  YESTERDAY        0.02          0.72 1972   0.04  -0.02     0.05
  MONTH TO DATE    0.02                      0.07  -0.05     0.05
  SINCE OCT 1      6.50                      5.04   1.46     4.00
  SINCE JAN 1      2.31                      1.93   0.38     2.47

SNOWFALL (IN)
  YESTERDAY        0.0           3.7  1989   0.0    0.0      0.4
  MONTH TO DATE    0.0                       0.1   -0.1      0.6
  SINCE MAR 1      0.0                       0.1   -0.1      0.6
  SINCE JUL 1      1.5                       9.9   -8.4     16.5
  SNOW DEPTH       0

DEGREE DAYS
 HEATING
  YESTERDAY       28                        23      5       35
  MONTH TO DATE   56                        47      9       71
  SINCE MAR 1     56                        47      9       71
  SINCE JUL 1   3278                      3902   -624     4232

 COOLING
  YESTERDAY        0                         0      0        0
  MONTH TO DATE    0                         0      0        0
  SINCE MAR 1      0                         0      0        0
  SINCE JAN 1      0                         0      0        0
..................................................................


WIND (MPH)
  HIGHEST WIND SPEED    18   HIGHEST WIND DIRECTION    NW (300)
  HIGHEST GUST SPEED    23   HIGHEST GUST DIRECTION    NW (300)
  AVERAGE WIND SPEED     3.7


SKY COVER
  POSSIBLE SUNSHINE  MM
  AVERAGE SKY COVER 0.5


WEATHER CONDITIONS
 THE FOLLOWING WEATHER WAS RECORDED YESTERDAY.
  LIGHT RAIN


RELATIVE HUMIDITY (PERCENT)
 HIGHEST    92          1100 PM
 LOWEST     49           200 PM
 AVERAGE    71

..........................................................


THE LEWISTON ID AIRPORT CLIMATE NORMALS FOR TODAY
                         NORMAL    RECORD    YEAR
 MAXIMUM TEMPERATURE (F)   51        69      1905
 MINIMUM TEMPERATURE (F)   33        19      1989
                                             1961
                                             1960


SUNRISE AND SUNSET
MARCH  3 2015.........SUNRISE   624 AM PST   SUNSET   537 PM PST
MARCH  4 2015.........SUNRISE   622 AM PST   SUNSET   538 PM PST


-  INDICATES NEGATIVE NUMBERS.
R  INDICATES RECORD WAS SET OR TIED.
MM INDICATES DATA IS MISSING.
T  INDICATES TRACE AMOUNT.




$$
