000
CDUS46 KOTX 030427
CLILWS


CLIMATE REPORT
NATIONAL WEATHER SERVICE SPOKANE, WA
927 PM PDT WED SEP 2 2015


...................................

...THE LEWISTON ID AIRPORT CLIMATE SUMMARY FOR SEPTEMBER 2 2015...
VALID TODAY AS OF 0800 PM LOCAL TIME.

CLIMATE NORMAL PERIOD 1981 TO 2010
CLIMATE RECORD PERIOD 1881 TO 2015


WEATHER ITEM   OBSERVED TIME   RECORD YEAR NORMAL DEPARTURE LAST
                VALUE   (LST)  VALUE       VALUE  FROM      YEAR
                                                  NORMAL
..................................................................
TEMPERATURE (F)
 TODAY
  MAXIMUM         70    248 PM 105    1938  84    -14       86
  MINIMUM         63    540 AM  43    1999  55      8       53
  AVERAGE         67                        70     -3       70

PRECIPITATION (IN)
  TODAY            T             0.50 1943   0.03  -0.03     0.00
  MONTH TO DATE    T                         0.05  -0.05     0.00
  SINCE OCT 1     10.31                     11.69  -1.38     9.20
  SINCE JAN 1      6.12                      8.58  -2.46     7.67

DEGREE DAYS
 HEATING
  TODAY            0                         1     -1        0
  MONTH TO DATE    0                         2     -2        0
  SINCE SEP 1      0                         2     -2        0
  SINCE JUL 1      0                        17    -17        0

 COOLING
  TODAY            2                         5     -3        5
  MONTH TO DATE    6                        11     -5        8
  SINCE SEP 1      6                        11     -5        8
  SINCE JAN 1   1155                       728    427      978
..................................................................


WIND (MPH)
  HIGHEST WIND SPEED    16   HIGHEST WIND DIRECTION    NW (310)
  HIGHEST GUST SPEED    22   HIGHEST GUST DIRECTION     W (290)
  AVERAGE WIND SPEED     5.8


SKY COVER
  POSSIBLE SUNSHINE  MM
  AVERAGE SKY COVER 0.6


WEATHER CONDITIONS
 THE FOLLOWING WEATHER WAS RECORDED TODAY.
  LIGHT RAIN


RELATIVE HUMIDITY (PERCENT)
 HIGHEST    48           800 AM
 LOWEST     32          1200 AM
 AVERAGE    40

..........................................................


THE LEWISTON ID AIRPORT CLIMATE NORMALS FOR TOMORROW
                         NORMAL    RECORD    YEAR
 MAXIMUM TEMPERATURE (F)   83       103      1938
 MINIMUM TEMPERATURE (F)   55        39      1956


SUNRISE AND SUNSET
SEPTEMBER  2 2015.....SUNRISE   609 AM PDT   SUNSET   725 PM PDT
SEPTEMBER  3 2015.....SUNRISE   611 AM PDT   SUNSET   723 PM PDT


-  INDICATES NEGATIVE NUMBERS.
R  INDICATES RECORD WAS SET OR TIED.
MM INDICATES DATA IS MISSING.
T  INDICATES TRACE AMOUNT.




$$
