000
CDUS46 KOTX 080433
CLILWS


CLIMATE REPORT
NATIONAL WEATHER SERVICE SPOKANE, WA
932 PM PDT TUE JUL 7 2015


...................................

...THE LEWISTON ID AIRPORT CLIMATE SUMMARY FOR JULY 7 2015...
VALID TODAY AS OF 0800 PM LOCAL TIME.

CLIMATE NORMAL PERIOD 1981 TO 2010
CLIMATE RECORD PERIOD 1881 TO 2015


WEATHER ITEM   OBSERVED TIME   RECORD YEAR NORMAL DEPARTURE LAST
                VALUE   (LST)  VALUE       VALUE  FROM      YEAR
                                                  NORMAL
..................................................................
TEMPERATURE (F)
 TODAY
  MAXIMUM         97    431 PM 102    2012  87     10       96
                                      1985
                                      1945
  MINIMUM         69    510 AM  41    1895  58     11       66
  AVERAGE         83                        72     11       81

PRECIPITATION (IN)
  TODAY            0.00          0.32 1959   0.03  -0.03     0.00
  MONTH TO DATE    0.00                      0.19  -0.19      T
  SINCE OCT 1     10.28                     10.48  -0.20     7.77
  SINCE JAN 1      6.09                      7.37  -1.28     6.24

DEGREE DAYS
 HEATING
  TODAY            0                         0      0        0
  MONTH TO DATE    0                         4     -4        0
  SINCE JUN 1      2                        74    -72       41
  SINCE JUL 1      0                         4     -4        0

 COOLING
  TODAY           18                         8     10       16
  MONTH TO DATE  138                        48     90       98
  SINCE JUN 1    453                       146    307      188
  SINCE JAN 1    505                       178    327      216
..................................................................


WIND (MPH)
  HIGHEST WIND SPEED    16   HIGHEST WIND DIRECTION     E (100)
  HIGHEST GUST SPEED    25   HIGHEST GUST DIRECTION     E (90)
  AVERAGE WIND SPEED     5.0


SKY COVER
  POSSIBLE SUNSHINE  MM
  AVERAGE SKY COVER 0.1


WEATHER CONDITIONS
 THE FOLLOWING WEATHER WAS RECORDED TODAY.
  NO SIGNIFICANT WEATHER WAS OBSERVED.


RELATIVE HUMIDITY (PERCENT)
 HIGHEST    51           500 AM
 LOWEST     17           500 PM
 AVERAGE    34

..........................................................


THE LEWISTON ID AIRPORT CLIMATE NORMALS FOR TOMORROW
                         NORMAL    RECORD    YEAR
 MAXIMUM TEMPERATURE (F)   87       106      2012
 MINIMUM TEMPERATURE (F)   58        44      1981


SUNRISE AND SUNSET
JULY  7 2015..........SUNRISE   504 AM PDT   SUNSET   842 PM PDT
JULY  8 2015..........SUNRISE   504 AM PDT   SUNSET   842 PM PDT


-  INDICATES NEGATIVE NUMBERS.
R  INDICATES RECORD WAS SET OR TIED.
MM INDICATES DATA IS MISSING.
T  INDICATES TRACE AMOUNT.




$$
