268
CDUS46 KOTX 160853
CLILWS


CLIMATE REPORT
NATIONAL WEATHER SERVICE SPOKANE, WA
1253 AM PST MON JAN 16 2017


...................................

...THE LEWISTON ID AIRPORT CLIMATE SUMMARY FOR JANUARY 15 2017...

CLIMATE NORMAL PERIOD 1981 TO 2010
CLIMATE RECORD PERIOD 1881 TO 2017


WEATHER ITEM   OBSERVED TIME   RECORD YEAR NORMAL DEPARTURE LAST
                VALUE   (LST)  VALUE       VALUE  FROM      YEAR
                                                  NORMAL
..................................................................
TEMPERATURE (F)
 YESTERDAY
  MAXIMUM         15    140 PM  56    1967  42    -27       35
  MINIMUM         12   1159 PM  -7    1916  30    -18       27
  AVERAGE         14                        36    -22       31

PRECIPITATION (IN)
  YESTERDAY        T             1.15 1956   0.03  -0.03     0.01
  MONTH TO DATE    0.42                      0.54  -0.12     0.17
  SINCE OCT 1      5.30                      3.65   1.65     3.62
  SINCE JAN 1      0.42                      0.54  -0.12     0.17

SNOWFALL (IN)
  YESTERDAY        T             8.7  1950   0.0    0.0       T
  MONTH TO DATE    4.1                       1.3    2.8      0.5
  SINCE DEC 1     23.8                       4.8   19.0      6.2
  SINCE JUL 1     23.8                       6.6   17.2      6.2
  SNOW DEPTH       2

DEGREE DAYS
 HEATING
  YESTERDAY       51                        29     22       34
  MONTH TO DATE  669                       456    213      474
  SINCE DEC 1   1787                      1424    363     1301
  SINCE JUL 1   2736                      2664     72     2304

 COOLING
  YESTERDAY        0                         0      0        0
  MONTH TO DATE    0                         0      0        0
  SINCE DEC 1      0                         0      0        0
  SINCE JAN 1      0                         0      0        0
..................................................................


WIND (MPH)
  HIGHEST WIND SPEED     9   HIGHEST WIND DIRECTION     E (90)
  HIGHEST GUST SPEED    11   HIGHEST GUST DIRECTION     E (80)
  AVERAGE WIND SPEED     1.8


SKY COVER
  POSSIBLE SUNSHINE  MM
  AVERAGE SKY COVER 1.0


WEATHER CONDITIONS
 THE FOLLOWING WEATHER WAS RECORDED YESTERDAY.
  LIGHT SNOW
  FOG
  HAZE


RELATIVE HUMIDITY (PERCENT)
 HIGHEST    92           100 AM
 LOWEST     80           100 PM
 AVERAGE    86

..........................................................


THE LEWISTON ID AIRPORT CLIMATE NORMALS FOR TODAY
                         NORMAL    RECORD    YEAR
 MAXIMUM TEMPERATURE (F)   42        62      2011
 MINIMUM TEMPERATURE (F)   30       -11      1916


SUNRISE AND SUNSET
JANUARY 16 2017.......SUNRISE   726 AM PST   SUNSET   430 PM PST
JANUARY 17 2017.......SUNRISE   726 AM PST   SUNSET   431 PM PST


-  INDICATES NEGATIVE NUMBERS.
R  INDICATES RECORD WAS SET OR TIED.
MM INDICATES DATA IS MISSING.
T  INDICATES TRACE AMOUNT.




$$
