000
CDUS46 KOTX 270828
CLILWS


CLIMATE REPORT
NATIONAL WEATHER SERVICE SPOKANE, WA
1225 AM PST SAT DEC 27 2014


...................................

...THE LEWISTON ID AIRPORT CLIMATE SUMMARY FOR DECEMBER 26 2014...

CLIMATE NORMAL PERIOD 1981 TO 2010
CLIMATE RECORD PERIOD 1881 TO 2014


WEATHER ITEM   OBSERVED TIME   RECORD YEAR NORMAL DEPARTURE LAST
                VALUE   (LST)  VALUE       VALUE  FROM      YEAR
                                                  NORMAL
..................................................................
TEMPERATURE (F)
 YESTERDAY
  MAXIMUM         42    243 PM  62    1980  39      3       47
  MINIMUM         27   1144 PM   8    1948  27      0       26
  AVERAGE         35                        33      2       37

PRECIPITATION (IN)
  YESTERDAY        0.00        0.60   1996  0.03  -0.03     0.00
  MONTH TO DATE    1.80                     0.81   0.99     0.72
  SINCE OCT 1      4.15                     2.95   1.20     1.52
  SINCE JAN 1     12.07                    12.15  -0.08     9.48

SNOWFALL (IN)
  YESTERDAY        0.0         1.6    1983  0.2   -0.2      0.0
  MONTH TO DATE    T                        2.9   -2.9      2.5
  SINCE DEC 1      T                        2.9   -2.9      2.5
  SINCE JUL 1      T                        4.7   -4.7      2.5
  SNOW DEPTH       0

DEGREE DAYS
 HEATING
  YESTERDAY       30                        32     -2       28
  MONTH TO DATE  639                       810   -171      902
  SINCE DEC 1    639                       810   -171      902
  SINCE JUL 1   1617                      2050   -433     2256

 COOLING
  YESTERDAY        0                         0      0        0
  MONTH TO DATE    0                         0      0        0
  SINCE DEC 1      0                         0      0        0
  SINCE JAN 1   1095                       807    288     1178
..................................................................


WIND (MPH)
  HIGHEST WIND SPEED     8   HIGHEST WIND DIRECTION    SW (210)
  HIGHEST GUST SPEED    11   HIGHEST GUST DIRECTION    SW (210)
  AVERAGE WIND SPEED     2.7


SKY COVER
  POSSIBLE SUNSHINE  MM
  AVERAGE SKY COVER 0.6


WEATHER CONDITIONS
 THE FOLLOWING WEATHER WAS RECORDED YESTERDAY.
  NO SIGNIFICANT WEATHER WAS OBSERVED.


RELATIVE HUMIDITY (PERCENT)
 HIGHEST    89           300 AM
 LOWEST     55           200 PM
 AVERAGE    72

..........................................................


THE LEWISTON ID AIRPORT CLIMATE NORMALS FOR TODAY
                         NORMAL    RECORD    YEAR
 MAXIMUM TEMPERATURE (F)   39        60      1917
 MINIMUM TEMPERATURE (F)   27         5      1948


SUNRISE AND SUNSET
DECEMBER 27 2014......SUNRISE   731 AM PST   SUNSET   408 PM PST
DECEMBER 28 2014......SUNRISE   731 AM PST   SUNSET   409 PM PST


-  INDICATES NEGATIVE NUMBERS.
R  INDICATES RECORD WAS SET OR TIED.
MM INDICATES DATA IS MISSING.
T  INDICATES TRACE AMOUNT.

$$
