000
CDUS45 KTFX 181010
CLILWT


CLIMATE REPORT
NATIONAL WEATHER SERVICE GREAT FALLS MT
409 AM MDT FRI APR 18 2014


...................................

...THE LEWISTOWN MT CLIMATE SUMMARY FOR APRIL 17 2014...

CLIMATE NORMAL PERIOD 1981 TO 2010
CLIMATE RECORD PERIOD 1896 TO 2014


WEATHER ITEM   OBSERVED TIME   RECORD YEAR NORMAL DEPARTURE LAST
                VALUE   (LST)  VALUE       VALUE  FROM      YEAR
                                                  NORMAL
..................................................................
TEMPERATURE (F)
 YESTERDAY
  MAXIMUM         54    649 PM  81    1923  54      0       32
  MINIMUM         25    513 AM   4    1896  29     -4       16
  AVERAGE         40                        42     -2       24

PRECIPITATION (IN)
  YESTERDAY        T             0.90 1903   0.04  -0.04      T
  MONTH TO DATE    0.33                      0.72  -0.39     0.78
  SINCE OCT 1      5.16                      5.22  -0.06     5.42
  SINCE JAN 1      3.08                      2.72   0.36     2.91

SNOWFALL (IN)
  YESTERDAY       MM
  SNOW DEPTH       0

DEGREE DAYS
 HEATING
  YESTERDAY       25                        23      2       41
  MONTH TO DATE  450                       431     19      526
  SINCE MAR 1   1567                      1426    141     1572
  SINCE JUL 1   7623                      7230    393     7080

 COOLING
  YESTERDAY        0                         0      0        0
  MONTH TO DATE    0                         0      0        0
  SINCE MAR 1      0                         0      0        0
  SINCE JAN 1      0                         0      0        0
..................................................................


WIND (MPH)
  HIGHEST WIND SPEED    18   HIGHEST WIND DIRECTION    SW (230)
  HIGHEST GUST SPEED    24   HIGHEST GUST DIRECTION    SW (230)
  AVERAGE WIND SPEED     8.2


SKY COVER
  AVERAGE SKY COVER 0.7


WEATHER CONDITIONS
 THE FOLLOWING WEATHER WAS RECORDED YESTERDAY.
  LIGHT RAIN


RELATIVE HUMIDITY (PERCENT)
 HIGHEST   100           100 AM
 LOWEST     45          1200 PM
 AVERAGE    73

..........................................................


THE LEWISTOWN MT CLIMATE NORMALS FOR TODAY
                         NORMAL    RECORD    YEAR
 MAXIMUM TEMPERATURE (F)   54        81      1936
 MINIMUM TEMPERATURE (F)   30         5      1951


SUNRISE AND SUNSET
APRIL 18 2014.........SUNRISE   624 AM MDT   SUNSET   811 PM MDT
APRIL 19 2014.........SUNRISE   623 AM MDT   SUNSET   812 PM MDT


-  INDICATES NEGATIVE NUMBERS.
R  INDICATES RECORD WAS SET OR TIED.
MM INDICATES DATA IS MISSING.
T  INDICATES TRACE AMOUNT.




$$
