000
CDUS45 KTFX 312232
CLILWT


CLIMATE REPORT
NATIONAL WEATHER SERVICE GREAT FALLS MT
430 PM MDT WED AUG 31 2016


...................................

...THE LEWISTOWN MT CLIMATE SUMMARY FOR AUGUST 31 2016...
VALID TODAY AS OF 0400 PM LOCAL TIME.

CLIMATE NORMAL PERIOD 1981 TO 2010
CLIMATE RECORD PERIOD 1896 TO 2016


WEATHER ITEM   OBSERVED TIME   RECORD YEAR NORMAL DEPARTURE LAST
                VALUE   (LST)  VALUE       VALUE  FROM      YEAR
                                                  NORMAL
..................................................................
TEMPERATURE (F)
 TODAY
  MAXIMUM         99R   201 PM  98    1991  76     23       78
  MINIMUM         57    506 AM  34    1930  46     11       45
  AVERAGE         78                        61     17       62

PRECIPITATION (IN)
  TODAY            0.00          0.72 1973   0.05  -0.05     0.00
  MONTH TO DATE    1.76                      1.73   0.03     1.12
  SINCE OCT 1     15.70                     15.50   0.20    13.62
  SINCE JAN 1     13.62                     13.00   0.62    11.31

DEGREE DAYS
 HEATING
  TODAY            0                         5     -5        3
  MONTH TO DATE   66                        84    -18       69
  SINCE JUN 1    201                       385   -184      188
  SINCE JUL 1    111                       158    -47      102

 COOLING
  TODAY           13                         1     12        0
  MONTH TO DATE   84                        86     -2      138
  SINCE JUN 1    245                       194     51      314
  SINCE JAN 1    245                       196     49      314
..................................................................


WIND (MPH)
  HIGHEST WIND SPEED    26   HIGHEST WIND DIRECTION     S (190)
  HIGHEST GUST SPEED    34   HIGHEST GUST DIRECTION    SW (220)
  AVERAGE WIND SPEED     6.0


SKY COVER
  AVERAGE SKY COVER 0.0


WEATHER CONDITIONS
 THE FOLLOWING WEATHER WAS RECORDED TODAY.
  NO SIGNIFICANT WEATHER WAS OBSERVED.


RELATIVE HUMIDITY (PERCENT)
 HIGHEST    60
 LOWEST      9
 AVERAGE    35

..........................................................


THE LEWISTOWN MT CLIMATE NORMALS FOR TOMORROW
                         NORMAL    RECORD    YEAR
 MAXIMUM TEMPERATURE (F)   75        97      1991
 MINIMUM TEMPERATURE (F)   46        26      1930


SUNRISE AND SUNSET
AUGUST 31 2016........SUNRISE   637 AM MDT   SUNSET   758 PM MDT
SEPTEMBER  1 2016.....SUNRISE   638 AM MDT   SUNSET   756 PM MDT


-  INDICATES NEGATIVE NUMBERS.
R  INDICATES RECORD WAS SET OR TIED.
MM INDICATES DATA IS MISSING.
T  INDICATES TRACE AMOUNT.




$$
