000
CDUS45 KTFX 310743
CLILWT


CLIMATE REPORT
NATIONAL WEATHER SERVICE GREAT FALLS MT
142 AM MDT FRI OCT 31 2014


...................................

...THE LEWISTOWN MT CLIMATE SUMMARY FOR OCTOBER 30 2014...

CLIMATE NORMAL PERIOD 1981 TO 2010
CLIMATE RECORD PERIOD 1896 TO 2014


WEATHER ITEM   OBSERVED TIME   RECORD YEAR NORMAL DEPARTURE LAST
                VALUE   (LST)  VALUE       VALUE  FROM      YEAR
                                                  NORMAL
..................................................................
TEMPERATURE (F)
 YESTERDAY
  MAXIMUM         59   1256 PM  75    1987  51      8       48
  MINIMUM         30    608 AM -10    1935  27      3       18
  AVERAGE         45                        39      6       33

PRECIPITATION (IN)
  YESTERDAY        0.00          0.59 1943   0.02  -0.02     0.00
  MONTH TO DATE    0.86                      1.10  -0.24     1.07
  SINCE OCT 1      0.86                      1.10  -0.24     1.07
  SINCE JAN 1     17.43                     15.45   1.98    21.48

SNOWFALL (IN)
  YESTERDAY       MM
  SNOW DEPTH       0

DEGREE DAYS
 HEATING
  YESTERDAY       20                        26     -6       32
  MONTH TO DATE  417                       634   -217      714
  SINCE SEP 1    691                       953   -262      938
  SINCE JUL 1    772                      1111   -339      977

 COOLING
  YESTERDAY        0                         0      0        0
  MONTH TO DATE    0                         0      0        0
  SINCE SEP 1     14                        14      0       47
  SINCE JAN 1    295                       210     85      277
..................................................................


WIND (MPH)
  HIGHEST WIND SPEED    18   HIGHEST WIND DIRECTION     E (90)
  HIGHEST GUST SPEED    24   HIGHEST GUST DIRECTION     E (100)
  AVERAGE WIND SPEED     8.5


SKY COVER
  AVERAGE SKY COVER 0.0


WEATHER CONDITIONS
 THE FOLLOWING WEATHER WAS RECORDED YESTERDAY.
  NO SIGNIFICANT WEATHER WAS OBSERVED.


RELATIVE HUMIDITY (PERCENT)
 HIGHEST    85           300 AM
 LOWEST     33          1200 PM
 AVERAGE    59

..........................................................


THE LEWISTOWN MT CLIMATE NORMALS FOR TODAY
                         NORMAL    RECORD    YEAR
 MAXIMUM TEMPERATURE (F)   50        73      1990
 MINIMUM TEMPERATURE (F)   26        -8      2002


SUNRISE AND SUNSET
OCTOBER 31 2014.......SUNRISE   759 AM MDT   SUNSET   603 PM MDT
NOVEMBER  1 2014......SUNRISE   801 AM MDT   SUNSET   601 PM MDT


-  INDICATES NEGATIVE NUMBERS.
R  INDICATES RECORD WAS SET OR TIED.
MM INDICATES DATA IS MISSING.
T  INDICATES TRACE AMOUNT.




$$
