000
CDUS45 KTFX 262230
CLILWT


CLIMATE REPORT
NATIONAL WEATHER SERVICE GREAT FALLS MT
430 PM MDT THU MAY 26 2016


...................................

...THE LEWISTOWN MT CLIMATE SUMMARY FOR MAY 26 2016...
VALID TODAY AS OF 0400 PM LOCAL TIME.

CLIMATE NORMAL PERIOD 1981 TO 2010
CLIMATE RECORD PERIOD 1896 TO 2016


WEATHER ITEM   OBSERVED TIME   RECORD YEAR NORMAL DEPARTURE LAST
                VALUE   (LST)  VALUE       VALUE  FROM      YEAR
                                                  NORMAL
..................................................................
TEMPERATURE (F)
 TODAY
  MAXIMUM         65    218 PM  90    1936  65      0       66
  MINIMUM         43    319 AM  26    1975  41      2       46
  AVERAGE         54                        53      1       56

PRECIPITATION (IN)
  TODAY            0.00          0.77 1925   0.10  -0.10     0.19
  MONTH TO DATE    3.06                      2.27   0.79     2.34
  SINCE OCT 1      8.85                      8.18   0.67     8.70
  SINCE JAN 1      6.77                      5.68   1.09     6.39

DEGREE DAYS
 HEATING
  TODAY           11                        12     -1        9
  MONTH TO DATE  353                       409    -56      419
  SINCE MAR 1   1697                      2112   -415     1746
  SINCE JUL 1   6655                      7916  -1261     6944

 COOLING
  TODAY            0                         0      0        0
  MONTH TO DATE    0                         0      0        0
  SINCE MAR 1      0                         0      0        0
  SINCE JAN 1      0                         0      0        0
..................................................................


WIND (MPH)
  HIGHEST WIND SPEED    21   HIGHEST WIND DIRECTION     N (350)
  HIGHEST GUST SPEED    26   HIGHEST GUST DIRECTION     N (340)
  AVERAGE WIND SPEED     8.3


SKY COVER
  AVERAGE SKY COVER 0.7


WEATHER CONDITIONS
 THE FOLLOWING WEATHER WAS RECORDED TODAY.
  NO SIGNIFICANT WEATHER WAS OBSERVED.


RELATIVE HUMIDITY (PERCENT)
 HIGHEST    89
 LOWEST     48
 AVERAGE    69

..........................................................


THE LEWISTOWN MT CLIMATE NORMALS FOR TOMORROW
                         NORMAL    RECORD    YEAR
 MAXIMUM TEMPERATURE (F)   65        91      1934
 MINIMUM TEMPERATURE (F)   41        23      1910


SUNRISE AND SUNSET
MAY 26 2016...........SUNRISE   530 AM MDT   SUNSET   900 PM MDT
MAY 27 2016...........SUNRISE   530 AM MDT   SUNSET   901 PM MDT


-  INDICATES NEGATIVE NUMBERS.
R  INDICATES RECORD WAS SET OR TIED.
MM INDICATES DATA IS MISSING.
T  INDICATES TRACE AMOUNT.




$$
