000
CDUS43 KILX 300644
CLILWV


CLIMATE REPORT
NATIONAL WEATHER SERVICE LINCOLN IL
144 AM CDT SUN AUG 30 2015


...................................

...THE LAWRENCEVILLE IL AIRPORT CLIMATE SUMMARY FOR AUGUST 29 2015...

CLIMATE NORMAL PERIOD 1981 TO 2010
CLIMATE RECORD PERIOD 9999 TO 9999


WEATHER ITEM   OBSERVED TIME   RECORD YEAR NORMAL DEPARTURE LAST
                VALUE   (LST)  VALUE       VALUE  FROM      YEAR
                                                  NORMAL
..................................................................
TEMPERATURE (F)
 YESTERDAY
  MAXIMUM         85    241 PM  MM      MM  87     -2       90
  MINIMUM         65    455 AM  MM      MM  63      2       73
  AVERAGE         75                        75      0       82

PRECIPITATION (IN)
  YESTERDAY        0.01         MM      MM   0.10  -0.09     0.08
  MONTH TO DATE    2.20                      3.19  -0.99     4.57
  SINCE JUN 1     14.98                     11.59   3.39    13.00
  SINCE JAN 1     31.94                     29.15   2.79    28.61

DEGREE DAYS
 HEATING
  YESTERDAY        0                         0      0        0
  MONTH TO DATE    0                         0      0        0
  SINCE JUN 1      8                         7      1        0
  SINCE JUL 1      0                         0      0        0

 COOLING
  YESTERDAY       10                        10      0       17
  MONTH TO DATE  256                       334    -78      311
  SINCE JUN 1    924                      1022    -98      858
  SINCE JAN 1   1079                      1161    -82     1049
..................................................................


WIND (MPH)
  HIGHEST WIND SPEED    14   HIGHEST WIND DIRECTION    SW (210)
  HIGHEST GUST SPEED    19   HIGHEST GUST DIRECTION    SW (210)
  AVERAGE WIND SPEED     4.6


SKY COVER
  POSSIBLE SUNSHINE  MM
  AVERAGE SKY COVER 0.0


WEATHER CONDITIONS
 THE FOLLOWING WEATHER WAS RECORDED YESTERDAY.
  LIGHT RAIN
  FOG


RELATIVE HUMIDITY (PERCENT)
 HIGHEST   100          1100 PM
 LOWEST     51           300 PM
 AVERAGE    76

..........................................................


THE LAWRENCEVILLE IL AIRPORT CLIMATE NORMALS FOR TODAY
                         NORMAL    RECORD    YEAR
 MAXIMUM TEMPERATURE (F)   87        MM        MM
 MINIMUM TEMPERATURE (F)   63        MM        MM


SUNRISE AND SUNSET
AUGUST 30 2015........SUNRISE   617 AM CDT   SUNSET   724 PM CDT
AUGUST 31 2015........SUNRISE   618 AM CDT   SUNSET   722 PM CDT


-  INDICATES NEGATIVE NUMBERS.
R  INDICATES RECORD WAS SET OR TIED.
MM INDICATES DATA IS MISSING.
T  INDICATES TRACE AMOUNT.




$$
