000
CDUS43 KILX 240701
CLILWV


CLIMATE REPORT
NATIONAL WEATHER SERVICE LINCOLN IL
100 AM CST FRI FEB 24 2017


...................................

...THE LAWRENCEVILLE IL AIRPORT CLIMATE SUMMARY FOR FEBRUARY 23 2017...

CLIMATE NORMAL PERIOD 1981 TO 2010
CLIMATE RECORD PERIOD 9999 TO 9999


WEATHER ITEM   OBSERVED TIME   RECORD YEAR NORMAL DEPARTURE LAST
                VALUE   (LST)  VALUE       VALUE  FROM      YEAR
                                                  NORMAL
..................................................................
TEMPERATURE (F)
 YESTERDAY
  MAXIMUM         70    422 PM  MM      MM  47     23       55
  MINIMUM         50    541 AM  MM      MM  29     21       32
  AVERAGE         60                        38     22       44

PRECIPITATION (IN)
  YESTERDAY        0.00         MM      MM   0.07  -0.07     0.32
  MONTH TO DATE    0.31                      1.71  -1.40     1.91
  SINCE DEC 1      5.42                      7.48  -2.06     7.91
  SINCE JAN 1      3.75                      4.09  -0.34     2.97

DEGREE DAYS
 HEATING
  YESTERDAY        5                        27    -22       21
  MONTH TO DATE  481                       695   -214      677
  SINCE DEC 1   2346                      2688   -342     2387
  SINCE JUL 1   2968                      3546   -578     3084

 COOLING
  YESTERDAY        0                         0      0        0
  MONTH TO DATE    0                         0      0        0
  SINCE DEC 1      0                         0      0        0
  SINCE JAN 1      0                         0      0        0
..................................................................


WIND (MPH)
  HIGHEST WIND SPEED    21   HIGHEST WIND DIRECTION     S (200)
  HIGHEST GUST SPEED    24   HIGHEST GUST DIRECTION     S (180)
  AVERAGE WIND SPEED    10.5


SKY COVER
  POSSIBLE SUNSHINE  MM
  AVERAGE SKY COVER 0.4


WEATHER CONDITIONS
 THE FOLLOWING WEATHER WAS RECORDED YESTERDAY.
  FOG


RELATIVE HUMIDITY (PERCENT)
 HIGHEST   100           100 AM
 LOWEST     61           300 PM
 AVERAGE    81

..........................................................


THE LAWRENCEVILLE IL AIRPORT CLIMATE NORMALS FOR TODAY
                         NORMAL    RECORD    YEAR
 MAXIMUM TEMPERATURE (F)   47        MM        MM
 MINIMUM TEMPERATURE (F)   29        MM        MM


SUNRISE AND SUNSET
FEBRUARY 24 2017......SUNRISE   629 AM CST   SUNSET   538 PM CST
FEBRUARY 25 2017......SUNRISE   628 AM CST   SUNSET   539 PM CST


-  INDICATES NEGATIVE NUMBERS.
R  INDICATES RECORD WAS SET OR TIED.
MM INDICATES DATA IS MISSING.
T  INDICATES TRACE AMOUNT.




$$
