821
CDUS43 KILX 080637
CLILWV


CLIMATE REPORT
NATIONAL WEATHER SERVICE LINCOLN IL
1237 AM CST MON FEB 8 2016


...................................

...THE LAWRENCEVILLE IL AIRPORT CLIMATE SUMMARY FOR FEBRUARY 7 2016...

CLIMATE NORMAL PERIOD 1981 TO 2010
CLIMATE RECORD PERIOD 9999 TO 9999


WEATHER ITEM   OBSERVED TIME   RECORD YEAR NORMAL DEPARTURE LAST
                VALUE   (LST)  VALUE       VALUE  FROM      YEAR
                                                  NORMAL
..................................................................
TEMPERATURE (F)
 YESTERDAY
  MAXIMUM         56    257 PM  MM      MM  42     14       61
  MINIMUM         30    510 AM  MM      MM  25      5       29
  AVERAGE         43                        34      9       45

PRECIPITATION (IN)
  YESTERDAY        T            MM      MM   0.07  -0.07     0.00
  MONTH TO DATE    0.10                      0.52  -0.42     0.54
  SINCE DEC 1      6.10                      6.29  -0.19     5.74
  SINCE JAN 1      1.16                      2.90  -1.74     2.50

DEGREE DAYS
 HEATING
  YESTERDAY       22                        32    -10       20
  MONTH TO DATE  173                       226    -53      243
  SINCE DEC 1   1883                      2219   -336     2193
  SINCE JUL 1   2580                      3077   -497     3328

 COOLING
  YESTERDAY        0                         0      0        0
  MONTH TO DATE    0                         0      0        0
  SINCE DEC 1      0                         0      0        0
  SINCE JAN 1      0                         0      0        0
..................................................................


WIND (MPH)
  HIGHEST WIND SPEED    30   HIGHEST WIND DIRECTION    SW (220)
  HIGHEST GUST SPEED    55   HIGHEST GUST DIRECTION     E (90)
  AVERAGE WIND SPEED    13.6


SKY COVER
  POSSIBLE SUNSHINE  MM
  AVERAGE SKY COVER 0.2


WEATHER CONDITIONS
 THE FOLLOWING WEATHER WAS RECORDED YESTERDAY.
  LIGHT RAIN


RELATIVE HUMIDITY (PERCENT)
 HIGHEST    78           500 AM
 LOWEST     35           200 PM
 AVERAGE    57

..........................................................


THE LAWRENCEVILLE IL AIRPORT CLIMATE NORMALS FOR TODAY
                         NORMAL    RECORD    YEAR
 MAXIMUM TEMPERATURE (F)   42        MM        MM
 MINIMUM TEMPERATURE (F)   25        MM        MM


SUNRISE AND SUNSET
FEBRUARY  8 2016......SUNRISE   650 AM CST   SUNSET   520 PM CST
FEBRUARY  9 2016......SUNRISE   649 AM CST   SUNSET   521 PM CST


-  INDICATES NEGATIVE NUMBERS.
R  INDICATES RECORD WAS SET OR TIED.
MM INDICATES DATA IS MISSING.
T  INDICATES TRACE AMOUNT.




$$
