000
CDUS41 KRNK 021041
CLILYH


CLIMATE REPORT
NATIONAL WEATHER SERVICE BLACKSBURG VA
539 AM EST MON MAR 2 2015


...................................

...THE LYNCHBURG VA CLIMATE SUMMARY FOR MARCH 1 2015...

CLIMATE NORMAL PERIOD 1981 TO 2010
CLIMATE RECORD PERIOD 1893 TO 2015


WEATHER ITEM   OBSERVED TIME   RECORD YEAR NORMAL DEPARTURE LAST
                VALUE   (LST)  VALUE       VALUE  FROM      YEAR
                                                  NORMAL
..................................................................
TEMPERATURE (F)
 YESTERDAY
  MAXIMUM         32    939 PM  78    1918  53    -21       50
  MINIMUM         20    207 AM   8    1934  30    -10       17
  AVERAGE         26                        41    -15       34

PRECIPITATION (IN)
  YESTERDAY        0.09          1.94 1900   0.10  -0.01     0.00
  MONTH TO DATE    0.09                      0.10  -0.01     0.00
  SINCE MAR 1      0.09                      0.10  -0.01     0.00
  SINCE JAN 1      4.47                      6.17  -1.70     7.08

SNOWFALL (IN)
  YESTERDAY       MM
  MONTH TO DATE   MM
  SINCE MAR 1     MM
  SINCE JUL 1     20.4
  SNOW DEPTH      MM

DEGREE DAYS
 HEATING
  YESTERDAY       39                        24     15       31
  MONTH TO DATE   39                        24     15       31
  SINCE MAR 1     39                        24     15       31
  SINCE JUL 1   3728                      3448    280     3545

 COOLING
  YESTERDAY        0                         0      0        0
  MONTH TO DATE    0                         0      0        0
  SINCE MAR 1      0                         0      0        0
  SINCE JAN 1      0                         0      0        0
..................................................................


WIND (MPH)
  HIGHEST WIND SPEED    12   HIGHEST WIND DIRECTION     S (200)
  HIGHEST GUST SPEED    13   HIGHEST GUST DIRECTION     S (200)
  AVERAGE WIND SPEED     3.1


SKY COVER
  POSSIBLE SUNSHINE  MM
  AVERAGE SKY COVER 0.9


WEATHER CONDITIONS
 THE FOLLOWING WEATHER WAS RECORDED YESTERDAY.
  LT FREEZING RAIN
  FOG
  FOG W/VISIBILITY <= 1/4 MILE


RELATIVE HUMIDITY (PERCENT)
 HIGHEST   100           400 PM
 LOWEST     53          1200 PM
 AVERAGE    77

..........................................................


THE LYNCHBURG VA CLIMATE NORMALS FOR TODAY
                         NORMAL    RECORD    YEAR
 MAXIMUM TEMPERATURE (F)   53        77      1992
                                             1976
 MINIMUM TEMPERATURE (F)   30        11      1980


SUNRISE AND SUNSET
MARCH  2 2015.........SUNRISE   647 AM EST   SUNSET   611 PM EST
MARCH  3 2015.........SUNRISE   646 AM EST   SUNSET   612 PM EST


-  INDICATES NEGATIVE NUMBERS.
R  INDICATES RECORD WAS SET OR TIED.
MM INDICATES DATA IS MISSING.
T  INDICATES TRACE AMOUNT.




$$
