000
CDUS41 KRNK 250750
CLILYH


CLIMATE REPORT
NATIONAL WEATHER SERVICE BLACKSBURG VA
342 AM EDT MON SEP 25 2017


...................................

...THE LYNCHBURG VA CLIMATE SUMMARY FOR SEPTEMBER 24 2017...

CLIMATE NORMAL PERIOD 1981 TO 2010
CLIMATE RECORD PERIOD 1893 TO 2017


WEATHER ITEM   OBSERVED TIME   RECORD YEAR NORMAL DEPARTURE LAST
                VALUE   (LST)  VALUE       VALUE  FROM      YEAR
                                                  NORMAL
..................................................................
TEMPERATURE (F)
 YESTERDAY
  MAXIMUM         87    303 PM  94    1933  75     12       90
  MINIMUM         61    322 AM  37    1967  52      9       59
  AVERAGE         74                        64     10       75

PRECIPITATION (IN)
  YESTERDAY        0.00          1.50 1947   0.13  -0.13     0.00
  MONTH TO DATE    1.91                      3.14  -1.23     1.58
  SINCE SEP 1      1.91                      3.14  -1.23     1.58
  SINCE JAN 1     28.64                     31.07  -2.43    34.70

SNOWFALL (IN)
  YESTERDAY        0.0                                       0.0
  MONTH TO DATE    0.0                                       0.0
  SINCE SEP 1      0.0                                       0.0
  SINCE JUL 1      0.0                                       0.0
  SNOW DEPTH       0

DEGREE DAYS
 HEATING
  YESTERDAY        0                         3     -3        0
  MONTH TO DATE   47                        30     17        0
  SINCE SEP 1     47                        30     17        0
  SINCE JUL 1     49                        33     16        0

 COOLING
  YESTERDAY        9                         2      7       10
  MONTH TO DATE  100                       107     -7      218
  SINCE SEP 1    100                       107     -7      218
  SINCE JAN 1   1078                      1005     73     1296
..................................................................


WIND (MPH)
  HIGHEST WIND SPEED    15   HIGHEST WIND DIRECTION    NE (30)
  HIGHEST GUST SPEED    20   HIGHEST GUST DIRECTION    NE (50)
  AVERAGE WIND SPEED     4.8


SKY COVER
  AVERAGE SKY COVER 0.0


WEATHER CONDITIONS
 THE FOLLOWING WEATHER WAS RECORDED YESTERDAY.
  NO SIGNIFICANT WEATHER WAS OBSERVED.


RELATIVE HUMIDITY (PERCENT)
 HIGHEST    90           400 AM
 LOWEST     37           200 PM
 AVERAGE    64

..........................................................


THE LYNCHBURG VA CLIMATE NORMALS FOR TODAY
                         NORMAL    RECORD    YEAR
 MAXIMUM TEMPERATURE (F)   75        98      1933
 MINIMUM TEMPERATURE (F)   52        39      1990
                                             1981
                                             1928


SUNRISE AND SUNSET
SEPTEMBER 25 2017.....SUNRISE   707 AM EDT   SUNSET   709 PM EDT
SEPTEMBER 26 2017.....SUNRISE   708 AM EDT   SUNSET   707 PM EDT


-  INDICATES NEGATIVE NUMBERS.
R  INDICATES RECORD WAS SET OR TIED.
MM INDICATES DATA IS MISSING.
T  INDICATES TRACE AMOUNT.

REMARKS:
DUE TO MISSING TEMPERATURES ON FEBRUARY 23 AND JULY 24-25...ALL
TEMPERATURES AND DEGREE DAY INFORMATION WILL BE CALCULATED WITHOUT
DATE FROM THESE DATES.

$$
