000
CDUS41 KRNK 090915
CLILYH


CLIMATE REPORT
NATIONAL WEATHER SERVICE BLACKSBURG VA
414 AM EST FRI DEC 9 2016


...................................

...THE LYNCHBURG VA CLIMATE SUMMARY FOR DECEMBER 8 2016...

CLIMATE NORMAL PERIOD 1981 TO 2010
CLIMATE RECORD PERIOD 1893 TO 2016


WEATHER ITEM   OBSERVED TIME   RECORD YEAR NORMAL DEPARTURE LAST
                VALUE   (LST)  VALUE       VALUE  FROM      YEAR
                                                  NORMAL
..................................................................
TEMPERATURE (F)
 YESTERDAY
  MAXIMUM         47   1031 AM  74    1980  50     -3       56
  MINIMUM         32   1159 PM   9    2010  29      3       30
  AVERAGE         40                        39      1       43

PRECIPITATION (IN)
  YESTERDAY        0.00          1.02 1924   0.11  -0.11     0.00
  MONTH TO DATE    1.62                      0.92   0.70     1.56
  SINCE DEC 1      1.62                      0.92   0.70     1.56
  SINCE JAN 1     41.02                     39.25   1.77    41.89

SNOWFALL (IN)
  YESTERDAY        0.0                                       0.0
  MONTH TO DATE    0.0                                       0.0
  SINCE DEC 1      0.0                                       0.0
  SINCE JUL 1      0.0                                       0.0
  SNOW DEPTH       0

DEGREE DAYS
 HEATING
  YESTERDAY       25                        26     -1       22
  MONTH TO DATE  190                       199     -9      178
  SINCE DEC 1    190                       199     -9      178
  SINCE JUL 1    820                      1093   -273      888

 COOLING
  YESTERDAY        0                         0      0        0
  MONTH TO DATE    0                         0      0        0
  SINCE DEC 1      0                         0      0        0
  SINCE JAN 1   1358                      1032    326     1194
..................................................................


WIND (MPH)
  HIGHEST WIND SPEED    15   HIGHEST WIND DIRECTION     W (260)
  HIGHEST GUST SPEED    23   HIGHEST GUST DIRECTION     W (270)
  AVERAGE WIND SPEED     3.8


SKY COVER
  AVERAGE SKY COVER 0.3


WEATHER CONDITIONS
 THE FOLLOWING WEATHER WAS RECORDED YESTERDAY.
  NO SIGNIFICANT WEATHER WAS OBSERVED.


RELATIVE HUMIDITY (PERCENT)
 HIGHEST    92          1200 AM
 LOWEST     24           500 PM
 AVERAGE    58

..........................................................


THE LYNCHBURG VA CLIMATE NORMALS FOR TODAY
                         NORMAL    RECORD    YEAR
 MAXIMUM TEMPERATURE (F)   49        73      1946
 MINIMUM TEMPERATURE (F)   29        10      2010


SUNRISE AND SUNSET
DECEMBER  9 2016......SUNRISE   720 AM EST   SUNSET   459 PM EST
DECEMBER 10 2016......SUNRISE   720 AM EST   SUNSET   459 PM EST


-  INDICATES NEGATIVE NUMBERS.
R  INDICATES RECORD WAS SET OR TIED.
MM INDICATES DATA IS MISSING.
T  INDICATES TRACE AMOUNT.




$$
