000
CDUS41 KRNK 252103
CLILYH


CLIMATE REPORT
NATIONAL WEATHER SERVICE BLACKSBURG VA
503 PM EDT THU AUG 25 2016


...................................

...THE LYNCHBURG VA CLIMATE SUMMARY FOR AUGUST 25 2016...
VALID TODAY AS OF 0500 PM LOCAL TIME.

CLIMATE NORMAL PERIOD 1981 TO 2010
CLIMATE RECORD PERIOD 1893 TO 2016


WEATHER ITEM   OBSERVED TIME   RECORD YEAR NORMAL DEPARTURE LAST
                VALUE   (LST)  VALUE       VALUE  FROM      YEAR
                                                  NORMAL
..................................................................
TEMPERATURE (F)
 TODAY
  MAXIMUM         91    155 PM 100    1943  85      6       83
  MINIMUM         66    503 AM  51    1935  62      4       58
  AVERAGE         79                        73      6       71

PRECIPITATION (IN)
  TODAY            0.00          3.42 1908   0.11  -0.11     0.00
  MONTH TO DATE    1.19                      2.63  -1.44     1.98
  SINCE JUN 1     13.46                     10.61   2.85    11.36
  SINCE JAN 1     33.12                     27.30   5.82    24.74

SNOWFALL (IN)
  TODAY            0.0                                       0.0
  MONTH TO DATE    0.0                                       0.0
  SINCE JUN 1      0.0                                       0.0
  SINCE JUL 1      0.0                                       0.0
  SNOW DEPTH       0

DEGREE DAYS
 HEATING
  TODAY            0                         0      0        0
  MONTH TO DATE    0                         0      0        0
  SINCE JUN 1      1                        15    -14       13
  SINCE JUL 1      0                         1     -1        0

 COOLING
  TODAY           14                         8      6        6
  MONTH TO DATE  299                       238     61      229
  SINCE JUN 1    921                       770    151      836
  SINCE JAN 1    992                       852    140      984
..................................................................


WIND (MPH)
  HIGHEST WIND SPEED    10   HIGHEST WIND DIRECTION    SW (220)
  HIGHEST GUST SPEED    12   HIGHEST GUST DIRECTION     S (200)
  AVERAGE WIND SPEED     4.9


SKY COVER
  AVERAGE SKY COVER 0.1


WEATHER CONDITIONS
 THE FOLLOWING WEATHER WAS RECORDED TODAY.
  NO SIGNIFICANT WEATHER WAS OBSERVED.


RELATIVE HUMIDITY (PERCENT)
 HIGHEST   100           700 AM
 LOWEST     52           200 PM
 AVERAGE    76

..........................................................


THE LYNCHBURG VA CLIMATE NORMALS FOR TOMORROW
                         NORMAL    RECORD    YEAR
 MAXIMUM TEMPERATURE (F)   84        95      1900
 MINIMUM TEMPERATURE (F)   62        48      1942


SUNRISE AND SUNSET
AUGUST 25 2016........SUNRISE   642 AM EDT   SUNSET   755 PM EDT
AUGUST 26 2016........SUNRISE   643 AM EDT   SUNSET   753 PM EDT


-  INDICATES NEGATIVE NUMBERS.
R  INDICATES RECORD WAS SET OR TIED.
MM INDICATES DATA IS MISSING.
T  INDICATES TRACE AMOUNT.




$$
