000
CDUS44 KLZK 290651
CLILZK


CLIMATE REPORT
NATIONAL WEATHER SERVICE LITTLE ROCK AR
150 AM CDT FRI APR 29 2016


...................................

...THE NORTH LITTLE ROCK CLIMATE SUMMARY FOR APRIL 28 2016...

CLIMATE NORMAL PERIOD 1981 TO 2010
CLIMATE RECORD PERIOD 1975 TO 2016


WEATHER ITEM   OBSERVED TIME   RECORD YEAR NORMAL DEPARTURE LAST
                VALUE   (LST)  VALUE       VALUE  FROM      YEAR
                                                  NORMAL
..................................................................
TEMPERATURE (F)
 YESTERDAY
  MAXIMUM         83        MM  90    2002  76      7       57
  MINIMUM         60        MM  42    1979  57      3       50
  AVERAGE         72                        66      6       54

PRECIPITATION (IN)
  YESTERDAY        0.00          1.48 2009   0.16  -0.16     0.04
  MONTH TO DATE    2.87                      4.45  -1.58     4.84
  SINCE MAR 1     15.39                      9.22   6.17    13.61
  SINCE JAN 1     20.45                     16.30   4.15    19.79

SNOWFALL (IN)
  YESTERDAY        0.0          MM      MM   0.0    0.0      0.0
  MONTH TO DATE    0.0                       0.0    0.0      0.0
  SINCE MAR 1      T                         0.4   -0.4      6.4
  SINCE JUL 1      7.2                       4.4    2.8     10.6
  SNOW DEPTH       0

DEGREE DAYS
 HEATING
  YESTERDAY        0                         2     -2       11
  MONTH TO DATE   82                       133    -51       92
  SINCE MAR 1    326                       493   -167      495
  SINCE JUL 1   2287                      2979   -692     3292

 COOLING
  YESTERDAY        7                         3      4        0
  MONTH TO DATE   54                        60     -6       59
  SINCE MAR 1     71                        77     -6       73
  SINCE JAN 1     74                        79     -5       73
..................................................................


WIND (MPH)
  HIGHEST WIND SPEED     6   HIGHEST WIND DIRECTION    SE (140)
  HIGHEST GUST SPEED    MM   HIGHEST GUST DIRECTION    MM
  AVERAGE WIND SPEED     3.6


SKY COVER
  POSSIBLE SUNSHINE  MM
  AVERAGE SKY COVER 0.0


WEATHER CONDITIONS
 THE FOLLOWING WEATHER WAS RECORDED YESTERDAY.
  NO SIGNIFICANT WEATHER WAS OBSERVED.


RELATIVE HUMIDITY (PERCENT)
 HIGHEST    84           400 AM
 LOWEST     30           500 PM
 AVERAGE    57

..........................................................


THE NORTH LITTLE ROCK CLIMATE NORMALS FOR TODAY
                         NORMAL    RECORD    YEAR
 MAXIMUM TEMPERATURE (F)   76        88      1990
                                             1987
 MINIMUM TEMPERATURE (F)   57        42      2008


SUNRISE AND SUNSET
APRIL 29 2016.........SUNRISE   620 AM CDT   SUNSET   753 PM CDT
APRIL 30 2016.........SUNRISE   619 AM CDT   SUNSET   754 PM CDT


-  INDICATES NEGATIVE NUMBERS.
R  INDICATES RECORD WAS SET OR TIED.
MM INDICATES DATA IS MISSING.
T  INDICATES TRACE AMOUNT.




$$
