000
CDUS44 KLZK 230636
CLILZK


CLIMATE REPORT
NATIONAL WEATHER SERVICE LITTLE ROCK AR
1235 AM CST MON JAN 23 2017


...................................

...THE NORTH LITTLE ROCK CLIMATE SUMMARY FOR JANUARY 22 2017...

CLIMATE NORMAL PERIOD 1981 TO 2010
CLIMATE RECORD PERIOD 1975 TO 2017


WEATHER ITEM   OBSERVED TIME   RECORD YEAR NORMAL DEPARTURE LAST
                VALUE   (LST)  VALUE       VALUE  FROM      YEAR
                                                  NORMAL
..................................................................
TEMPERATURE (F)
 YESTERDAY
  MAXIMUM         56        MM  68    1997  50      6       40
                                      1982
  MINIMUM         49        MM  17    1984  33     16       29
  AVERAGE         53                        41     12       35

PRECIPITATION (IN)
  YESTERDAY        0.28          1.64 2006   0.11   0.17     0.61
  MONTH TO DATE    2.28                      2.45  -0.17     3.23
  SINCE DEC 1      5.45                      7.46  -2.01    13.31
  SINCE JAN 1      2.28                      2.45  -0.17     3.23

SNOWFALL (IN)
  YESTERDAY        0.0           6.9  2016   0.0    0.0      6.9
  MONTH TO DATE    0.8                       1.1   -0.3      7.2
  SINCE DEC 1      0.8                       1.6   -0.8      7.2
  SINCE JUL 1      0.8                       1.6   -0.8      7.2
  SNOW DEPTH       0

DEGREE DAYS
 HEATING
  YESTERDAY       12                        24    -12       30
  MONTH TO DATE  421                       528   -107      571
  SINCE DEC 1   1067                      1208   -141      982
  SINCE JUL 1   1361                      1720   -359     1335

 COOLING
  YESTERDAY        0                         0      0        0
  MONTH TO DATE    1                         0      1        0
  SINCE DEC 1      2                         1      1        7
  SINCE JAN 1      1                         0      1        0
..................................................................


WIND (MPH)
  HIGHEST WIND SPEED    13   HIGHEST WIND DIRECTION     N (340)
  HIGHEST GUST SPEED    34   HIGHEST GUST DIRECTION     N (340)
  AVERAGE WIND SPEED     5.8


SKY COVER
  POSSIBLE SUNSHINE  MM
  AVERAGE SKY COVER 0.0


WEATHER CONDITIONS
 THE FOLLOWING WEATHER WAS RECORDED YESTERDAY.
  RAIN
  LIGHT RAIN


RELATIVE HUMIDITY (PERCENT)
 HIGHEST   100          1200 AM
 LOWEST     77          1000 PM
 AVERAGE    89

..........................................................


THE NORTH LITTLE ROCK CLIMATE NORMALS FOR TODAY
                         NORMAL    RECORD    YEAR
 MAXIMUM TEMPERATURE (F)   50        78      2002
 MINIMUM TEMPERATURE (F)   33        13      2003


SUNRISE AND SUNSET
JANUARY 23 2017.......SUNRISE   713 AM CST   SUNSET   529 PM CST
JANUARY 24 2017.......SUNRISE   712 AM CST   SUNSET   530 PM CST


-  INDICATES NEGATIVE NUMBERS.
R  INDICATES RECORD WAS SET OR TIED.
MM INDICATES DATA IS MISSING.
T  INDICATES TRACE AMOUNT.




$$
