000
CDUS44 KLZK 251006
CLILZK


CLIMATE REPORT
NATIONAL WEATHER SERVICE LITTLE ROCK AR
406 AM CST SUN JAN 25 2015


...................................

...THE NORTH LITTLE ROCK CLIMATE SUMMARY FOR JANUARY 24 2015...

CLIMATE NORMAL PERIOD 1981 TO 2010
CLIMATE RECORD PERIOD 1975 TO 2015


WEATHER ITEM   OBSERVED TIME   RECORD YEAR NORMAL DEPARTURE LAST
                VALUE   (LST)  VALUE       VALUE  FROM      YEAR
                                                  NORMAL
..................................................................
TEMPERATURE (F)
 YESTERDAY
  MAXIMUM         59        MM  70    1981  50      9       35
  MINIMUM         30        MM  10    2014  33     -3       10
                                      2003
  AVERAGE         45                        41      4       23

PRECIPITATION (IN)
  YESTERDAY        0.00          1.98 2004   0.10  -0.10     0.00
  MONTH TO DATE    2.92                      2.65   0.27     2.31
  SINCE DEC 1      5.91                      7.66  -1.75     9.63
  SINCE JAN 1      2.92                      2.65   0.27     2.31

SNOWFALL (IN)
  YESTERDAY        0.0           T    2000   0.0    0.0      0.0
                                      1979
  MONTH TO DATE    T                         1.2   -1.2       T
  SINCE DEC 1      T                         1.7   -1.7      1.1
  SINCE JUL 1      0.6                       1.7   -1.1      1.1
  SNOW DEPTH       0

DEGREE DAYS
 HEATING
  YESTERDAY       20                        24     -4       42
  MONTH TO DATE  628                       576     52      644
  SINCE DEC 1   1276                      1256     20     1344
  SINCE JUL 1   1891                      1768    123     1950

 COOLING
  YESTERDAY        0                         0      0        0
  MONTH TO DATE    0                         0      0        0
  SINCE DEC 1      0                         1     -1        1
  SINCE JAN 1      0                         0      0        0
..................................................................


WIND (MPH)
  HIGHEST WIND SPEED    MM   HIGHEST WIND DIRECTION    MM
  HIGHEST GUST SPEED    MM   HIGHEST GUST DIRECTION    MM
  AVERAGE WIND SPEED    MM


SKY COVER
  POSSIBLE SUNSHINE  MM
  AVERAGE SKY COVER  MM


WEATHER CONDITIONS
 THE FOLLOWING WEATHER WAS RECORDED YESTERDAY.
  NO SIGNIFICANT WEATHER WAS OBSERVED.


RELATIVE HUMIDITY (PERCENT)
 HIGHEST    MM
 LOWEST     MM
 AVERAGE    MM

..........................................................


THE NORTH LITTLE ROCK CLIMATE NORMALS FOR TODAY
                         NORMAL    RECORD    YEAR
 MAXIMUM TEMPERATURE (F)   50        68      2004
 MINIMUM TEMPERATURE (F)   33        15      1978


SUNRISE AND SUNSET
JANUARY 25 2015.......SUNRISE   712 AM CST   SUNSET   531 PM CST
JANUARY 26 2015.......SUNRISE   712 AM CST   SUNSET   532 PM CST


-  INDICATES NEGATIVE NUMBERS.
R  INDICATES RECORD WAS SET OR TIED.
MM INDICATES DATA IS MISSING.
T  INDICATES TRACE AMOUNT.




$$
