000
CDUS44 KLZK 100634
CLILZK


CLIMATE REPORT
NATIONAL WEATHER SERVICE LITTLE ROCK AR
1233 AM CST SAT DEC 10 2016


...................................

...THE NORTH LITTLE ROCK CLIMATE SUMMARY FOR DECEMBER 9 2016...

CLIMATE NORMAL PERIOD 1981 TO 2010
CLIMATE RECORD PERIOD 1975 TO 2016


WEATHER ITEM   OBSERVED TIME   RECORD YEAR NORMAL DEPARTURE LAST
                VALUE   (LST)  VALUE       VALUE  FROM      YEAR
                                                  NORMAL
..................................................................
TEMPERATURE (F)
 YESTERDAY
  MAXIMUM         39        MM  74    2007  52    -13       68
  MINIMUM         22        MM  14    1995  36    -14       46
  AVERAGE         31                        44    -13       57

PRECIPITATION (IN)
  YESTERDAY        0.00          1.74 2003   0.17  -0.17     0.00
  MONTH TO DATE    0.71                      1.59  -0.88     0.00
  SINCE DEC 1      0.71                      1.59  -0.88     0.00
  SINCE JAN 1     49.98                     46.61   3.37    56.98

SNOWFALL (IN)
  YESTERDAY        0.0           0.1  2013   0.0    0.0      0.0
                                      1978
  MONTH TO DATE    T                         0.1   -0.1      0.0
  SINCE DEC 1      T                         0.1   -0.1      0.0
  SINCE JUL 1      T                         0.1   -0.1      0.0
  SNOW DEPTH       0

DEGREE DAYS
 HEATING
  YESTERDAY       34                        21     13        8
  MONTH TO DATE  200                       177     23      144
  SINCE DEC 1    200                       177     23      144
  SINCE JUL 1    494                       689   -195      497

 COOLING
  YESTERDAY        0                         0      0        0
  MONTH TO DATE    0                         0      0        0
  SINCE DEC 1      0                         0      0        0
  SINCE JAN 1   2374                      2169    205     2315
..................................................................


WIND (MPH)
  HIGHEST WIND SPEED     6   HIGHEST WIND DIRECTION    NE (50)
  HIGHEST GUST SPEED    MM   HIGHEST GUST DIRECTION    MM
  AVERAGE WIND SPEED     3.0


SKY COVER
  POSSIBLE SUNSHINE  MM
  AVERAGE SKY COVER 0.0


WEATHER CONDITIONS
 THE FOLLOWING WEATHER WAS RECORDED YESTERDAY.
  NO SIGNIFICANT WEATHER WAS OBSERVED.


RELATIVE HUMIDITY (PERCENT)
 HIGHEST    81          1100 PM
 LOWEST     40           400 PM
 AVERAGE    61

..........................................................


THE NORTH LITTLE ROCK CLIMATE NORMALS FOR TODAY
                         NORMAL    RECORD    YEAR
 MAXIMUM TEMPERATURE (F)   52        70      2015
                                             1996
 MINIMUM TEMPERATURE (F)   36        12      1995


SUNRISE AND SUNSET
DECEMBER 10 2016......SUNRISE   706 AM CST   SUNSET   458 PM CST
DECEMBER 11 2016......SUNRISE   707 AM CST   SUNSET   458 PM CST


-  INDICATES NEGATIVE NUMBERS.
R  INDICATES RECORD WAS SET OR TIED.
MM INDICATES DATA IS MISSING.
T  INDICATES TRACE AMOUNT.




$$
