000
CDUS44 KLZK 240632
CLILZK


CLIMATE REPORT
NATIONAL WEATHER SERVICE LITTLE ROCK AR
131 AM CDT FRI MAR 24 2017


...................................

...THE NORTH LITTLE ROCK CLIMATE SUMMARY FOR MARCH 23 2017...

CLIMATE NORMAL PERIOD 1981 TO 2010
CLIMATE RECORD PERIOD 1975 TO 2017


WEATHER ITEM   OBSERVED TIME   RECORD YEAR NORMAL DEPARTURE LAST
                VALUE   (LST)  VALUE       VALUE  FROM      YEAR
                                                  NORMAL
..................................................................
TEMPERATURE (F)
 YESTERDAY
  MAXIMUM         82        MM  84    1995  66     16       69
  MINIMUM         47        MM  30    2002  46      1       58
  AVERAGE         65                        56      9       64

PRECIPITATION (IN)
  YESTERDAY        0.00          1.15 1987   0.15  -0.15     0.00
  MONTH TO DATE    2.64                      3.52  -0.88     6.90
  SINCE MAR 1      2.64                      3.52  -0.88     6.90
  SINCE JAN 1      7.92                     10.60  -2.68    11.96

SNOWFALL (IN)
  YESTERDAY        0.0          MM      MM   0.0    0.0      0.0
  MONTH TO DATE    T                         0.4   -0.4       T
  SINCE MAR 1      T                         0.4   -0.4       T
  SINCE JUL 1      0.8                       4.4   -3.6      7.2
  SNOW DEPTH       0

DEGREE DAYS
 HEATING
  YESTERDAY        0                        10    -10        1
  MONTH TO DATE  254                       292    -38      181
  SINCE MAR 1    254                       292    -38      181
  SINCE JUL 1   2085                      2778   -693     2142

 COOLING
  YESTERDAY        0                         1     -1        0
  MONTH TO DATE   16                         8      8       11
  SINCE MAR 1     16                         8      8       11
  SINCE JAN 1     33                        10     23       14
..................................................................


WIND (MPH)
  HIGHEST WIND SPEED     9   HIGHEST WIND DIRECTION     S (180)
  HIGHEST GUST SPEED    21   HIGHEST GUST DIRECTION     S (180)
  AVERAGE WIND SPEED     8.0


SKY COVER
  POSSIBLE SUNSHINE  MM
  AVERAGE SKY COVER 0.0


WEATHER CONDITIONS
 THE FOLLOWING WEATHER WAS RECORDED YESTERDAY.
  NO SIGNIFICANT WEATHER WAS OBSERVED.


RELATIVE HUMIDITY (PERCENT)
 HIGHEST    66           300 AM
 LOWEST     42           400 PM
 AVERAGE    54

..........................................................


THE NORTH LITTLE ROCK CLIMATE NORMALS FOR TODAY
                         NORMAL    RECORD    YEAR
 MAXIMUM TEMPERATURE (F)   66        83      2007
 MINIMUM TEMPERATURE (F)   47        32      2006


SUNRISE AND SUNSET
MARCH 24 2017.........SUNRISE   707 AM CDT   SUNSET   724 PM CDT
MARCH 25 2017.........SUNRISE   705 AM CDT   SUNSET   725 PM CDT


-  INDICATES NEGATIVE NUMBERS.
R  INDICATES RECORD WAS SET OR TIED.
MM INDICATES DATA IS MISSING.
T  INDICATES TRACE AMOUNT.




$$
