000
CDUS44 KLZK 202152
CLILZK


CLIMATE REPORT
NATIONAL WEATHER SERVICE LITTLE ROCK AR
351 PM CST SAT JAN 20 2018


...................................

...THE NORTH LITTLE ROCK CLIMATE SUMMARY FOR JANUARY 20 2018...
VALID TODAY AS OF 0300 PM LOCAL TIME.

CLIMATE NORMAL PERIOD 1981 TO 2010
CLIMATE RECORD PERIOD 1975 TO 2018


WEATHER ITEM   OBSERVED TIME   RECORD YEAR NORMAL DEPARTURE LAST
                VALUE   (LST)  VALUE       VALUE  FROM      YEAR
                                                  NORMAL
..................................................................
TEMPERATURE (F)
 TODAY
  MAXIMUM         55        MM  70    2005  50      5       68
  MINIMUM         41        MM  -6    1985  33      8       53
  AVERAGE         48                        41      7       61

PRECIPITATION (IN)
  TODAY            0.00          0.93 1982   0.10  -0.10     0.00
  MONTH TO DATE    1.17                      2.24  -1.07     1.78
  SINCE DEC 1      7.67                      7.25   0.42     4.95
  SINCE JAN 1      1.17                      2.24  -1.07     1.78

SNOWFALL (IN)
  TODAY            0.0           1.4  2011   0.1   -0.1      0.0
  MONTH TO DATE    1.5                       1.0    0.5      0.8
  SINCE DEC 1      1.5                       1.5    0.0      0.8
  SINCE JUL 1      1.5                       1.5    0.0      0.8
  SNOW DEPTH       0

DEGREE DAYS
 HEATING
  TODAY           17                        24     -7        4
  MONTH TO DATE  656                       480    176      407
  SINCE DEC 1   1310                      1160    150     1053
  SINCE JUL 1   1716                      1672     44     1347

 COOLING
  TODAY            0                         0      0        0
  MONTH TO DATE    0                         0      0        1
  SINCE DEC 1      0                         1     -1        2
  SINCE JAN 1      0                         0      0        1
..................................................................


WIND (MPH)
  HIGHEST WIND SPEED     9   HIGHEST WIND DIRECTION     S (200)
  HIGHEST GUST SPEED    MM   HIGHEST GUST DIRECTION    MM
  AVERAGE WIND SPEED     5.5


SKY COVER
  POSSIBLE SUNSHINE  MM
  AVERAGE SKY COVER 0.0


WEATHER CONDITIONS
 THE FOLLOWING WEATHER WAS RECORDED TODAY.
  NO SIGNIFICANT WEATHER WAS OBSERVED.


RELATIVE HUMIDITY (PERCENT)
 HIGHEST    80          1100 AM
 LOWEST     49           200 AM
 AVERAGE    65

..........................................................


THE NORTH LITTLE ROCK CLIMATE NORMALS FOR TOMORROW
                         NORMAL    RECORD    YEAR
 MAXIMUM TEMPERATURE (F)   50        72      1999
                                             1986
 MINIMUM TEMPERATURE (F)   33         4      1985


SUNRISE AND SUNSET
JANUARY 20 2018.......SUNRISE   714 AM CST   SUNSET   526 PM CST
JANUARY 21 2018.......SUNRISE   714 AM CST   SUNSET   527 PM CST


-  INDICATES NEGATIVE NUMBERS.
R  INDICATES RECORD WAS SET OR TIED.
MM INDICATES DATA IS MISSING.
T  INDICATES TRACE AMOUNT.




$$
