000
CDUS44 KLZK 240634
CLILZK


CLIMATE REPORT
NATIONAL WEATHER SERVICE LITTLE ROCK AR
1234 AM CST FRI FEB 24 2017


...................................

...THE NORTH LITTLE ROCK CLIMATE SUMMARY FOR FEBRUARY 23 2017...

CLIMATE NORMAL PERIOD 1981 TO 2010
CLIMATE RECORD PERIOD 1975 TO 2017


WEATHER ITEM   OBSERVED TIME   RECORD YEAR NORMAL DEPARTURE LAST
                VALUE   (LST)  VALUE       VALUE  FROM      YEAR
                                                  NORMAL
..................................................................
TEMPERATURE (F)
 YESTERDAY
  MAXIMUM         77        MM  80    2012  57     20       48
                                      1982
  MINIMUM         52        MM  14    1989  38     14       39
  AVERAGE         65                        48     17       44

PRECIPITATION (IN)
  YESTERDAY        0.00          2.23 1985   0.15  -0.15     1.23
  MONTH TO DATE    2.78                      2.94  -0.16     1.57
  SINCE DEC 1      8.25                     11.37  -3.12    14.88
  SINCE JAN 1      5.08                      6.36  -1.28     4.80

SNOWFALL (IN)
  YESTERDAY        0.0           T    1999   0.1   -0.1      0.0
  MONTH TO DATE    0.0                       1.6   -1.6      0.0
  SINCE DEC 1      0.8                       3.8   -3.0      7.2
  SINCE JUL 1      0.8                       3.8   -3.0      7.2
  SNOW DEPTH       0

DEGREE DAYS
 HEATING
  YESTERDAY        0                        18    -18       21
  MONTH TO DATE  258                       470   -212      380
  SINCE DEC 1   1473                      1891   -418     1515
  SINCE JUL 1   1767                      2403   -636     1868

 COOLING
  YESTERDAY        0                         0      0        0
  MONTH TO DATE   13                         0     13        2
  SINCE DEC 1     15                         2     13       10
  SINCE JAN 1     14                         1     13        3
..................................................................


WIND (MPH)
  HIGHEST WIND SPEED    13   HIGHEST WIND DIRECTION     S (180)
  HIGHEST GUST SPEED    23   HIGHEST GUST DIRECTION     S (180)
  AVERAGE WIND SPEED     7.0


SKY COVER
  POSSIBLE SUNSHINE  MM
  AVERAGE SKY COVER 0.0


WEATHER CONDITIONS
 THE FOLLOWING WEATHER WAS RECORDED YESTERDAY.
  NO SIGNIFICANT WEATHER WAS OBSERVED.


RELATIVE HUMIDITY (PERCENT)
 HIGHEST   100           900 AM
 LOWEST     50           400 PM
 AVERAGE    75

..........................................................


THE NORTH LITTLE ROCK CLIMATE NORMALS FOR TODAY
                         NORMAL    RECORD    YEAR
 MAXIMUM TEMPERATURE (F)   57        77      2000
 MINIMUM TEMPERATURE (F)   39        21      1989


SUNRISE AND SUNSET
FEBRUARY 24 2017......SUNRISE   644 AM CST   SUNSET   601 PM CST
FEBRUARY 25 2017......SUNRISE   643 AM CST   SUNSET   602 PM CST


-  INDICATES NEGATIVE NUMBERS.
R  INDICATES RECORD WAS SET OR TIED.
MM INDICATES DATA IS MISSING.
T  INDICATES TRACE AMOUNT.




$$
