000
CDUS44 KLZK 170634
CLILZK


CLIMATE REPORT
NATIONAL WEATHER SERVICE LITTLE ROCK AR
134 AM CDT THU AUG 17 2017


...................................

...THE NORTH LITTLE ROCK CLIMATE SUMMARY FOR AUGUST 16 2017...

CLIMATE NORMAL PERIOD 1981 TO 2010
CLIMATE RECORD PERIOD 1975 TO 2017


WEATHER ITEM   OBSERVED TIME   RECORD YEAR NORMAL DEPARTURE LAST
                VALUE   (LST)  VALUE       VALUE  FROM      YEAR
                                                  NORMAL
..................................................................
TEMPERATURE (F)
 YESTERDAY
  MAXIMUM         91    350 PM 106    2000  92     -1       76
  MINIMUM         76    610 AM  56    1992  72      4       71
  AVERAGE         84                        82      2       74

PRECIPITATION (IN)
  YESTERDAY        0.00          0.98 2016   0.09  -0.09     0.98
  MONTH TO DATE    2.32                      1.46   0.86     6.33
  SINCE JUN 1     14.05                      8.58   5.47    14.68
  SINCE JAN 1     40.04                     30.18   9.86    42.91

SNOWFALL (IN)
  YESTERDAY        0.0          MM      MM   0.0    0.0      0.0
  MONTH TO DATE    0.0                       0.0    0.0      0.0
  SINCE JUN 1      T                         0.0    0.0       T
  SINCE JUL 1      T                         0.0    0.0       T
  SNOW DEPTH       0

DEGREE DAYS
 HEATING
  YESTERDAY        0                         0      0        0
  MONTH TO DATE    0                         0      0        0
  SINCE JUN 1      0                         1     -1        0
  SINCE JUL 1      0                         0      0        0

 COOLING
  YESTERDAY       19                        17      2        9
  MONTH TO DATE  208                       286    -78      274
  SINCE JUN 1   1089                      1240   -151     1338
  SINCE JAN 1   1392                      1536   -144     1566
..................................................................


WIND (MPH)
  HIGHEST WIND SPEED    11   HIGHEST WIND DIRECTION    SW (220)
  HIGHEST GUST SPEED    19   HIGHEST GUST DIRECTION    SW (220)
  AVERAGE WIND SPEED     6.8


SKY COVER
  POSSIBLE SUNSHINE  MM
  AVERAGE SKY COVER 0.0


WEATHER CONDITIONS
 THE FOLLOWING WEATHER WAS RECORDED YESTERDAY.
  FOG


RELATIVE HUMIDITY (PERCENT)
 HIGHEST    91           900 AM
 LOWEST     59           400 PM
 AVERAGE    75

..........................................................


THE NORTH LITTLE ROCK CLIMATE NORMALS FOR TODAY
                         NORMAL    RECORD    YEAR
 MAXIMUM TEMPERATURE (F)   92       106      2000
 MINIMUM TEMPERATURE (F)   72        57      1992


SUNRISE AND SUNSET
AUGUST 17 2017........SUNRISE   631 AM CDT   SUNSET   754 PM CDT
AUGUST 18 2017........SUNRISE   632 AM CDT   SUNSET   753 PM CDT


-  INDICATES NEGATIVE NUMBERS.
R  INDICATES RECORD WAS SET OR TIED.
MM INDICATES DATA IS MISSING.
T  INDICATES TRACE AMOUNT.




$$
