000
CDUS44 KLZK 270910
CLILZK


CLIMATE REPORT
NATIONAL WEATHER SERVICE LITTLE ROCK AR
409 AM CDT FRI MAR 27 2015


...................................

...THE NORTH LITTLE ROCK CLIMATE SUMMARY FOR MARCH 26 2015...

CLIMATE NORMAL PERIOD 1981 TO 2010
CLIMATE RECORD PERIOD 1975 TO 2015


WEATHER ITEM   OBSERVED TIME   RECORD YEAR NORMAL DEPARTURE LAST
                VALUE   (LST)  VALUE       VALUE  FROM      YEAR
                                                  NORMAL
..................................................................
TEMPERATURE (F)
 YESTERDAY
  MAXIMUM         67        MM  83    1991  67      0       59
  MINIMUM         45        MM  29    2013  47     -2       32
  AVERAGE         56                        57     -1       46

PRECIPITATION (IN)
  YESTERDAY        0.29          1.50 1995   0.15   0.14     0.03
  MONTH TO DATE    8.65                      3.98   4.67     3.76
  SINCE MAR 1      8.65                      3.98   4.67     3.76
  SINCE JAN 1     14.83                     11.06   3.77     9.08

SNOWFALL (IN)
  YESTERDAY        0.0          MM      MM   0.0    0.0      0.0
  MONTH TO DATE    6.4                       0.4    6.0      1.6
  SINCE MAR 1      6.4                       0.4    6.0      1.6
  SINCE JUL 1     10.6                       4.4    6.2      5.2
  SNOW DEPTH       0

DEGREE DAYS
 HEATING
  YESTERDAY        9                         9      0       19
  MONTH TO DATE  355                       320     35      449
  SINCE MAR 1    355                       320     35      449
  SINCE JUL 1   3152                      2806    346     3276

 COOLING
  YESTERDAY        0                         1     -1        0
  MONTH TO DATE    8                        11     -3        0
  SINCE MAR 1      8                        11     -3        0
  SINCE JAN 1      8                        13     -5        0
..................................................................


WIND (MPH)
  HIGHEST WIND SPEED    MM   HIGHEST WIND DIRECTION    MM
  HIGHEST GUST SPEED    MM   HIGHEST GUST DIRECTION    MM
  AVERAGE WIND SPEED    MM


SKY COVER
  POSSIBLE SUNSHINE  MM
  AVERAGE SKY COVER  MM


WEATHER CONDITIONS
 THE FOLLOWING WEATHER WAS RECORDED YESTERDAY.
  THUNDERSTORM
  HEAVY RAIN
  RAIN
  LIGHT RAIN


RELATIVE HUMIDITY (PERCENT)
 HIGHEST    MM
 LOWEST     MM
 AVERAGE    MM

..........................................................


THE NORTH LITTLE ROCK CLIMATE NORMALS FOR TODAY
                         NORMAL    RECORD    YEAR
 MAXIMUM TEMPERATURE (F)   67        83      2012
 MINIMUM TEMPERATURE (F)   47        34      1996


SUNRISE AND SUNSET
MARCH 27 2015.........SUNRISE   703 AM CDT   SUNSET   726 PM CDT
MARCH 28 2015.........SUNRISE   702 AM CDT   SUNSET   727 PM CDT


-  INDICATES NEGATIVE NUMBERS.
R  INDICATES RECORD WAS SET OR TIED.
MM INDICATES DATA IS MISSING.
T  INDICATES TRACE AMOUNT.




$$
