000
CDUS44 KLZK 240633
CLILZK


CLIMATE REPORT
NATIONAL WEATHER SERVICE LITTLE ROCK AR
133 AM CDT TUE OCT 24 2017


...................................

...THE NORTH LITTLE ROCK CLIMATE SUMMARY FOR OCTOBER 23 2017...

CLIMATE NORMAL PERIOD 1981 TO 2010
CLIMATE RECORD PERIOD 1975 TO 2017


WEATHER ITEM   OBSERVED TIME   RECORD YEAR NORMAL DEPARTURE LAST
                VALUE   (LST)  VALUE       VALUE  FROM      YEAR
                                                  NORMAL
..................................................................
TEMPERATURE (F)
 YESTERDAY
  MAXIMUM         75        MM  92    2003  71      4       74
  MINIMUM         48        MM  35    1982  52     -4       51
                                      1981
  AVERAGE         62                        62      0       63

PRECIPITATION (IN)
  YESTERDAY        0.00          2.10 1986   0.17  -0.17     0.00
  MONTH TO DATE    1.18                      3.49  -2.31     1.69
  SINCE SEP 1      1.46                      6.80  -5.34     2.62
  SINCE JAN 1     44.05                     38.32   5.73    46.81

SNOWFALL (IN)
  YESTERDAY        0.0          MM      MM   0.0    0.0      0.0
  MONTH TO DATE    0.0                       0.0    0.0      0.0
  SINCE SEP 1      0.0                       0.0    0.0      0.0
  SINCE JUL 1      T                         0.0    0.0       T
  SNOW DEPTH       0

DEGREE DAYS
 HEATING
  YESTERDAY        3                         5     -2        2
  MONTH TO DATE   24                        71    -47       25
  SINCE SEP 1     25                        84    -59       25
  SINCE JUL 1     25                        84    -59       25

 COOLING
  YESTERDAY        0                         2     -2        0
  MONTH TO DATE  133                        71     62      127
  SINCE SEP 1    457                       368     89      503
  SINCE JAN 1   2054                      2145    -91     2298
..................................................................


WIND (MPH)
  HIGHEST WIND SPEED     8   HIGHEST WIND DIRECTION     W (250)
  HIGHEST GUST SPEED    16   HIGHEST GUST DIRECTION     W (250)
  AVERAGE WIND SPEED     3.8


SKY COVER
  POSSIBLE SUNSHINE  MM
  AVERAGE SKY COVER 0.0


WEATHER CONDITIONS
 THE FOLLOWING WEATHER WAS RECORDED YESTERDAY.
  NO SIGNIFICANT WEATHER WAS OBSERVED.


RELATIVE HUMIDITY (PERCENT)
 HIGHEST    86           100 AM
 LOWEST     33           300 PM
 AVERAGE    60

..........................................................


THE NORTH LITTLE ROCK CLIMATE NORMALS FOR TODAY
                         NORMAL    RECORD    YEAR
 MAXIMUM TEMPERATURE (F)   71        90      2003
 MINIMUM TEMPERATURE (F)   52        30      1981


SUNRISE AND SUNSET
OCTOBER 24 2017.......SUNRISE   723 AM CDT   SUNSET   623 PM CDT
OCTOBER 25 2017.......SUNRISE   724 AM CDT   SUNSET   622 PM CDT


-  INDICATES NEGATIVE NUMBERS.
R  INDICATES RECORD WAS SET OR TIED.
MM INDICATES DATA IS MISSING.
T  INDICATES TRACE AMOUNT.




$$
