059
CDUS44 KLZK 260724
CLILZK


CLIMATE REPORT
NATIONAL WEATHER SERVICE LITTLE ROCK AR
223 AM CDT MON SEP 26 2016


...................................

...THE NORTH LITTLE ROCK CLIMATE SUMMARY FOR SEPTEMBER 25 2016...

CLIMATE NORMAL PERIOD 1981 TO 2010
CLIMATE RECORD PERIOD 1975 TO 2016


WEATHER ITEM   OBSERVED TIME   RECORD YEAR NORMAL DEPARTURE LAST
                VALUE   (LST)  VALUE       VALUE  FROM      YEAR
                                                  NORMAL
..................................................................
TEMPERATURE (F)
 YESTERDAY
  MAXIMUM         91        MM  92    1998  81     10       88
  MINIMUM         73        MM  48    2001  61     12       65
  AVERAGE         82                        71     11       77

PRECIPITATION (IN)
  YESTERDAY        0.00          0.89 2005   0.12  -0.12     0.00
                                      1980
  MONTH TO DATE    0.92                      2.72  -1.80     2.92
  SINCE SEP 1      0.92                      2.72  -1.80     2.92
  SINCE JAN 1     45.11                     34.24  10.87    41.22

SNOWFALL (IN)
  YESTERDAY        0.0          MM      MM   0.0    0.0      0.0
  MONTH TO DATE    0.0                       0.0    0.0      0.0
  SINCE SEP 1      0.0                       0.0    0.0      0.0
  SINCE JUL 1      T                         0.0    0.0      0.0
  SNOW DEPTH       0

DEGREE DAYS
 HEATING
  YESTERDAY        0                         1     -1        0
  MONTH TO DATE    0                         7     -7        0
  SINCE SEP 1      0                         7     -7        0
  SINCE JUL 1      0                         7     -7        0

 COOLING
  YESTERDAY       17                         7     10       12
  MONTH TO DATE  358                       267     91      311
  SINCE SEP 1    358                       267     91      311
  SINCE JAN 1   2153                      2044    109     2161
..................................................................


WIND (MPH)
  HIGHEST WIND SPEED     4   HIGHEST WIND DIRECTION     W (250)
  HIGHEST GUST SPEED    MM   HIGHEST GUST DIRECTION    MM
  AVERAGE WIND SPEED     0.2


SKY COVER
  POSSIBLE SUNSHINE  MM
  AVERAGE SKY COVER 0.0


WEATHER CONDITIONS
 THE FOLLOWING WEATHER WAS RECORDED YESTERDAY.
  NO SIGNIFICANT WEATHER WAS OBSERVED.


RELATIVE HUMIDITY (PERCENT)
 HIGHEST    87           700 AM
 LOWEST     50           100 PM
 AVERAGE    69

..........................................................


THE NORTH LITTLE ROCK CLIMATE NORMALS FOR TODAY
                         NORMAL    RECORD    YEAR
 MAXIMUM TEMPERATURE (F)   80        91      2005
                                             1998
 MINIMUM TEMPERATURE (F)   61        46      2000


SUNRISE AND SUNSET
SEPTEMBER 26 2016.....SUNRISE   700 AM CDT   SUNSET   659 PM CDT
SEPTEMBER 27 2016.....SUNRISE   701 AM CDT   SUNSET   658 PM CDT


-  INDICATES NEGATIVE NUMBERS.
R  INDICATES RECORD WAS SET OR TIED.
MM INDICATES DATA IS MISSING.
T  INDICATES TRACE AMOUNT.




$$
