000
CDUS46 KHNX 060021
CLIMAE


CLIMATE REPORT
NATIONAL WEATHER SERVICE SAN JOAQUIN VALLEY, CA
421 PM PST THU MAR 5 2015


...................................

...THE MADERA CA CLIMATE SUMMARY FOR MARCH 5 2015...
VALID AS OF 0400 PM LOCAL TIME.

CLIMATE NORMAL PERIOD 1981 TO 2010
CLIMATE RECORD PERIOD 1998 TO 2015


WEATHER ITEM   OBSERVED TIME   RECORD YEAR NORMAL DEPARTURE LAST
                VALUE   (LST)  VALUE       VALUE  FROM      YEAR
                                                  NORMAL
..................................................................
TEMPERATURE (F)
 TODAY
  MAXIMUM         72    359 PM  78    2012  65      7       73
  MINIMUM         34    452 AM  32    1999  42     -8       50
  AVERAGE         53                        53      0       62

PRECIPITATION (IN)
  TODAY            0.00          0.86 2000   0.08  -0.08     0.00
  MONTH TO DATE    0.01                      0.47  -0.46     0.06
  SINCE OCT 1      4.26                      8.78  -4.52     3.14
  SINCE JAN 1      0.58                      5.05  -4.47     2.45

SNOWFALL (IN)
  TODAY            0.0
  MONTH TO DATE    0.0
  SINCE MAR 1      0.0
  SINCE JUL 1      0.0
  SNOW DEPTH       0

DEGREE DAYS
 HEATING
  TODAY           12                                         3
  MONTH TO DATE   66                                        32
  SINCE MAR 1     66                                        32
  SINCE JUL 1   1516                                      1859

 COOLING
  TODAY            0                                         0
  MONTH TO DATE    0                                         0
  SINCE MAR 1      0                                         0
  SINCE JAN 1      2                                         0
..................................................................


WIND (MPH)
  HIGHEST WIND SPEED    10   HIGHEST WIND DIRECTION    NW (300)
  HIGHEST GUST SPEED    14   HIGHEST GUST DIRECTION    NW (330)
  AVERAGE WIND SPEED     2.4




RELATIVE HUMIDITY (PERCENT)
 HIGHEST    89
 LOWEST     27
 AVERAGE    58

..........................................................


THE MADERA CA CLIMATE NORMALS FOR TOMORROW
                         NORMAL    RECORD    YEAR
 MAXIMUM TEMPERATURE (F)   65        77      2007
 MINIMUM TEMPERATURE (F)   42        38      2008


SUNRISE AND SUNSET
MARCH  5 2015.........SUNRISE   626 AM PST   SUNSET   558 PM PST
MARCH  6 2015.........SUNRISE   625 AM PST   SUNSET   559 PM PST


-  INDICATES NEGATIVE NUMBERS.
R  INDICATES RECORD WAS SET OR TIED.
MM INDICATES DATA IS MISSING.
T  INDICATES TRACE AMOUNT.




$$
