000
CDUS46 KHNX 250021
CLIMAE


CLIMATE REPORT
NATIONAL WEATHER SERVICE SAN JOAQUIN VALLEY, CA
520 PM PDT FRI OCT 24 2014


...................................

...THE MADERA CA CLIMATE SUMMARY FOR OCTOBER 24 2014...
VALID AS OF 0500 PM LOCAL TIME.

CLIMATE NORMAL PERIOD 1981 TO 2010
CLIMATE RECORD PERIOD 1998 TO 2014


WEATHER ITEM   OBSERVED TIME   RECORD YEAR NORMAL DEPARTURE LAST
                VALUE   (LST)  VALUE       VALUE  FROM      YEAR
                                                  NORMAL
..................................................................
TEMPERATURE (F)
 TODAY
  MAXIMUM         86    344 PM  91    2007  76     10       81
  MINIMUM         47    643 AM  41    2012  47      0       44
                                      2002
  AVERAGE         67                        61      6       63

PRECIPITATION (IN)
  TODAY            0.00          0.28 2004   0.04  -0.04     0.00
  MONTH TO DATE    T                         0.49  -0.49      T
  SINCE JUL 1      0.03                      0.78  -0.75     0.28
  SINCE JAN 1      3.64                      8.78  -5.14     3.80

SNOWFALL (IN)
  TODAY            0.0
  MONTH TO DATE    0.0
  SINCE SEP 1      0.0
  SINCE JUL 1      0.0
  SNOW DEPTH       0

DEGREE DAYS
 HEATING
  TODAY            0                                         2
  MONTH TO DATE   12                                        51
  SINCE SEP 1     12                                        60
  SINCE JUL 1     12                                        60

 COOLING
  TODAY            2                                         0
  MONTH TO DATE  121                                         9
  SINCE SEP 1    465                                       246
  SINCE JAN 1   2951                                      1688
..................................................................


WIND (MPH)
  HIGHEST WIND SPEED    13   HIGHEST WIND DIRECTION    SE (130)
  HIGHEST GUST SPEED    15   HIGHEST GUST DIRECTION    SE (130)
  AVERAGE WIND SPEED     5.2




RELATIVE HUMIDITY (PERCENT)
 HIGHEST    86
 LOWEST     19
 AVERAGE    53

..........................................................


THE MADERA CA CLIMATE NORMALS FOR TOMORROW
                         NORMAL    RECORD    YEAR
 MAXIMUM TEMPERATURE (F)   75        85      2008
 MINIMUM TEMPERATURE (F)   47        43      2002


SUNRISE AND SUNSET
OCTOBER 24 2014.......SUNRISE   717 AM PDT   SUNSET   612 PM PDT
OCTOBER 25 2014.......SUNRISE   718 AM PDT   SUNSET   611 PM PDT


-  INDICATES NEGATIVE NUMBERS.
R  INDICATES RECORD WAS SET OR TIED.
MM INDICATES DATA IS MISSING.
T  INDICATES TRACE AMOUNT.




$$
