000
CDUS46 KHNX 290824
CLIMAE


CLIMATE REPORT
NATIONAL WEATHER SERVICE SAN JOAQUIN VALLEY, CA
123 AM PDT SAT APR 29 2017


...................................

...THE MADERA CA AIRPORT CLIMATE SUMMARY FOR APRIL 28 2017...

CLIMATE NORMAL PERIOD 1981 TO 2010
CLIMATE RECORD PERIOD 1998 TO 2017


WEATHER ITEM   OBSERVED TIME   RECORD YEAR NORMAL DEPARTURE
                VALUE   (LST)  VALUE       VALUE  FROM
                                                  NORMAL
...............................................................
TEMPERATURE (F)
 YESTERDAY
  MAXIMUM         79    215 PM  97    2007  79      0
  MINIMUM         49   1146 PM  38    1999  47      2
  AVERAGE         64                        63      1

PRECIPITATION (IN)
  YESTERDAY        0.00          0.23 2003   0.02  -0.02
  MONTH TO DATE    0.47                      0.90  -0.43
  SINCE OCT 1     14.17                     11.01   3.16
  SINCE JAN 1     10.10                      7.28   2.82

SNOWFALL (IN)
  YESTERDAY        0.0
  MONTH TO DATE    0.0
  SINCE MAR 1      0.0
  SINCE JUL 1      0.0
  SNOW DEPTH       0

DEGREE DAYS
 HEATING
  YESTERDAY        1
  MONTH TO DATE  118
  SINCE MAR 1    360
  SINCE JUL 1   2039

 COOLING
  YESTERDAY        0
  MONTH TO DATE    3
  SINCE MAR 1      9
  SINCE JAN 1      9
...............................................................


WIND (MPH)
  HIGHEST WIND SPEED    33   HIGHEST WIND DIRECTION    NW (330)
  HIGHEST GUST SPEED    41   HIGHEST GUST DIRECTION    NW (330)
  AVERAGE WIND SPEED    16.4




RELATIVE HUMIDITY (PERCENT)
 HIGHEST    77
 LOWEST     11
 AVERAGE    44

..........................................................


THE MADERA CA AIRPORT CLIMATE NORMALS FOR TODAY
                         NORMAL    RECORD    YEAR
 MAXIMUM TEMPERATURE (F)   79        94      2007
 MINIMUM TEMPERATURE (F)   48        39      1999


SUNRISE AND SUNSET
APRIL 29 2017.........SUNRISE   608 AM PDT   SUNSET   748 PM PDT
APRIL 30 2017.........SUNRISE   607 AM PDT   SUNSET   749 PM PDT


-  INDICATES NEGATIVE NUMBERS.
R  INDICATES RECORD WAS SET OR TIED.
MM INDICATES DATA IS MISSING.
T  INDICATES TRACE AMOUNT.




$$
