000
CDUS46 KHNX 250824
CLIMAE


CLIMATE REPORT
NATIONAL WEATHER SERVICE SAN JOAQUIN VALLEY, CA
123 AM PDT SAT MAR 25 2017


...................................

...THE MADERA CA AIRPORT CLIMATE SUMMARY FOR MARCH 24 2017...

CLIMATE NORMAL PERIOD 1981 TO 2010
CLIMATE RECORD PERIOD 1998 TO 2017


WEATHER ITEM   OBSERVED TIME   RECORD YEAR NORMAL DEPARTURE
                VALUE   (LST)  VALUE       VALUE  FROM
                                                  NORMAL
...............................................................
TEMPERATURE (F)
 YESTERDAY
  MAXIMUM         60    137 PM  82    2007  67     -7
  MINIMUM         47   1238 AM  36    2009  42      5
  AVERAGE         54                        55     -1

PRECIPITATION (IN)
  YESTERDAY        0.06          0.42 2011   0.04   0.02
  MONTH TO DATE    0.38                      1.49  -1.11
  SINCE OCT 1     13.47                      9.80   3.67
  SINCE JAN 1      9.40                      6.07   3.33

SNOWFALL (IN)
  YESTERDAY        0.0
  MONTH TO DATE    0.0
  SINCE MAR 1      0.0
  SINCE JUL 1      0.0
  SNOW DEPTH       0

DEGREE DAYS
 HEATING
  YESTERDAY       11
  MONTH TO DATE  186
  SINCE MAR 1    186
  SINCE JUL 1   1865

 COOLING
  YESTERDAY        0
  MONTH TO DATE    6
  SINCE MAR 1      6
  SINCE JAN 1      6
...............................................................


WIND (MPH)
  HIGHEST WIND SPEED    16   HIGHEST WIND DIRECTION     E (100)
  HIGHEST GUST SPEED    19   HIGHEST GUST DIRECTION    SE (120)
  AVERAGE WIND SPEED     8.5




RELATIVE HUMIDITY (PERCENT)
 HIGHEST    93
 LOWEST     62
 AVERAGE    78

..........................................................


THE MADERA CA AIRPORT CLIMATE NORMALS FOR TODAY
                         NORMAL    RECORD    YEAR
 MAXIMUM TEMPERATURE (F)   68        77      2013
 MINIMUM TEMPERATURE (F)   42        35      2002


SUNRISE AND SUNSET
MARCH 25 2017.........SUNRISE   656 AM PDT   SUNSET   717 PM PDT
MARCH 26 2017.........SUNRISE   655 AM PDT   SUNSET   718 PM PDT


-  INDICATES NEGATIVE NUMBERS.
R  INDICATES RECORD WAS SET OR TIED.
MM INDICATES DATA IS MISSING.
T  INDICATES TRACE AMOUNT.




$$
