000
CDUS46 KHNX 270823
CLIMAE


CLIMATE REPORT
NATIONAL WEATHER SERVICE SAN JOAQUIN VALLEY, CA
122 AM PDT SAT AUG 27 2016


...................................

...THE MADERA CA AIRPORT CLIMATE SUMMARY FOR AUGUST 26 2016...

CLIMATE NORMAL PERIOD 1981 TO 2010
CLIMATE RECORD PERIOD 1998 TO 2016


WEATHER ITEM   OBSERVED TIME   RECORD YEAR NORMAL DEPARTURE
                VALUE   (LST)  VALUE       VALUE  FROM
                                                  NORMAL
...............................................................
TEMPERATURE (F)
 YESTERDAY
  MAXIMUM         90    418 PM 102    2015  94     -4
  MINIMUM         57    554 AM  54    2002  59     -2
  AVERAGE         74                        76     -2

PRECIPITATION (IN)
  YESTERDAY        0.00          T    1999   0.00   0.00
  MONTH TO DATE    0.00                      0.01  -0.01
  SINCE OCT 1     12.96                     11.76   1.20
  SINCE JAN 1      8.40                      8.03   0.37

SNOWFALL (IN)
  YESTERDAY        0.0
  MONTH TO DATE    0.0
  SINCE JUN 1      0.0
  SINCE JUL 1      0.0
  SNOW DEPTH       0

DEGREE DAYS
 HEATING
  YESTERDAY        0
  MONTH TO DATE    0
  SINCE JUN 1      1
  SINCE JUL 1      0

 COOLING
  YESTERDAY        9
  MONTH TO DATE  383
  SINCE JUN 1   1244
  SINCE JAN 1   1437
...............................................................


WIND (MPH)
  HIGHEST WIND SPEED    12   HIGHEST WIND DIRECTION    NW (300)
  HIGHEST GUST SPEED    14   HIGHEST GUST DIRECTION    NW (300)
  AVERAGE WIND SPEED     7.3




RELATIVE HUMIDITY (PERCENT)
 HIGHEST    80
 LOWEST     21
 AVERAGE    51

..........................................................


THE MADERA CA AIRPORT CLIMATE NORMALS FOR TODAY
                         NORMAL    RECORD    YEAR
 MAXIMUM TEMPERATURE (F)   93       104      2015
 MINIMUM TEMPERATURE (F)   59        52      2012


SUNRISE AND SUNSET
AUGUST 27 2016........SUNRISE   628 AM PDT   SUNSET   735 PM PDT
AUGUST 28 2016........SUNRISE   629 AM PDT   SUNSET   734 PM PDT


-  INDICATES NEGATIVE NUMBERS.
R  INDICATES RECORD WAS SET OR TIED.
MM INDICATES DATA IS MISSING.
T  INDICATES TRACE AMOUNT.




$$
