000
CDUS46 KHNX 270824
CLIMAE


CLIMATE REPORT
NATIONAL WEATHER SERVICE SAN JOAQUIN VALLEY, CA
124 AM PDT TUE JUN 27 2017


...................................

...THE MADERA CA AIRPORT CLIMATE SUMMARY FOR JUNE 26 2017...

CLIMATE NORMAL PERIOD 1981 TO 2010
CLIMATE RECORD PERIOD 1998 TO 2017


WEATHER ITEM   OBSERVED TIME   RECORD YEAR NORMAL DEPARTURE
                VALUE   (LST)  VALUE       VALUE  FROM
                                                  NORMAL
...............................................................
TEMPERATURE (F)
 YESTERDAY
  MAXIMUM         96        MM 106    2015  94      2
  MINIMUM         62        MM  54    2012  60      2
                                      1999
  AVERAGE         79                        77      2

PRECIPITATION (IN)
  YESTERDAY        0.00          T    2014   0.00   0.00
  MONTH TO DATE    0.00                      0.18  -0.18
  SINCE OCT 1     14.18                     11.72   2.46
  SINCE JAN 1     10.11                      7.99   2.12

SNOWFALL (IN)
  YESTERDAY        0.0
  MONTH TO DATE    0.0
  SINCE JUN 1      0.0
  SINCE JUL 1      0.0
  SNOW DEPTH       0

DEGREE DAYS
 HEATING
  YESTERDAY        0
  MONTH TO DATE    6
  SINCE JUN 1      6
  SINCE JUL 1   2074

 COOLING
  YESTERDAY       14
  MONTH TO DATE  344
  SINCE JUN 1    344
  SINCE JAN 1    529
...............................................................


WIND (MPH)
  HIGHEST WIND SPEED    14   HIGHEST WIND DIRECTION    NW (320)
  HIGHEST GUST SPEED    MM   HIGHEST GUST DIRECTION    MM
  AVERAGE WIND SPEED     8.4




RELATIVE HUMIDITY (PERCENT)
 HIGHEST    72
 LOWEST     22
 AVERAGE    47

..........................................................


THE MADERA CA AIRPORT CLIMATE NORMALS FOR TODAY
                         NORMAL    RECORD    YEAR
 MAXIMUM TEMPERATURE (F)   94       105      2003
 MINIMUM TEMPERATURE (F)   60        51      2012


SUNRISE AND SUNSET
JUNE 27 2017..........SUNRISE   543 AM PDT   SUNSET   824 PM PDT
JUNE 28 2017..........SUNRISE   543 AM PDT   SUNSET   824 PM PDT


-  INDICATES NEGATIVE NUMBERS.
R  INDICATES RECORD WAS SET OR TIED.
MM INDICATES DATA IS MISSING.
T  INDICATES TRACE AMOUNT.




$$
