000
CDUS46 KHNX 050822
CLIMAE


CLIMATE REPORT
NATIONAL WEATHER SERVICE SAN JOAQUIN VALLEY, CA
121 AM PDT SUN JUL 5 2015


...................................

...THE MADERA CA AIRPORT CLIMATE SUMMARY FOR JULY 4 2015...

CLIMATE NORMAL PERIOD 1981 TO 2010
CLIMATE RECORD PERIOD 1998 TO 2015


WEATHER ITEM   OBSERVED TIME   RECORD YEAR NORMAL DEPARTURE
                VALUE   (LST)  VALUE       VALUE  FROM
                                                  NORMAL
...............................................................
TEMPERATURE (F)
 YESTERDAY
  MAXIMUM        103    441 PM 105    2013  96      7
  MINIMUM         69    530 AM  51    2000  61      8
  AVERAGE         86                        78      8

PRECIPITATION (IN)
  YESTERDAY        0.00          T    2001   0.00   0.00
  MONTH TO DATE    T                         0.00   0.00
  SINCE OCT 1      5.71                     11.73  -6.02
  SINCE JAN 1      2.03                      8.00  -5.97

SNOWFALL (IN)
  YESTERDAY        0.0
  MONTH TO DATE    0.0
  SINCE JUN 1      0.0
  SINCE JUL 1      0.0
  SNOW DEPTH       0

DEGREE DAYS
 HEATING
  YESTERDAY        0
  MONTH TO DATE    0
  SINCE JUN 1      0
  SINCE JUL 1      0

 COOLING
  YESTERDAY       21
  MONTH TO DATE   84
  SINCE JUN 1    513
  SINCE JAN 1    694
...............................................................


WIND (MPH)
  HIGHEST WIND SPEED    13   HIGHEST WIND DIRECTION    NW (300)
  HIGHEST GUST SPEED    16   HIGHEST GUST DIRECTION    NW (330)
  AVERAGE WIND SPEED     8.9




RELATIVE HUMIDITY (PERCENT)
 HIGHEST    61
 LOWEST     23
 AVERAGE    42

..........................................................


THE MADERA CA AIRPORT CLIMATE NORMALS FOR TODAY
                         NORMAL    RECORD    YEAR
 MAXIMUM TEMPERATURE (F)   96       109      2007
 MINIMUM TEMPERATURE (F)   61        55      2000


SUNRISE AND SUNSET
JULY  5 2015..........SUNRISE   547 AM PDT   SUNSET   823 PM PDT
JULY  6 2015..........SUNRISE   547 AM PDT   SUNSET   823 PM PDT


-  INDICATES NEGATIVE NUMBERS.
R  INDICATES RECORD WAS SET OR TIED.
MM INDICATES DATA IS MISSING.
T  INDICATES TRACE AMOUNT.




$$
