000
CDUS46 KHNX 130823
CLIMAE


CLIMATE REPORT
NATIONAL WEATHER SERVICE SAN JOAQUIN VALLEY, CA
1222 AM PST WED DEC 13 2017


...................................

...THE MADERA CA AIRPORT CLIMATE SUMMARY FOR DECEMBER 12 2017...

CLIMATE NORMAL PERIOD 1981 TO 2010
CLIMATE RECORD PERIOD 1998 TO 2017


WEATHER ITEM   OBSERVED TIME   RECORD YEAR NORMAL DEPARTURE
                VALUE   (LST)  VALUE       VALUE  FROM
                                                  NORMAL
...............................................................
TEMPERATURE (F)
 YESTERDAY
  MAXIMUM         63R       MM  59    2016  55      8
                                      1999
  MINIMUM         32        MM  24    2013  36     -4
  AVERAGE         48                        46      2

PRECIPITATION (IN)
  YESTERDAY        0.00          1.32 2014   0.05  -0.05
  MONTH TO DATE    T                         0.47  -0.47
  SINCE OCT 1      0.32                      2.50  -2.18
  SINCE JAN 1     10.51                     10.79  -0.28

SNOWFALL (IN)
  YESTERDAY        0.0
  MONTH TO DATE    0.0
  SINCE DEC 1      0.0
  SINCE JUL 1      0.0
  SNOW DEPTH       0

DEGREE DAYS
 HEATING
  YESTERDAY       17
  MONTH TO DATE  212
  SINCE DEC 1    212
  SINCE JUL 1    539

 COOLING
  YESTERDAY        0
  MONTH TO DATE    0
  SINCE DEC 1      0
  SINCE JAN 1   2026
...............................................................


WIND (MPH)
  HIGHEST WIND SPEED     5   HIGHEST WIND DIRECTION    NW (310)
  HIGHEST GUST SPEED    MM   HIGHEST GUST DIRECTION    MM
  AVERAGE WIND SPEED     2.3




RELATIVE HUMIDITY (PERCENT)
 HIGHEST    92
 LOWEST     39
 AVERAGE    66

..........................................................


THE MADERA CA AIRPORT CLIMATE NORMALS FOR TODAY
                         NORMAL    RECORD    YEAR
 MAXIMUM TEMPERATURE (F)   55        65      2016
 MINIMUM TEMPERATURE (F)   36        26      2013


SUNRISE AND SUNSET
DECEMBER 13 2017......SUNRISE   705 AM PST   SUNSET   444 PM PST
DECEMBER 14 2017......SUNRISE   706 AM PST   SUNSET   445 PM PST


-  INDICATES NEGATIVE NUMBERS.
R  INDICATES RECORD WAS SET OR TIED.
MM INDICATES DATA IS MISSING.
T  INDICATES TRACE AMOUNT.




$$
