537
CDUS46 KHNX 190024
CLIMAE


CLIMATE REPORT
NATIONAL WEATHER SERVICE SAN JOAQUIN VALLEY, CA
424 PM PST SUN FEB 18 2018


...................................

...THE MADERA CA CLIMATE SUMMARY FOR FEBRUARY 18 2018...
VALID AS OF 0400 PM LOCAL TIME.

CLIMATE NORMAL PERIOD 1981 TO 2010
CLIMATE RECORD PERIOD 1998 TO 2018


WEATHER ITEM   OBSERVED TIME   RECORD YEAR NORMAL DEPARTURE LAST
                VALUE   (LST)  VALUE       VALUE  FROM      YEAR
                                                  NORMAL
..................................................................
TEMPERATURE (F)
 TODAY
  MAXIMUM         65    357 PM  MM      MM  62      3       65
  MINIMUM         39    636 AM  MM      MM  41     -2       49
  AVERAGE         52                        51      1       57

PRECIPITATION (IN)
  TODAY            0.00         MM      MM   0.08  -0.08     0.00
  MONTH TO DATE    0.00                      1.26  -1.26     3.20
  SINCE OCT 1      1.55                      7.44  -5.89    12.44
  SINCE JAN 1      1.14                      3.71  -2.57     8.37

SNOWFALL (IN)
  TODAY            0.0
  MONTH TO DATE    0.0
  SINCE DEC 1      0.0
  SINCE JUL 1      0.0
  SNOW DEPTH       0

DEGREE DAYS
 HEATING
  TODAY           13                                         8
  MONTH TO DATE  177                                       153
  SINCE DEC 1   1165                                      1216
  SINCE JUL 1   1492                                      1524

 COOLING
  TODAY            0                                         0
  MONTH TO DATE    0                                         0
  SINCE DEC 1      0                                         0
  SINCE JAN 1      0                                         0
..................................................................


WIND (MPH)
  HIGHEST WIND SPEED    20   HIGHEST WIND DIRECTION    NW (330)
  HIGHEST GUST SPEED    30   HIGHEST GUST DIRECTION    NW (330)
  AVERAGE WIND SPEED     7.4




RELATIVE HUMIDITY (PERCENT)
 HIGHEST    79
 LOWEST     37
 AVERAGE    58

..........................................................


THE MADERA CA CLIMATE NORMALS FOR TOMORROW
                         NORMAL    RECORD    YEAR
 MAXIMUM TEMPERATURE (F)   62        68      2015
                                             2014
 MINIMUM TEMPERATURE (F)   41        35      2009
                                             2006


SUNRISE AND SUNSET
FEBRUARY 18 2018......SUNRISE   645 AM PST   SUNSET   544 PM PST
FEBRUARY 19 2018......SUNRISE   644 AM PST   SUNSET   545 PM PST


-  INDICATES NEGATIVE NUMBERS.
R  INDICATES RECORD WAS SET OR TIED.
MM INDICATES DATA IS MISSING.
T  INDICATES TRACE AMOUNT.




$$
