000
CDUS46 KHNX 030822
CLIMAE


CLIMATE REPORT
NATIONAL WEATHER SERVICE SAN JOAQUIN VALLEY, CA
122 AM PDT TUE MAY 3 2016


...................................

...THE MADERA CA AIRPORT CLIMATE SUMMARY FOR MAY 2 2016...

CLIMATE NORMAL PERIOD 1981 TO 2010
CLIMATE RECORD PERIOD 1998 TO 2016


WEATHER ITEM   OBSERVED TIME   RECORD YEAR NORMAL DEPARTURE
                VALUE   (LST)  VALUE       VALUE  FROM
                                                  NORMAL
...............................................................
TEMPERATURE (F)
 YESTERDAY
  MAXIMUM         88    426 PM  95    2014  80      8
                                      2004
  MINIMUM         51    419 AM  45    2012  48      3
                                      1999
  AVERAGE         70                        64      6

PRECIPITATION (IN)
  YESTERDAY        0.00          0.21 2003   0.02  -0.02
  MONTH TO DATE    T                         0.05  -0.05
  SINCE OCT 1     12.96                     11.11   1.85
  SINCE JAN 1      8.40                      7.38   1.02

SNOWFALL (IN)
  YESTERDAY        0.0
  MONTH TO DATE    0.0
  SINCE MAR 1      0.0
  SINCE JUL 1      0.0
  SNOW DEPTH       0

DEGREE DAYS
 HEATING
  YESTERDAY        0
  MONTH TO DATE    0
  SINCE MAR 1    309
  SINCE JUL 1   2053

 COOLING
  YESTERDAY        5
  MONTH TO DATE   10
  SINCE MAR 1     42
  SINCE JAN 1     42
...............................................................


WIND (MPH)
  HIGHEST WIND SPEED    10   HIGHEST WIND DIRECTION     W (270)
  HIGHEST GUST SPEED    14   HIGHEST GUST DIRECTION     W (270)
  AVERAGE WIND SPEED     4.7




RELATIVE HUMIDITY (PERCENT)
 HIGHEST    86
 LOWEST     18
 AVERAGE    52

..........................................................


THE MADERA CA AIRPORT CLIMATE NORMALS FOR TODAY
                         NORMAL    RECORD    YEAR
 MAXIMUM TEMPERATURE (F)   80        98      2004
 MINIMUM TEMPERATURE (F)   48        42      2007


SUNRISE AND SUNSET
MAY  3 2016...........SUNRISE   603 AM PDT   SUNSET   752 PM PDT
MAY  4 2016...........SUNRISE   602 AM PDT   SUNSET   753 PM PDT


-  INDICATES NEGATIVE NUMBERS.
R  INDICATES RECORD WAS SET OR TIED.
MM INDICATES DATA IS MISSING.
T  INDICATES TRACE AMOUNT.




$$
