000
CDUS44 KMAF 210114
CLIMAF


CLIMATE REPORT
NATIONAL WEATHER SERVICE MIDLAND/ODESSA TX
813 PM CDT WED AUG 20 2014


...................................

...THE MIDLAND CLIMATE SUMMARY FOR AUGUST 20 2014...
VALID TODAY AS OF 0500 PM LOCAL TIME.

CLIMATE NORMAL PERIOD 1981 TO 2010
CLIMATE RECORD PERIOD 1930 TO 2014


WEATHER ITEM   OBSERVED TIME   RECORD YEAR NORMAL DEPARTURE LAST
                VALUE   (LST)  VALUE       VALUE  FROM      YEAR
                                                  NORMAL
..................................................................
TEMPERATURE (F)
 TODAY
  MAXIMUM         96    306 PM 105    1986  94      2       95
                                      1964
  MINIMUM         72    627 AM  58    1940  69      3       74
  AVERAGE         84                        81      3       85

PRECIPITATION (IN)
  TODAY            0.45          1.13 1946   0.06   0.39     0.00
  MONTH TO DATE    0.77                      1.12  -0.35     1.17
  SINCE JUN 1      1.58                      4.74  -3.16     3.00
  SINCE JAN 1      4.74                      9.00  -4.26     4.56

DEGREE DAYS
 COOLING
  TODAY           19                        16      3       20
  MONTH TO DATE  371                       336     35      411
  SINCE JUN 1   1497                      1329    168     1493
  SINCE JAN 1   1973                      1718    255     1981
..................................................................


WIND (MPH)
  HIGHEST WIND SPEED    20   HIGHEST WIND DIRECTION     S (180)
  HIGHEST GUST SPEED    23   HIGHEST GUST DIRECTION     S (180)
  AVERAGE WIND SPEED    12.8


SKY COVER
  POSSIBLE SUNSHINE  MM
  AVERAGE SKY COVER 0.1


WEATHER CONDITIONS
 THE FOLLOWING WEATHER WAS RECORDED TODAY.
  THUNDERSTORM


RELATIVE HUMIDITY (PERCENT)
 HIGHEST    73           300 AM
 LOWEST     34           300 PM
 AVERAGE    54

..........................................................


THE MIDLAND CLIMATE NORMALS FOR TOMORROW
                         NORMAL    RECORD    YEAR
 MAXIMUM TEMPERATURE (F)   93       102      1964
 MINIMUM TEMPERATURE (F)   69        54      1947


SUNRISE AND SUNSET
AUGUST 20 2014........SUNRISE   717 AM CDT   SUNSET   827 PM CDT
AUGUST 21 2014........SUNRISE   717 AM CDT   SUNSET   826 PM CDT


-  INDICATES NEGATIVE NUMBERS.
R  INDICATES RECORD WAS SET OR TIED.
MM INDICATES DATA IS MISSING.
T  INDICATES TRACE AMOUNT.




$$
