000
CDUS44 KMAF 240731
CLIMAF


CLIMATE REPORT
NATIONAL WEATHER SERVICE MIDLAND TX
231 AM CDT SAT JUN 24 2017


...................................

...THE MIDLAND CLIMATE SUMMARY FOR JUNE 23 2017...

CLIMATE NORMAL PERIOD 1981 TO 2010
CLIMATE RECORD PERIOD 1930 TO 2017


WEATHER ITEM   OBSERVED TIME   RECORD YEAR NORMAL DEPARTURE LAST
                VALUE   (LST)  VALUE       VALUE  FROM      YEAR
                                                  NORMAL
..................................................................
TEMPERATURE (F)
 YESTERDAY
  MAXIMUM        108R   301 PM 102    1990  94     14       98
                                      1972
                                      1953
  MINIMUM         75    706 PM  60    1989  69      6       71
  AVERAGE         92                        82     10       85

PRECIPITATION (IN)
  YESTERDAY        T             1.11 1957   0.05  -0.05     0.00
  MONTH TO DATE    1.58                      1.40   0.18     2.69
  SINCE JUN 1      1.58                      1.40   0.18     2.69
  SINCE JAN 1      7.27                      5.66   1.61     6.43

DEGREE DAYS
 COOLING
  YESTERDAY       27                        16     11       20
  MONTH TO DATE  451                       343    108      380
  SINCE JUN 1    451                       343    108      380
  SINCE JAN 1   1012                       732    280      860
..................................................................


WIND (MPH)
  HIGHEST WIND SPEED    48   HIGHEST WIND DIRECTION    NE (60)
  HIGHEST GUST SPEED    60   HIGHEST GUST DIRECTION     E (70)
  AVERAGE WIND SPEED    15.3


SKY COVER
  POSSIBLE SUNSHINE  MM
  AVERAGE SKY COVER 0.0


WEATHER CONDITIONS
 THE FOLLOWING WEATHER WAS RECORDED YESTERDAY.
  THUNDERSTORM
  LIGHT RAIN
  HAZE


RELATIVE HUMIDITY (PERCENT)
 HIGHEST    54          1100 PM
 LOWEST     14           300 PM
 AVERAGE    34

..........................................................


THE MIDLAND CLIMATE NORMALS FOR TODAY
                         NORMAL    RECORD    YEAR
 MAXIMUM TEMPERATURE (F)   94       108      1990
 MINIMUM TEMPERATURE (F)   69        60      1946
                                             1940


SUNRISE AND SUNSET
JUNE 24 2017..........SUNRISE   644 AM CDT   SUNSET   858 PM CDT
JUNE 25 2017..........SUNRISE   644 AM CDT   SUNSET   858 PM CDT


-  INDICATES NEGATIVE NUMBERS.
R  INDICATES RECORD WAS SET OR TIED.
MM INDICATES DATA IS MISSING.
T  INDICATES TRACE AMOUNT.




$$
