000
CDUS44 KMAF 232210
CLIMAF


CLIMATE REPORT
NATIONAL WEATHER SERVICE MIDLAND/ODESSA TX
410 PM CST SUN NOV 23 2014


...................................

...THE MIDLAND CLIMATE SUMMARY FOR NOVEMBER 23 2014...
VALID TODAY AS OF 0400 PM LOCAL TIME.

CLIMATE NORMAL PERIOD 1981 TO 2010
CLIMATE RECORD PERIOD 1930 TO 2014


WEATHER ITEM   OBSERVED TIME   RECORD YEAR NORMAL DEPARTURE LAST
                VALUE   (LST)  VALUE       VALUE  FROM      YEAR
                                                  NORMAL
..................................................................
TEMPERATURE (F)
 TODAY
  MAXIMUM         73    251 PM  84    1965  64      9       32
  MINIMUM         50    536 AM  17    1938  36     14       29
  AVERAGE         62                        50     12       31

PRECIPITATION (IN)
  TODAY            0.00          0.43 2013   0.02  -0.02     0.43
  MONTH TO DATE    1.02                      0.54   0.48     0.48
  SINCE SEP 1      2.71                      4.13  -1.42     2.41
  SINCE JAN 1      7.45                     13.85  -6.40     6.98

SNOWFALL (IN)
  TODAY            0.0
  MONTH TO DATE    T
  SINCE SEP 1      T
  SINCE JUL 1      T
  SNOW DEPTH       0

DEGREE DAYS
 HEATING
  TODAY            3                        15    -12       34
  MONTH TO DATE  310                       253     57      249
  SINCE SEP 1    348                       362    -14      328
  SINCE JUL 1    348                       362    -14      328
..................................................................


WIND (MPH)
  HIGHEST WIND SPEED    35   HIGHEST WIND DIRECTION    NW (310)
  HIGHEST GUST SPEED    42   HIGHEST GUST DIRECTION    NW (310)
  AVERAGE WIND SPEED    19.3


SKY COVER
  POSSIBLE SUNSHINE  MM
  AVERAGE SKY COVER 0.0


WEATHER CONDITIONS
 THE FOLLOWING WEATHER WAS RECORDED TODAY.
  HAZE


RELATIVE HUMIDITY (PERCENT)
 HIGHEST    59          1200 AM
 LOWEST     16           400 PM
 AVERAGE    38

..........................................................


THE MIDLAND CLIMATE NORMALS FOR TOMORROW
                         NORMAL    RECORD    YEAR
 MAXIMUM TEMPERATURE (F)   63        83      1965
                                             1946
 MINIMUM TEMPERATURE (F)   36        10      1938


SUNRISE AND SUNSET
NOVEMBER 23 2014......SUNRISE   724 AM CST   SUNSET   546 PM CST
NOVEMBER 24 2014......SUNRISE   725 AM CST   SUNSET   545 PM CST


-  INDICATES NEGATIVE NUMBERS.
R  INDICATES RECORD WAS SET OR TIED.
MM INDICATES DATA IS MISSING.
T  INDICATES TRACE AMOUNT.




$$
