000
CDUS42 KTAE 060623
CLIMAI


CLIMATE REPORT
NATIONAL WEATHER SERVICE TALLAHASSEE FL
121 AM EST FRI MAR 6 2015

...................................

...THE MARIANNA CLIMATE SUMMARY FOR MARCH 5 2015...

CLIMATE NORMAL PERIOD 1981 TO 2010
CLIMATE RECORD PERIOD 1950 TO 2015


WEATHER ITEM   OBSERVED NORMAL DEPARTURE LAST
                VALUE   VALUE  FROM      YEAR
                               NORMAL
...............................................
TEMPERATURE (F)
 YESTERDAY
  MAXIMUM         82     70     12       58
  MINIMUM         40     46     -6       41
  AVERAGE         61     58      3       50

PRECIPITATION (IN)
  YESTERDAY        0.16   0.16   0.00     0.20
  MONTH TO DATE    0.16   0.73  -0.57     0.21
  SINCE MAR 1      0.16   0.73  -0.57     0.21
  SINCE JAN 1      7.34  10.71  -3.37     7.54

DEGREE DAYS
 HEATING
  YESTERDAY        4            -4
  MONTH TO DATE   21           -19
  SINCE MAR 1     21           -19
  SINCE JUL 1   1599           154

 COOLING
  YESTERDAY        0            -1
  MONTH TO DATE   10             5
  SINCE MAR 1     10             5
  SINCE JAN 1     16            -4
...............................................


WIND (MPH)
  HIGHEST WIND SPEED    15   HIGHEST WIND DIRECTION     N (350)
  HIGHEST GUST SPEED    23   HIGHEST GUST DIRECTION    SW (230)
  AVERAGE WIND SPEED    10.4




RELATIVE HUMIDITY (PERCENT)
 HIGHEST   100
 LOWEST     79
 AVERAGE    90

..........................................................




SUNRISE AND SUNSET
MARCH  6 2015.........SUNRISE   602 AM CST   SUNSET   543 PM CST
MARCH  7 2015.........SUNRISE   601 AM CST   SUNSET   543 PM CST


-  INDICATES NEGATIVE NUMBERS.
R  INDICATES RECORD WAS SET OR TIED.
MM INDICATES DATA IS MISSING.
T  INDICATES TRACE AMOUNT.

$$
