000
CDUS42 KTAE 230702
CLIMAI


CLIMATE REPORT
NATIONAL WEATHER SERVICE TALLAHASSEE FL
252 AM EDT SAT AUG 23 2014


...................................

...THE MARIANNA CLIMATE SUMMARY FOR AUGUST 22 2014...

CLIMATE NORMAL PERIOD 1981 TO 2010
CLIMATE RECORD PERIOD 1950 TO 2014


WEATHER ITEM   OBSERVED NORMAL DEPARTURE LAST
                VALUE   VALUE  FROM      YEAR
                               NORMAL
...............................................
TEMPERATURE (F)
 YESTERDAY
  MAXIMUM         98     91      7       83
  MINIMUM         75     72      3       71
  AVERAGE         87     81      6       77

PRECIPITATION (IN)
  YESTERDAY        0.00   0.15  -0.15     0.04
  MONTH TO DATE    3.15   4.21  -1.06    13.34
  SINCE JUN 1     10.65  14.89  -4.24    28.89
  SINCE JAN 1     42.37  37.11   5.26    49.79

DEGREE DAYS
 HEATING
  YESTERDAY        0             0
  MONTH TO DATE    0             0
  SINCE JUN 1      0             0
  SINCE JUL 1      0             0

 COOLING
  YESTERDAY       22             6
  MONTH TO DATE  411            41
  SINCE JUN 1   1431            77
  SINCE JAN 1   1865            41
...............................................


WIND (MPH)
  HIGHEST WIND SPEED    12   HIGHEST WIND DIRECTION     N (20)
  HIGHEST GUST SPEED    14   HIGHEST GUST DIRECTION     N (10)
  AVERAGE WIND SPEED     3.2




RELATIVE HUMIDITY (PERCENT)
 HIGHEST   100
 LOWEST     42
 AVERAGE    71

..........................................................




SUNRISE AND SUNSET
AUGUST 23 2014........SUNRISE   612 AM CDT   SUNSET   714 PM CDT
AUGUST 24 2014........SUNRISE   612 AM CDT   SUNSET   713 PM CDT


-  INDICATES NEGATIVE NUMBERS.
R  INDICATES RECORD WAS SET OR TIED.
MM INDICATES DATA IS MISSING.
T  INDICATES TRACE AMOUNT.




$$
