000
CDUS42 KTAE 250631
CLIMAI


CLIMATE REPORT
NATIONAL WEATHER SERVICE TALLAHASSEE FL
231 AM EDT FRI APR 25 2014


...................................

...THE MARIANNA CLIMATE SUMMARY FOR APRIL 24 2014...

CLIMATE NORMAL PERIOD 1981 TO 2010
CLIMATE RECORD PERIOD 1950 TO 2014


WEATHER ITEM   OBSERVED NORMAL DEPARTURE LAST
                VALUE   VALUE  FROM      YEAR
                               NORMAL
...............................................
TEMPERATURE (F)
 YESTERDAY
  MAXIMUM         86     82      4
  MINIMUM         63     56      7
  AVERAGE         75     69      6

PRECIPITATION (IN)
  YESTERDAY        0.00   0.09  -0.09     0.00
  MONTH TO DATE    7.65   3.35   4.30     2.90
  SINCE MAR 1     15.51   8.89   6.62     5.88
  SINCE JAN 1     22.84  18.87   3.97    19.75

DEGREE DAYS
 HEATING
  YESTERDAY        0            -1
  MONTH TO DATE   63             5
  SINCE MAR 1    281            43
  SINCE JUL 1   1741            98

 COOLING
  YESTERDAY       10             5
  MONTH TO DATE   61           -17
  SINCE MAR 1     64           -46
  SINCE JAN 1     73           -52
...............................................


WIND (MPH)
  HIGHEST WIND SPEED    16   HIGHEST WIND DIRECTION    SW (240)
  HIGHEST GUST SPEED    20   HIGHEST GUST DIRECTION    SW (240)
  AVERAGE WIND SPEED     5.4




RELATIVE HUMIDITY (PERCENT)
 HIGHEST   100
 LOWEST     40
 AVERAGE    70

..........................................................




SUNRISE AND SUNSET
APRIL 25 2014.........SUNRISE   602 AM CDT   SUNSET   715 PM CDT
APRIL 26 2014.........SUNRISE   601 AM CDT   SUNSET   716 PM CDT


-  INDICATES NEGATIVE NUMBERS.
R  INDICATES RECORD WAS SET OR TIED.
MM INDICATES DATA IS MISSING.
T  INDICATES TRACE AMOUNT.




$$
