000
CDUS43 KABR 211036
CLIMBG


CLIMATE REPORT
NATIONAL WEATHER SERVICE ABERDEEN SD
536 AM CDT TUE OCT 21 2014


...................................

...THE MOBRIDGE SD CLIMATE SUMMARY FOR OCTOBER 20 2014...

CLIMATE NORMAL PERIOD 1981 TO 2010
CLIMATE RECORD PERIOD 1911 TO 2014


WEATHER ITEM   OBSERVED TIME   RECORD YEAR NORMAL DEPARTURE LAST
                VALUE   (LST)  VALUE       VALUE  FROM      YEAR
                                                  NORMAL
..................................................................
TEMPERATURE (F)
 YESTERDAY
  MAXIMUM         74    340 PM  85    1947  58     16       49
  MINIMUM         33    709 AM  14    1916  33      0       33
  AVERAGE         54                        46      8       41

PRECIPITATION (IN)
  YESTERDAY        0.00          0.94 1963   0.05  -0.05      T
  MONTH TO DATE    0.44                      1.05  -0.61     5.50
  SINCE SEP 1      1.15                      2.59  -1.44     8.87
  SINCE JAN 1     20.47                     16.50   3.97    22.69

SNOWFALL (IN)
  YESTERDAY        0.0
  MONTH TO DATE    0.0
  SINCE OCT 1      0.0
  SINCE JUL 1      0.0
  SNOW DEPTH       0

DEGREE DAYS
 HEATING
  YESTERDAY       11                        19     -8       24
  MONTH TO DATE  260                       312    -52      361
  SINCE SEP 1    415                       499    -84      431
  SINCE JUL 1    462                       532    -70      444

 COOLING
  YESTERDAY        0                         0      0        0
  MONTH TO DATE    0                         0      0        0
  SINCE SEP 1     63                        60      3      116
  SINCE JAN 1    466                       641   -175      700
..................................................................


WIND (MPH)
  HIGHEST WIND SPEED    18   HIGHEST WIND DIRECTION    SE (130)
  HIGHEST GUST SPEED    23   HIGHEST GUST DIRECTION    SE (140)
  AVERAGE WIND SPEED     9.0


SKY COVER
  POSSIBLE SUNSHINE  MM
  AVERAGE SKY COVER 0.0


WEATHER CONDITIONS
 THE FOLLOWING WEATHER WAS RECORDED YESTERDAY.
  NO SIGNIFICANT WEATHER WAS OBSERVED.


RELATIVE HUMIDITY (PERCENT)
 HIGHEST   100           600 AM
 LOWEST     23           400 PM
 AVERAGE    62

..........................................................


THE MOBRIDGE SD CLIMATE NORMALS FOR TODAY
                         NORMAL    RECORD    YEAR
 MAXIMUM TEMPERATURE (F)   58        89      1947
 MINIMUM TEMPERATURE (F)   33        10      1930


SUNRISE AND SUNSET
OCTOBER 21 2014.......SUNRISE   806 AM CDT   SUNSET   646 PM CDT
OCTOBER 22 2014.......SUNRISE   807 AM CDT   SUNSET   644 PM CDT


-  INDICATES NEGATIVE NUMBERS.
R  INDICATES RECORD WAS SET OR TIED.
MM INDICATES DATA IS MISSING.
T  INDICATES TRACE AMOUNT.




$$
