000
CDUS43 KABR 231027
CLIMBG


CLIMATE REPORT
NATIONAL WEATHER SERVICE ABERDEEN SD
527 AM CDT WED APR 23 2014


...................................

...THE MOBRIDGE SD CLIMATE SUMMARY FOR APRIL 22 2014...

CLIMATE NORMAL PERIOD 1981 TO 2010
CLIMATE RECORD PERIOD 1911 TO 2014


WEATHER ITEM   OBSERVED TIME   RECORD YEAR NORMAL DEPARTURE LAST
                VALUE   (LST)  VALUE       VALUE  FROM      YEAR
                                                  NORMAL
..................................................................
TEMPERATURE (F)
 YESTERDAY
  MAXIMUM         71    308 PM  93    1990  61     10       35
  MINIMUM         36    610 AM  14    1927  35      1       17
  AVERAGE         54                        48      6       26

PRECIPITATION (IN)
  YESTERDAY        T             1.13 1968   0.06  -0.06     0.11
  MONTH TO DATE    0.31                      0.92  -0.61     1.65
  SINCE MAR 1      0.82                      1.82  -1.00     2.03
  SINCE JAN 1      1.43                      2.55  -1.12     2.99

SNOWFALL (IN)
  YESTERDAY        0.0
  MONTH TO DATE    3.5
  SINCE OCT 1     44.3
  SINCE JUL 1     44.3
  SNOW DEPTH       0

DEGREE DAYS
 HEATING
  YESTERDAY       11                        17     -6       39
  MONTH TO DATE  535                       471     64      733
  SINCE MAR 1   1679                      1498    181     1941
  SINCE JUL 1   8219                      7473    746     7757

 COOLING
  YESTERDAY        0                         0      0        0
  MONTH TO DATE    0                         0      0        0
  SINCE MAR 1      0                         0      0        0
  SINCE JAN 1      0                         0      0        0
..................................................................


WIND (MPH)
  HIGHEST WIND SPEED    40   HIGHEST WIND DIRECTION    SE (130)
  HIGHEST GUST SPEED    51   HIGHEST GUST DIRECTION    SE (140)
  AVERAGE WIND SPEED    19.7


SKY COVER
  POSSIBLE SUNSHINE  MM
  AVERAGE SKY COVER 0.1


WEATHER CONDITIONS
 THE FOLLOWING WEATHER WAS RECORDED YESTERDAY.
  LIGHT RAIN


RELATIVE HUMIDITY (PERCENT)
 HIGHEST    75           400 AM
 LOWEST     22          1100 AM
 AVERAGE    49

..........................................................


THE MOBRIDGE SD CLIMATE NORMALS FOR TODAY
                         NORMAL    RECORD    YEAR
 MAXIMUM TEMPERATURE (F)   62        89      2009
 MINIMUM TEMPERATURE (F)   35        13      2013


SUNRISE AND SUNSET
APRIL 23 2014.........SUNRISE   642 AM CDT   SUNSET   838 PM CDT
APRIL 24 2014.........SUNRISE   641 AM CDT   SUNSET   840 PM CDT


-  INDICATES NEGATIVE NUMBERS.
R  INDICATES RECORD WAS SET OR TIED.
MM INDICATES DATA IS MISSING.
T  INDICATES TRACE AMOUNT.




$$
