000
CDUS43 KABR 182328
CLIMBG


CLIMATE REPORT
NATIONAL WEATHER SERVICE ABERDEEN SD
527 PM CST THU DEC 18 2014


...................................

...THE MOBRIDGE SD CLIMATE SUMMARY FOR DECEMBER 18 2014...
VALID TODAY AS OF 0500 PM LOCAL TIME.

CLIMATE NORMAL PERIOD 1981 TO 2010
CLIMATE RECORD PERIOD 1911 TO 2014


WEATHER ITEM   OBSERVED TIME   RECORD YEAR NORMAL DEPARTURE LAST
                VALUE   (LST)  VALUE       VALUE  FROM      YEAR
                                                  NORMAL
..................................................................
TEMPERATURE (F)
 TODAY
  MAXIMUM         29    459 PM  60    2011  28      1       50
  MINIMUM         17    150 AM -26    1929   7     10       19
  AVERAGE         23                        17      6       35

PRECIPITATION (IN)
  TODAY            0.00          0.09 1937   0.02  -0.02     0.00
  MONTH TO DATE    0.01                      0.19  -0.18     0.34
  SINCE DEC 1      0.01                      0.19  -0.18     0.34
  SINCE JAN 1     21.40                     17.62   3.78    23.26

SNOWFALL (IN)
  TODAY            0.0
  MONTH TO DATE    T
  SINCE OCT 1      7.5
  SINCE JUL 1      7.5
  SNOW DEPTH       0

DEGREE DAYS
 HEATING
  TODAY           42                        48     -6       30
  MONTH TO DATE  686                       815   -129      964
  SINCE DEC 1    686                       815   -129      964
  SINCE JUL 1   2511                      2581    -70     2772

 COOLING
  TODAY            0                         0      0        0
  MONTH TO DATE    0                         0      0        0
  SINCE DEC 1      0                         0      0        0
  SINCE JAN 1    471                       644   -173      700
..................................................................


WIND (MPH)
  HIGHEST WIND SPEED    15   HIGHEST WIND DIRECTION     S (160)
  HIGHEST GUST SPEED    17   HIGHEST GUST DIRECTION    SE (150)
  AVERAGE WIND SPEED     9.9


SKY COVER
  POSSIBLE SUNSHINE  MM
  AVERAGE SKY COVER 1.0


WEATHER CONDITIONS
 THE FOLLOWING WEATHER WAS RECORDED TODAY.
  FOG


RELATIVE HUMIDITY (PERCENT)
 HIGHEST    96          1100 AM
 LOWEST     80          1200 AM
 AVERAGE    88

..........................................................


THE MOBRIDGE SD CLIMATE NORMALS FOR TOMORROW
                         NORMAL    RECORD    YEAR
 MAXIMUM TEMPERATURE (F)   27        51      1953
 MINIMUM TEMPERATURE (F)    6       -30      1927


SUNRISE AND SUNSET
DECEMBER 18 2014......SUNRISE   817 AM CST   SUNSET   459 PM CST
DECEMBER 19 2014......SUNRISE   818 AM CST   SUNSET   500 PM CST


-  INDICATES NEGATIVE NUMBERS.
R  INDICATES RECORD WAS SET OR TIED.
MM INDICATES DATA IS MISSING.
T  INDICATES TRACE AMOUNT.




$$
