000
CDUS43 KABR 041029
CLIMBG


CLIMATE REPORT
NATIONAL WEATHER SERVICE ABERDEEN SD
529 AM CDT TUE AUG 4 2015


...................................

...THE MOBRIDGE SD CLIMATE SUMMARY FOR AUGUST 3 2015...

CLIMATE NORMAL PERIOD 1981 TO 2010
CLIMATE RECORD PERIOD 1911 TO 2015


WEATHER ITEM   OBSERVED TIME   RECORD YEAR NORMAL DEPARTURE LAST
                VALUE   (LST)  VALUE       VALUE  FROM      YEAR
                                                  NORMAL
..................................................................
TEMPERATURE (F)
 YESTERDAY
  MAXIMUM         86    452 PM 109    1947  87     -1       83
  MINIMUM         55    558 AM  46    1978  60     -5       58
                                      1929
  AVERAGE         71                        73     -2       71

PRECIPITATION (IN)
  YESTERDAY        0.00          1.34 1981   0.09  -0.09      T
  MONTH TO DATE    0.00                      0.23  -0.23     0.08
  SINCE JUN 1      5.83                      6.09  -0.26     8.52
  SINCE JAN 1     16.62                     12.11   4.51    14.64

DEGREE DAYS
 HEATING
  YESTERDAY        0                         0      0        0
  MONTH TO DATE    0                         0      0        0
  SINCE JUN 1     18                        87    -69       98
  SINCE JUL 1      0                        12    -12       23

 COOLING
  YESTERDAY        6                         9     -3        6
  MONTH TO DATE   26                        27     -1       23
  SINCE JUN 1    495                       375    120      238
  SINCE JAN 1    511                       391    120      288
..................................................................


WIND (MPH)
  HIGHEST WIND SPEED    13   HIGHEST WIND DIRECTION     E (80)
  HIGHEST GUST SPEED    16   HIGHEST GUST DIRECTION     E (80)
  AVERAGE WIND SPEED     6.0


SKY COVER
  POSSIBLE SUNSHINE  MM
  AVERAGE SKY COVER 0.0


WEATHER CONDITIONS
 THE FOLLOWING WEATHER WAS RECORDED YESTERDAY.
  HAZE


RELATIVE HUMIDITY (PERCENT)
 HIGHEST   100           400 AM
 LOWEST     32           500 PM
 AVERAGE    66

..........................................................


THE MOBRIDGE SD CLIMATE NORMALS FOR TODAY
                         NORMAL    RECORD    YEAR
 MAXIMUM TEMPERATURE (F)   87       109      1947
 MINIMUM TEMPERATURE (F)   60        45      2009


SUNRISE AND SUNSET
AUGUST  4 2015........SUNRISE   629 AM CDT   SUNSET   906 PM CDT
AUGUST  5 2015........SUNRISE   630 AM CDT   SUNSET   905 PM CDT


-  INDICATES NEGATIVE NUMBERS.
R  INDICATES RECORD WAS SET OR TIED.
MM INDICATES DATA IS MISSING.
T  INDICATES TRACE AMOUNT.




$$
