000
CDUS43 KABR 281030
CLIMBG


CLIMATE REPORT
NATIONAL WEATHER SERVICE ABERDEEN SD
429 AM CST FRI NOV 28 2014


...................................

...THE MOBRIDGE SD CLIMATE SUMMARY FOR NOVEMBER 27 2014...

CLIMATE NORMAL PERIOD 1981 TO 2010
CLIMATE RECORD PERIOD 1911 TO 2014


WEATHER ITEM   OBSERVED TIME   RECORD YEAR NORMAL DEPARTURE LAST
                VALUE   (LST)  VALUE       VALUE  FROM      YEAR
                                                  NORMAL
..................................................................
TEMPERATURE (F)
 YESTERDAY
  MAXIMUM         20    830 PM  69    1949  36    -16       44
  MINIMUM         -1    605 AM -14    1985  15    -16        9
  AVERAGE         10                        25    -15       27

PRECIPITATION (IN)
  YESTERDAY        T             0.34 1994   0.01  -0.01     0.00
  MONTH TO DATE    0.80                      0.47   0.33     0.04
  SINCE SEP 1      2.07                      3.51  -1.44     9.10
  SINCE JAN 1     21.39                     17.42   3.97    22.92

SNOWFALL (IN)
  YESTERDAY        T
  MONTH TO DATE    7.5
  SINCE OCT 1      7.5
  SINCE JUL 1      7.5
  SNOW DEPTH       T

DEGREE DAYS
 HEATING
  YESTERDAY       55                        40     15       38
  MONTH TO DATE 1038                       870    168      932
  SINCE SEP 1   1629                      1611     18     1681
  SINCE JUL 1   1676                      1644     32     1694

 COOLING
  YESTERDAY        0                         0      0        0
  MONTH TO DATE    0                         0      0        0
  SINCE SEP 1     68                        63      5      116
  SINCE JAN 1    471                       644   -173      700
..................................................................


WIND (MPH)
  HIGHEST WIND SPEED    24   HIGHEST WIND DIRECTION     S (160)
  HIGHEST GUST SPEED    29   HIGHEST GUST DIRECTION     S (160)
  AVERAGE WIND SPEED    14.0


SKY COVER
  POSSIBLE SUNSHINE  MM
  AVERAGE SKY COVER 0.7


WEATHER CONDITIONS
 THE FOLLOWING WEATHER WAS RECORDED YESTERDAY.
  LIGHT SNOW
  FOG
  HAZE


RELATIVE HUMIDITY (PERCENT)
 HIGHEST    87           400 AM
 LOWEST     66          1100 AM
 AVERAGE    77

..........................................................


THE MOBRIDGE SD CLIMATE NORMALS FOR TODAY
                         NORMAL    RECORD    YEAR
 MAXIMUM TEMPERATURE (F)   35        64      2002
 MINIMUM TEMPERATURE (F)   14       -20      1985


SUNRISE AND SUNSET
NOVEMBER 28 2014......SUNRISE   758 AM CST   SUNSET   501 PM CST
NOVEMBER 29 2014......SUNRISE   759 AM CST   SUNSET   501 PM CST


-  INDICATES NEGATIVE NUMBERS.
R  INDICATES RECORD WAS SET OR TIED.
MM INDICATES DATA IS MISSING.
T  INDICATES TRACE AMOUNT.




$$
