000
CDUS43 KABR 241033
CLIMBG


CLIMATE REPORT
NATIONAL WEATHER SERVICE ABERDEEN SD
433 AM CST FRI FEB 24 2017


...................................

...THE MOBRIDGE SD CLIMATE SUMMARY FOR FEBRUARY 23 2017...

CLIMATE NORMAL PERIOD 1981 TO 2010
CLIMATE RECORD PERIOD 1911 TO 2017


WEATHER ITEM   OBSERVED TIME   RECORD YEAR NORMAL DEPARTURE LAST
                VALUE   (LST)  VALUE       VALUE  FROM      YEAR
                                                  NORMAL
..................................................................
TEMPERATURE (F)
 YESTERDAY
  MAXIMUM         34    312 PM  62    1976  34      0       48
  MINIMUM         26   1159 PM -23    1914  13     13       24
  AVERAGE         30                        23      7       36

PRECIPITATION (IN)
  YESTERDAY        0.00          0.41 2012   0.02  -0.02     0.00
  MONTH TO DATE    0.23                      0.32  -0.09     0.98
  SINCE DEC 1      3.06                      1.05   2.01     1.43
  SINCE JAN 1      0.76                      0.61   0.15     1.10

SNOWFALL (IN)
  YESTERDAY        0.0
  MONTH TO DATE    0.9
  SINCE OCT 1     39.0
  SINCE JUL 1     39.0
  SNOW DEPTH       T

DEGREE DAYS
 HEATING
  YESTERDAY       35                        42     -7       29
  MONTH TO DATE  896                      1038   -142      790
  SINCE DEC 1   4102                      4005     97     3417
  SINCE JUL 1   5253                      5771   -518     4711

 COOLING
  YESTERDAY        0                         0      0        0
  MONTH TO DATE    0                         0      0        0
  SINCE DEC 1      0                         0      0        0
  SINCE JAN 1      0                         0      0        0
..................................................................


WIND (MPH)
  HIGHEST WIND SPEED    21   HIGHEST WIND DIRECTION    NE (30)
  HIGHEST GUST SPEED    27   HIGHEST GUST DIRECTION    NE (30)
  AVERAGE WIND SPEED    10.8


SKY COVER
  POSSIBLE SUNSHINE  MM
  AVERAGE SKY COVER 0.8


WEATHER CONDITIONS
 THE FOLLOWING WEATHER WAS RECORDED YESTERDAY.
  NO SIGNIFICANT WEATHER WAS OBSERVED.


RELATIVE HUMIDITY (PERCENT)
 HIGHEST    84           500 AM
 LOWEST     63           500 PM
 AVERAGE    74

..........................................................


THE MOBRIDGE SD CLIMATE NORMALS FOR TODAY
                         NORMAL    RECORD    YEAR
 MAXIMUM TEMPERATURE (F)   34        58      1976
 MINIMUM TEMPERATURE (F)   13       -22      1955


SUNRISE AND SUNSET
FEBRUARY 24 2017......SUNRISE   728 AM CST   SUNSET   622 PM CST
FEBRUARY 25 2017......SUNRISE   726 AM CST   SUNSET   623 PM CST


-  INDICATES NEGATIVE NUMBERS.
R  INDICATES RECORD WAS SET OR TIED.
MM INDICATES DATA IS MISSING.
T  INDICATES TRACE AMOUNT.




$$
