000
CDUS43 KABR 171031
CLIMBG


CLIMATE REPORT
NATIONAL WEATHER SERVICE ABERDEEN SD
530 AM CDT TUE OCT 17 2017


...................................

...THE MOBRIDGE SD CLIMATE SUMMARY FOR OCTOBER 16 2017...

CLIMATE NORMAL PERIOD 1981 TO 2010
CLIMATE RECORD PERIOD 1911 TO 2017


WEATHER ITEM   OBSERVED TIME   RECORD YEAR NORMAL DEPARTURE LAST
                VALUE   (LST)  VALUE       VALUE  FROM      YEAR
                                                  NORMAL
..................................................................
TEMPERATURE (F)
 YESTERDAY
  MAXIMUM         78    138 PM  89    1991  60     18       76
                                      1945
  MINIMUM         35    431 AM  17    2004  35      0       47
  AVERAGE         57                        47     10       62

PRECIPITATION (IN)
  YESTERDAY        0.00          2.03 1953   0.06  -0.06     0.02
  MONTH TO DATE    0.18                      0.83  -0.65     0.15
  SINCE SEP 1      2.12                      2.37  -0.25     0.75
  SINCE JAN 1     14.82                     16.28  -1.46    17.72

SNOWFALL (IN)
  YESTERDAY        0.0
  MONTH TO DATE    0.0
  SINCE OCT 1      0.0
  SINCE JUL 1      0.0
  SNOW DEPTH       0

DEGREE DAYS
 HEATING
  YESTERDAY        8                        18    -10        3
  MONTH TO DATE  207                       237    -30      188
  SINCE SEP 1    346                       424    -78      287
  SINCE JUL 1    352                       457   -105      301

 COOLING
  YESTERDAY        0                         0      0        0
  MONTH TO DATE    0                         0      0       17
  SINCE SEP 1     78                        60     18       83
  SINCE JAN 1    789                       641    148      961
..................................................................


WIND (MPH)
  HIGHEST WIND SPEED    20   HIGHEST WIND DIRECTION     W (290)
  HIGHEST GUST SPEED    26   HIGHEST GUST DIRECTION     W (290)
  AVERAGE WIND SPEED     7.9


SKY COVER
  POSSIBLE SUNSHINE  MM
  AVERAGE SKY COVER 0.0


WEATHER CONDITIONS
 THE FOLLOWING WEATHER WAS RECORDED YESTERDAY.
  NO SIGNIFICANT WEATHER WAS OBSERVED.


RELATIVE HUMIDITY (PERCENT)
 HIGHEST    82           300 AM
 LOWEST     23           300 PM
 AVERAGE    53

..........................................................


THE MOBRIDGE SD CLIMATE NORMALS FOR TODAY
                         NORMAL    RECORD    YEAR
 MAXIMUM TEMPERATURE (F)   60        85      1914
 MINIMUM TEMPERATURE (F)   34        12      1948


SUNRISE AND SUNSET
OCTOBER 17 2017.......SUNRISE   801 AM CDT   SUNSET   652 PM CDT
OCTOBER 18 2017.......SUNRISE   802 AM CDT   SUNSET   650 PM CDT


-  INDICATES NEGATIVE NUMBERS.
R  INDICATES RECORD WAS SET OR TIED.
MM INDICATES DATA IS MISSING.
T  INDICATES TRACE AMOUNT.




$$
