000
CDUS43 KABR 251030
CLIMBG


CLIMATE REPORT
NATIONAL WEATHER SERVICE ABERDEEN SD
430 AM CST SUN JAN 25 2015


...................................

...THE MOBRIDGE SD CLIMATE SUMMARY FOR JANUARY 24 2015...

CLIMATE NORMAL PERIOD 1981 TO 2010
CLIMATE RECORD PERIOD 1911 TO 2015


WEATHER ITEM   OBSERVED TIME   RECORD YEAR NORMAL DEPARTURE LAST
                VALUE   (LST)  VALUE       VALUE  FROM      YEAR
                                                  NORMAL
..................................................................
TEMPERATURE (F)
 YESTERDAY
  MAXIMUM         50    228 PM  57    1981  27     23       46
  MINIMUM         27    612 AM -25    1961   6     21       26
  AVERAGE         39                        16     23       36

PRECIPITATION (IN)
  YESTERDAY        0.03          0.22 1956   0.01   0.02      T
  MONTH TO DATE    0.31                      0.23   0.08     0.07
  SINCE DEC 1      0.73                      0.67   0.06     0.83
  SINCE JAN 1      0.31                      0.23   0.08     0.07

SNOWFALL (IN)
  YESTERDAY        0.0
  MONTH TO DATE    4.3
  SINCE OCT 1     14.6
  SINCE JUL 1     14.6
  SNOW DEPTH       0

DEGREE DAYS
 HEATING
  YESTERDAY       26                        49    -23       29
  MONTH TO DATE 1112                      1176    -64     1152
  SINCE DEC 1   2395                      2626   -231     2842
  SINCE JUL 1   4220                      4392   -172     4650

 COOLING
  YESTERDAY        0                         0      0        0
  MONTH TO DATE    0                         0      0        0
  SINCE DEC 1      0                         0      0        0
  SINCE JAN 1      0                         0      0        0
..................................................................


WIND (MPH)
  HIGHEST WIND SPEED    29   HIGHEST WIND DIRECTION    NW (330)
  HIGHEST GUST SPEED    37   HIGHEST GUST DIRECTION    NW (310)
  AVERAGE WIND SPEED     9.9


SKY COVER
  POSSIBLE SUNSHINE  MM
  AVERAGE SKY COVER 0.7


WEATHER CONDITIONS
 THE FOLLOWING WEATHER WAS RECORDED YESTERDAY.
  LIGHT RAIN
  FOG


RELATIVE HUMIDITY (PERCENT)
 HIGHEST    92           800 PM
 LOWEST     66           200 PM
 AVERAGE    79

..........................................................


THE MOBRIDGE SD CLIMATE NORMALS FOR TODAY
                         NORMAL    RECORD    YEAR
 MAXIMUM TEMPERATURE (F)   27        57      2002
 MINIMUM TEMPERATURE (F)    7       -36      1929


SUNRISE AND SUNSET
JANUARY 25 2015.......SUNRISE   810 AM CST   SUNSET   538 PM CST
JANUARY 26 2015.......SUNRISE   810 AM CST   SUNSET   539 PM CST


-  INDICATES NEGATIVE NUMBERS.
R  INDICATES RECORD WAS SET OR TIED.
MM INDICATES DATA IS MISSING.
T  INDICATES TRACE AMOUNT.




$$
