000
CDUS43 KABR 031033
CLIMBG


CLIMATE REPORT
NATIONAL WEATHER SERVICE ABERDEEN SD
432 AM CST SAT DEC 3 2016


...................................

...THE MOBRIDGE SD CLIMATE SUMMARY FOR DECEMBER 2 2016...

CLIMATE NORMAL PERIOD 1981 TO 2010
CLIMATE RECORD PERIOD 1911 TO 2016


WEATHER ITEM   OBSERVED TIME   RECORD YEAR NORMAL DEPARTURE LAST
                VALUE   (LST)  VALUE       VALUE  FROM      YEAR
                                                  NORMAL
..................................................................
TEMPERATURE (F)
 YESTERDAY
  MAXIMUM         32   1103 PM  57    1959  33     -1       38
  MINIMUM         24    814 PM -18    1985  12     12       15
  AVERAGE         28                        23      5       27

PRECIPITATION (IN)
  YESTERDAY        0.00          0.33 1996   0.00   0.00     0.00
  MONTH TO DATE    0.03                      0.01   0.02     0.09
  SINCE DEC 1      0.03                      0.01   0.02     0.09
  SINCE JAN 1     19.16                     17.44   1.72    23.09

SNOWFALL (IN)
  YESTERDAY        0.0
  MONTH TO DATE    0.3
  SINCE OCT 1     11.7
  SINCE JUL 1     11.7
  SNOW DEPTH       5

DEGREE DAYS
 HEATING
  YESTERDAY       37                        42     -5       38
  MONTH TO DATE   71                        84    -13       71
  SINCE DEC 1     71                        84    -13       71
  SINCE JUL 1   1222                      1850   -628     1365

 COOLING
  YESTERDAY        0                         0      0        0
  MONTH TO DATE    0                         0      0        0
  SINCE DEC 1      0                         0      0        0
  SINCE JAN 1    961                       644    317      860
..................................................................


WIND (MPH)
  HIGHEST WIND SPEED    14   HIGHEST WIND DIRECTION     S (180)
  HIGHEST GUST SPEED    17   HIGHEST GUST DIRECTION     S (180)
  AVERAGE WIND SPEED     5.2


SKY COVER
  POSSIBLE SUNSHINE  MM
  AVERAGE SKY COVER 1.0


WEATHER CONDITIONS
 THE FOLLOWING WEATHER WAS RECORDED YESTERDAY.
  HAZE


RELATIVE HUMIDITY (PERCENT)
 HIGHEST    85          1200 AM
 LOWEST     72           200 PM
 AVERAGE    79

..........................................................


THE MOBRIDGE SD CLIMATE NORMALS FOR TODAY
                         NORMAL    RECORD    YEAR
 MAXIMUM TEMPERATURE (F)   33        63      1941
 MINIMUM TEMPERATURE (F)   12       -13      1985


SUNRISE AND SUNSET
DECEMBER  3 2016......SUNRISE   804 AM CST   SUNSET   459 PM CST
DECEMBER  4 2016......SUNRISE   805 AM CST   SUNSET   459 PM CST


-  INDICATES NEGATIVE NUMBERS.
R  INDICATES RECORD WAS SET OR TIED.
MM INDICATES DATA IS MISSING.
T  INDICATES TRACE AMOUNT.




$$
