000
CDUS43 KABR 222233
CLIMBG


CLIMATE REPORT
NATIONAL WEATHER SERVICE ABERDEEN SD
532 PM CDT MON MAY 22 2017


...................................

...THE MOBRIDGE SD CLIMATE SUMMARY FOR MAY 22 2017...
VALID TODAY AS OF 0500 PM LOCAL TIME.

CLIMATE NORMAL PERIOD 1981 TO 2010
CLIMATE RECORD PERIOD 1911 TO 2017


WEATHER ITEM   OBSERVED TIME   RECORD YEAR NORMAL DEPARTURE LAST
                VALUE   (LST)  VALUE       VALUE  FROM      YEAR
                                                  NORMAL
..................................................................
TEMPERATURE (F)
 TODAY
  MAXIMUM         65    242 PM  91    1966  70     -5       84
  MINIMUM         40    328 AM  27    1963  46     -6       59
  AVERAGE         53                        58     -5       72

PRECIPITATION (IN)
  TODAY            0.13          1.15 1986   0.10   0.03     0.96
  MONTH TO DATE    0.58                      1.97  -1.39     2.13
  SINCE MAR 1      1.68                      4.44  -2.76     7.54
  SINCE JAN 1      2.44                      5.17  -2.73     8.76

DEGREE DAYS
 HEATING
  TODAY           12                         8      4        0
  MONTH TO DATE  163                       233    -70      182
  SINCE MAR 1   1623                      1853   -230     1412
  SINCE JUL 1   7060                      7828   -768     6287

 COOLING
  TODAY            0                         1     -1        7
  MONTH TO DATE   20                         4     16       13
  SINCE MAR 1     20                         5     15       15
  SINCE JAN 1     20                         5     15       15
..................................................................


WIND (MPH)
  HIGHEST WIND SPEED    24   HIGHEST WIND DIRECTION     N (360)
  HIGHEST GUST SPEED    32   HIGHEST GUST DIRECTION     N (360)
  AVERAGE WIND SPEED    11.4


SKY COVER
  POSSIBLE SUNSHINE  MM
  AVERAGE SKY COVER 0.6


WEATHER CONDITIONS
 THE FOLLOWING WEATHER WAS RECORDED TODAY.
  RAIN
  LIGHT RAIN
  FOG


RELATIVE HUMIDITY (PERCENT)
 HIGHEST    83           300 AM
 LOWEST     36           300 PM
 AVERAGE    60

..........................................................


THE MOBRIDGE SD CLIMATE NORMALS FOR TOMORROW
                         NORMAL    RECORD    YEAR
 MAXIMUM TEMPERATURE (F)   70        95      1928
 MINIMUM TEMPERATURE (F)   46        28      2002


SUNRISE AND SUNSET
MAY 22 2017...........SUNRISE   603 AM CDT   SUNSET   914 PM CDT
MAY 23 2017...........SUNRISE   602 AM CDT   SUNSET   915 PM CDT


-  INDICATES NEGATIVE NUMBERS.
R  INDICATES RECORD WAS SET OR TIED.
MM INDICATES DATA IS MISSING.
T  INDICATES TRACE AMOUNT.




$$
