000
CDUS43 KABR 271031
CLIMBG


CLIMATE REPORT
NATIONAL WEATHER SERVICE ABERDEEN SD
530 AM CDT TUE SEP 27 2016


...................................

...THE MOBRIDGE SD CLIMATE SUMMARY FOR SEPTEMBER 26 2016...

CLIMATE NORMAL PERIOD 1981 TO 2010
CLIMATE RECORD PERIOD 1911 TO 2016


WEATHER ITEM   OBSERVED TIME   RECORD YEAR NORMAL DEPARTURE LAST
                VALUE   (LST)  VALUE       VALUE  FROM      YEAR
                                                  NORMAL
..................................................................
TEMPERATURE (F)
 YESTERDAY
  MAXIMUM         73    358 PM  94    1952  69      4       87
  MINIMUM         42   1151 PM  20    1942  43     -1       62
  AVERAGE         58                        56      2       75

PRECIPITATION (IN)
  YESTERDAY        0.00          0.59 1932   0.06  -0.06      T
  MONTH TO DATE    0.60                      1.34  -0.74     0.74
  SINCE SEP 1      0.60                      1.34  -0.74     0.74
  SINCE JAN 1     17.57                     15.25   2.32    21.16

DEGREE DAYS
 HEATING
  YESTERDAY        7                        10     -3        0
  MONTH TO DATE   77                       145    -68       37
  SINCE SEP 1     77                       145    -68       37
  SINCE JUL 1     91                       178    -87       59

 COOLING
  YESTERDAY        0                         1     -1       10
  MONTH TO DATE   66                        60      6      124
  SINCE SEP 1     66                        60      6      124
  SINCE JAN 1    944                       641    303      836
..................................................................


WIND (MPH)
  HIGHEST WIND SPEED    24   HIGHEST WIND DIRECTION    NW (310)
  HIGHEST GUST SPEED    30   HIGHEST GUST DIRECTION    NW (320)
  AVERAGE WIND SPEED     9.9


SKY COVER
  POSSIBLE SUNSHINE  MM
  AVERAGE SKY COVER 0.0


WEATHER CONDITIONS
 THE FOLLOWING WEATHER WAS RECORDED YESTERDAY.
  NO SIGNIFICANT WEATHER WAS OBSERVED.


RELATIVE HUMIDITY (PERCENT)
 HIGHEST    82          1100 PM
 LOWEST     24           500 PM
 AVERAGE    53

..........................................................


THE MOBRIDGE SD CLIMATE NORMALS FOR TODAY
                         NORMAL    RECORD    YEAR
 MAXIMUM TEMPERATURE (F)   69       101      1952
 MINIMUM TEMPERATURE (F)   42        17      1928


SUNRISE AND SUNSET
SEPTEMBER 27 2016.....SUNRISE   735 AM CDT   SUNSET   728 PM CDT
SEPTEMBER 28 2016.....SUNRISE   737 AM CDT   SUNSET   727 PM CDT


-  INDICATES NEGATIVE NUMBERS.
R  INDICATES RECORD WAS SET OR TIED.
MM INDICATES DATA IS MISSING.
T  INDICATES TRACE AMOUNT.




$$
