823
CDUS43 KDTX 232040
CLIMBS


CLIMATE REPORT
NATIONAL WEATHER SERVICE DETROIT/PONTIAC MI
440 PM EDT MON OCT 23 2017


...................................

...THE TRI CITIES MI CLIMATE SUMMARY FOR OCTOBER 23 2017...
VALID TODAY AS OF 0400 PM LOCAL TIME.

CLIMATE NORMAL PERIOD 1981 TO 2010
CLIMATE RECORD PERIOD 1898 TO 2017


WEATHER ITEM   OBSERVED TIME   NORMAL DEPARTURE LAST
                VALUE   (LST)  VALUE  FROM      YEAR
                                      NORMAL
......................................................
TEMPERATURE (F)
 TODAY
  MAXIMUM         67    200 AM  56     11       64
  MINIMUM         59    259 PM  38     21       37
  AVERAGE         63            47     16       51

PRECIPITATION (IN)
  TODAY            0.60          0.08   0.52      T
  MONTH TO DATE    2.57          1.96   0.61     1.53
  SINCE SEP 1      3.01          5.79  -2.78     4.71
  SINCE JAN 1     32.79         26.31   6.48    27.63

SNOWFALL (IN)
  TODAY            0.0           0.0    0.0      0.0
  MONTH TO DATE    0.0           0.1   -0.1      0.0
  SINCE SEP 1      0.0           0.1   -0.1      0.0
  SINCE JUL 1      0.0           0.1   -0.1      0.0
  SNOW DEPTH       0

DEGREE DAYS
 HEATING
  TODAY            2            18    -16       14
  MONTH TO DATE  113           325   -212      184
  SINCE SEP 1    215           484   -269      243
  SINCE JUL 1    237           524   -287      245

 COOLING
  TODAY            0             0      0        0
  MONTH TO DATE   21             2     19       14
  SINCE SEP 1    147            50     97       96
  SINCE JAN 1    665           554    111      844
......................................................


WIND (MPH)
  HIGHEST WIND SPEED    14   HIGHEST WIND DIRECTION    NE (40)
  HIGHEST GUST SPEED    16   HIGHEST GUST DIRECTION    NE (40)
  AVERAGE WIND SPEED     6.1


SKY COVER
  AVERAGE SKY COVER 0.9


WEATHER CONDITIONS
 THE FOLLOWING WEATHER WAS RECORDED TODAY.
  RAIN
  LIGHT RAIN
  FOG


..........................................................


THE TRI CITIES MI CLIMATE NORMALS FOR TOMORROW
                         NORMAL
 MAXIMUM TEMPERATURE (F)   56
 MINIMUM TEMPERATURE (F)   38


SUNRISE AND SUNSET
OCTOBER 23 2017.......SUNRISE   801 AM EDT   SUNSET   640 PM EDT
OCTOBER 24 2017.......SUNRISE   802 AM EDT   SUNSET   638 PM EDT


-  INDICATES NEGATIVE NUMBERS.
R  INDICATES RECORD WAS SET OR TIED.
MM INDICATES DATA IS MISSING.
T  INDICATES TRACE AMOUNT.




$$
