000
CDUS43 KDTX 042039
CLIMBS


CLIMATE REPORT
NATIONAL WEATHER SERVICE DETROIT/PONTIAC MI
439 PM EDT FRI SEP 4 2015


...................................

...THE TRI CITIES MI CLIMATE SUMMARY FOR SEPTEMBER 4 2015...
VALID TODAY AS OF 0400 PM LOCAL TIME.

CLIMATE NORMAL PERIOD 1981 TO 2010
CLIMATE RECORD PERIOD 1898 TO 2015


WEATHER ITEM   OBSERVED TIME   NORMAL DEPARTURE LAST
                VALUE   (LST)  VALUE  FROM      YEAR
                                      NORMAL
......................................................
TEMPERATURE (F)
 TODAY
  MAXIMUM         78    200 PM  76      2       81
  MINIMUM         68    418 AM  55     13       62
  AVERAGE         73            66      7       72

PRECIPITATION (IN)
  TODAY            T             0.13  -0.13     0.01
  MONTH TO DATE    1.04          0.48   0.56     0.96
  SINCE SEP 1      1.04          0.48   0.56     0.96
  SINCE JAN 1     21.64         21.00   0.64    23.07

SNOWFALL (IN)
  TODAY            0.0           0.0    0.0      0.0
  MONTH TO DATE    0.0           0.0    0.0      0.0
  SINCE SEP 1      0.0           0.0    0.0      0.0
  SINCE JUL 1      0.0           0.0    0.0      0.0
  SNOW DEPTH       0

DEGREE DAYS
 HEATING
  TODAY            0             2     -2        0
  MONTH TO DATE    0             8     -8        0
  SINCE SEP 1      0             8     -8        0
  SINCE JUL 1     18            48    -30       26

 COOLING
  TODAY            8             3      5        7
  MONTH TO DATE   37            12     25       28
  SINCE SEP 1     37            12     25       28
  SINCE JAN 1    624           516    108      513
......................................................


WIND (MPH)
  HIGHEST WIND SPEED    13   HIGHEST WIND DIRECTION    SE (120)
  HIGHEST GUST SPEED    15   HIGHEST GUST DIRECTION     E (110)
  AVERAGE WIND SPEED     5.3


SKY COVER
  AVERAGE SKY COVER 1.0


WEATHER CONDITIONS
 THE FOLLOWING WEATHER WAS RECORDED TODAY.
  LIGHT RAIN
  FOG
  HAZE


..........................................................


THE TRI CITIES MI CLIMATE NORMALS FOR TOMORROW
                         NORMAL
 MAXIMUM TEMPERATURE (F)   76
 MINIMUM TEMPERATURE (F)   54


SUNRISE AND SUNSET
SEPTEMBER  4 2015.....SUNRISE   703 AM EDT   SUNSET   807 PM EDT
SEPTEMBER  5 2015.....SUNRISE   704 AM EDT   SUNSET   805 PM EDT


-  INDICATES NEGATIVE NUMBERS.
R  INDICATES RECORD WAS SET OR TIED.
MM INDICATES DATA IS MISSING.
T  INDICATES TRACE AMOUNT.




$$
