000
CDUS43 KDTX 290537
CLIMBS


CLIMATE REPORT
NATIONAL WEATHER SERVICE DETROIT/PONTIAC MI
137 AM EDT FRI MAY 29 2015


...................................

...THE TRI CITIES MI CLIMATE SUMMARY FOR MAY 28 2015...

CLIMATE NORMAL PERIOD 1981 TO 2010
CLIMATE RECORD PERIOD 1898 TO 2015


WEATHER ITEM   OBSERVED TIME   NORMAL DEPARTURE LAST
                VALUE   (LST)  VALUE  FROM      YEAR
                                      NORMAL
......................................................
TEMPERATURE (F)
 YESTERDAY
  MAXIMUM         83    433 PM  72     11       68
  MINIMUM         57    509 AM  51      6       52
  AVERAGE         70            61      9

PRECIPITATION (IN)
  YESTERDAY        0.00          0.10  -0.10
  MONTH TO DATE    2.03          3.07  -1.04
  SINCE MAR 1      5.22          8.02  -2.80
  SINCE JAN 1      7.33         11.34  -4.01

SNOWFALL (IN)
  YESTERDAY        0.0
  MONTH TO DATE    0.0
  SINCE MAR 1      6.1
  SINCE JUL 1     38.0
  SNOW DEPTH       0

DEGREE DAYS
 HEATING
  YESTERDAY        0                   -5
  MONTH TO DATE  143                 -115
  SINCE MAR 1   1683                 -116
  SINCE JUL 1   7044                  146

 COOLING
  YESTERDAY        5                    3
  MONTH TO DATE   55                   30
  SINCE MAR 1     55                   26
  SINCE JAN 1     55                   26
......................................................


WIND (MPH)
  HIGHEST WIND SPEED    14   HIGHEST WIND DIRECTION    SW (230)
  HIGHEST GUST SPEED    18   HIGHEST GUST DIRECTION    SW (220)
  AVERAGE WIND SPEED     7.0



WEATHER CONDITIONS
 THE FOLLOWING WEATHER WAS RECORDED YESTERDAY.
  NO SIGNIFICANT WEATHER WAS OBSERVED.


RELATIVE HUMIDITY (PERCENT)
 HIGHEST    93
 LOWEST     42
 AVERAGE    68

..........................................................


THE TRI CITIES MI CLIMATE NORMALS FOR TODAY
                         NORMAL
 MAXIMUM TEMPERATURE (F)   72
 MINIMUM TEMPERATURE (F)   51


SUNRISE AND SUNSET
MAY 29 2015...........SUNRISE   600 AM EDT   SUNSET   908 PM EDT
MAY 30 2015...........SUNRISE   559 AM EDT   SUNSET   909 PM EDT


-  INDICATES NEGATIVE NUMBERS.
R  INDICATES RECORD WAS SET OR TIED.
MM INDICATES DATA IS MISSING.
T  INDICATES TRACE AMOUNT.




$$
