000
CDUS43 KDTX 010537
CLIMBS


CLIMATE REPORT
NATIONAL WEATHER SERVICE DETROIT/PONTIAC MI
137 AM EDT SAT AUG 1 2015


...................................

...THE TRI CITIES MI CLIMATE SUMMARY FOR JULY 31 2015...

CLIMATE NORMAL PERIOD 1981 TO 2010
CLIMATE RECORD PERIOD 1898 TO 2015


WEATHER ITEM   OBSERVED TIME   NORMAL DEPARTURE LAST
                VALUE   (LST)  VALUE  FROM      YEAR
                                      NORMAL
......................................................
TEMPERATURE (F)
 YESTERDAY
  MAXIMUM         87    310 PM  81      6       79
  MINIMUM         64    614 AM  60      4       56
  AVERAGE         76            70      6

PRECIPITATION (IN)
  YESTERDAY        T             0.09  -0.09
  MONTH TO DATE    2.38          2.58  -0.20
  SINCE JUN 1      6.46          5.56   0.90
  SINCE JAN 1     15.10         17.21  -2.11

SNOWFALL (IN)
  YESTERDAY        0.0
  MONTH TO DATE    0.0
  SINCE JUN 1      0.0
  SINCE JUL 1      0.0
  SNOW DEPTH       0

DEGREE DAYS
 HEATING
  YESTERDAY        0                    0
  MONTH TO DATE    9                    7
  SINCE JUN 1     49                  -23
  SINCE JUL 1      9                   -4

 COOLING
  YESTERDAY       11                    5
  MONTH TO DATE  226                   28
  SINCE JUN 1    344                   22
  SINCE JAN 1    408                   50
......................................................


WIND (MPH)
  HIGHEST WIND SPEED    25   HIGHEST WIND DIRECTION     W (260)
  HIGHEST GUST SPEED    31   HIGHEST GUST DIRECTION     W (270)
  AVERAGE WIND SPEED    12.2



WEATHER CONDITIONS
 THE FOLLOWING WEATHER WAS RECORDED YESTERDAY.
  LIGHT RAIN


RELATIVE HUMIDITY (PERCENT)
 HIGHEST    84
 LOWEST     32
 AVERAGE    58

..........................................................


THE TRI CITIES MI CLIMATE NORMALS FOR TODAY
                         NORMAL
 MAXIMUM TEMPERATURE (F)   81
 MINIMUM TEMPERATURE (F)   60


SUNRISE AND SUNSET
AUGUST  1 2015........SUNRISE   625 AM EDT   SUNSET   859 PM EDT
AUGUST  2 2015........SUNRISE   627 AM EDT   SUNSET   858 PM EDT


-  INDICATES NEGATIVE NUMBERS.
R  INDICATES RECORD WAS SET OR TIED.
MM INDICATES DATA IS MISSING.
T  INDICATES TRACE AMOUNT.




$$
