000
CDUS43 KDTX 240536
CLIMBS


CLIMATE REPORT
NATIONAL WEATHER SERVICE DETROIT/PONTIAC MI
136 AM EDT WED AUG 24 2016


...................................

...THE TRI CITIES MI CLIMATE SUMMARY FOR AUGUST 23 2016...

CLIMATE NORMAL PERIOD 1981 TO 2010
CLIMATE RECORD PERIOD 1898 TO 2016


WEATHER ITEM   OBSERVED TIME   NORMAL DEPARTURE LAST
                VALUE   (LST)  VALUE  FROM      YEAR
                                      NORMAL
......................................................
TEMPERATURE (F)
 YESTERDAY
  MAXIMUM         81    248 PM  79      2       79
  MINIMUM         59    615 AM  58      1       57
  AVERAGE         70            68      2

PRECIPITATION (IN)
  YESTERDAY        0.00          0.11  -0.11
  MONTH TO DATE    5.18          2.40   2.78
  SINCE JUN 1     10.38          7.96   2.42
  SINCE JAN 1     22.22         19.61   2.61

SNOWFALL (IN)
  YESTERDAY        0.0
  MONTH TO DATE    0.0
  SINCE JUN 1      0.0
  SINCE JUL 1      0.0
  SNOW DEPTH       0

DEGREE DAYS
 HEATING
  YESTERDAY        0                   -1
  MONTH TO DATE    0                  -21
  SINCE JUN 1     28                  -65
  SINCE JUL 1      2                  -32

 COOLING
  YESTERDAY        5                    1
  MONTH TO DATE  210                   92
  SINCE JUN 1    613                  173
  SINCE JAN 1    691                  215
......................................................


WIND (MPH)
  HIGHEST WIND SPEED    22   HIGHEST WIND DIRECTION    SW (220)
  HIGHEST GUST SPEED    28   HIGHEST GUST DIRECTION    SW (230)
  AVERAGE WIND SPEED     9.9



WEATHER CONDITIONS
 THE FOLLOWING WEATHER WAS RECORDED YESTERDAY.
  NO SIGNIFICANT WEATHER WAS OBSERVED.


RELATIVE HUMIDITY (PERCENT)
 HIGHEST    93
 LOWEST     51
 AVERAGE    72

..........................................................


THE TRI CITIES MI CLIMATE NORMALS FOR TODAY
                         NORMAL
 MAXIMUM TEMPERATURE (F)   79
 MINIMUM TEMPERATURE (F)   57


SUNRISE AND SUNSET
AUGUST 24 2016........SUNRISE   652 AM EDT   SUNSET   824 PM EDT
AUGUST 25 2016........SUNRISE   653 AM EDT   SUNSET   823 PM EDT


-  INDICATES NEGATIVE NUMBERS.
R  INDICATES RECORD WAS SET OR TIED.
MM INDICATES DATA IS MISSING.
T  INDICATES TRACE AMOUNT.




$$
