000
CDUS46 KHNX 200846
CLIMCE


CLIMATE REPORT
NATIONAL WEATHER SERVICE SAN JOAQUIN VALLEY, CA
1244 AM PST TUE FEB 20 2018


...................................

...THE MERCED  CA CLIMATE SUMMARY FOR FEBRUARY 19 2018...

CLIMATE NORMAL PERIOD 1981 TO 2010
CLIMATE RECORD PERIOD 1998 TO 2018


WEATHER ITEM   OBSERVED TIME   RECORD YEAR NORMAL DEPARTURE
                VALUE   (LST)  VALUE       VALUE  FROM
                                                  NORMAL
...............................................................
TEMPERATURE (F)
 YESTERDAY
  MAXIMUM         53    342 PM  67    2014  61     -8
  MINIMUM         30R   652 AM  35    2009  40    -10
                                      2003
  AVERAGE         42                        50     -8

PRECIPITATION (IN)
  YESTERDAY        0.00          0.33 2013   0.09  -0.09
  MONTH TO DATE    0.00                      1.52  -1.52
  SINCE OCT 1      2.29                      7.64  -5.35
  SINCE JAN 1      1.18                      4.13  -2.95

SNOWFALL (IN)
  YESTERDAY        0.0
  MONTH TO DATE    0.0
  SINCE DEC 1      0.0
  SINCE JUL 1      0.0
  SNOW DEPTH       0

DEGREE DAYS
 HEATING
  YESTERDAY       23
  MONTH TO DATE  232
  SINCE DEC 1   1239
  SINCE JUL 1   1593

 COOLING
  YESTERDAY        0
  MONTH TO DATE    0
  SINCE DEC 1      0
  SINCE JAN 1      0
...............................................................


WIND (MPH)
  HIGHEST WIND SPEED    22   HIGHEST WIND DIRECTION    NW (330)
  HIGHEST GUST SPEED    32   HIGHEST GUST DIRECTION    NW (320)
  AVERAGE WIND SPEED     7.3




RELATIVE HUMIDITY (PERCENT)
 HIGHEST    85
 LOWEST     24
 AVERAGE    55

..........................................................


THE MERCED  CA CLIMATE NORMALS FOR TODAY
                         NORMAL    RECORD    YEAR
 MAXIMUM TEMPERATURE (F)   62        68      2017
 MINIMUM TEMPERATURE (F)   40        26      2006


SUNRISE AND SUNSET
FEBRUARY 20 2018......SUNRISE   645 AM PST   SUNSET   547 PM PST
FEBRUARY 21 2018......SUNRISE   644 AM PST   SUNSET   549 PM PST


-  INDICATES NEGATIVE NUMBERS.
R  INDICATES RECORD WAS SET OR TIED.
MM INDICATES DATA IS MISSING.
T  INDICATES TRACE AMOUNT.




$$
