000
CDUS46 KHNX 060828
CLIMCE


CLIMATE REPORT
NATIONAL WEATHER SERVICE SAN JOAQUIN VALLEY, CA
1226 AM PST SAT FEB 6 2016


...................................

...THE MERCED  CA CLIMATE SUMMARY FOR FEBRUARY 5 2016...

CLIMATE NORMAL PERIOD 1981 TO 2010
CLIMATE RECORD PERIOD 1998 TO 2016


WEATHER ITEM   OBSERVED TIME   RECORD YEAR NORMAL DEPARTURE
                VALUE   (LST)  VALUE       VALUE  FROM
                                                  NORMAL
...............................................................
TEMPERATURE (F)
 YESTERDAY
  MAXIMUM         61    330 PM  69    2012  58      3
  MINIMUM         34    712 AM  29    2002  38     -4
  AVERAGE         48                        48      0

PRECIPITATION (IN)
  YESTERDAY        0.00          0.19 2010   0.08  -0.08
  MONTH TO DATE    T                         0.36  -0.36
  SINCE OCT 1      8.21                      6.48   1.73
  SINCE JAN 1      4.49                      2.97   1.52

SNOWFALL (IN)
  YESTERDAY        0.0
  MONTH TO DATE    0.0
  SINCE DEC 1      0.0
  SINCE JUL 1      0.0
  SNOW DEPTH       0

DEGREE DAYS
 HEATING
  YESTERDAY       17
  MONTH TO DATE  100
  SINCE DEC 1   1203
  SINCE JUL 1   1656

 COOLING
  YESTERDAY        0
  MONTH TO DATE    0
  SINCE DEC 1      0
  SINCE JAN 1      0
...............................................................


WIND (MPH)
  HIGHEST WIND SPEED     7   HIGHEST WIND DIRECTION     S (180)
  HIGHEST GUST SPEED    14   HIGHEST GUST DIRECTION    SW (210)
  AVERAGE WIND SPEED     2.0




RELATIVE HUMIDITY (PERCENT)
 HIGHEST   100
 LOWEST     55
 AVERAGE    78

..........................................................


THE MERCED  CA CLIMATE NORMALS FOR TODAY
                         NORMAL    RECORD    YEAR
 MAXIMUM TEMPERATURE (F)   58        69      2015
 MINIMUM TEMPERATURE (F)   38        30      2003


SUNRISE AND SUNSET
FEBRUARY  6 2016......SUNRISE   701 AM PST   SUNSET   532 PM PST
FEBRUARY  7 2016......SUNRISE   700 AM PST   SUNSET   533 PM PST


-  INDICATES NEGATIVE NUMBERS.
R  INDICATES RECORD WAS SET OR TIED.
MM INDICATES DATA IS MISSING.
T  INDICATES TRACE AMOUNT.




$$
