000
CDUS46 KHNX 290823
CLIMCE


CLIMATE REPORT
NATIONAL WEATHER SERVICE SAN JOAQUIN VALLEY, CA
123 AM PDT FRI APR 29 2016


...................................

...THE MERCED  CA CLIMATE SUMMARY FOR APRIL 28 2016...

CLIMATE NORMAL PERIOD 1981 TO 2010
CLIMATE RECORD PERIOD 1998 TO 2016


WEATHER ITEM   OBSERVED TIME   RECORD YEAR NORMAL DEPARTURE
                VALUE   (LST)  VALUE       VALUE  FROM
                                                  NORMAL
...............................................................
TEMPERATURE (F)
 YESTERDAY
  MAXIMUM         75    456 PM  95    2007  77     -2
  MINIMUM         44    539 AM  36    1999  48     -4
  AVERAGE         60                        62     -2

PRECIPITATION (IN)
  YESTERDAY        0.00          0.66 2005   0.03  -0.03
  MONTH TO DATE    3.59                      0.90   2.69
  SINCE OCT 1     14.55                     11.43   3.12
  SINCE JAN 1     10.83                      7.92   2.91

SNOWFALL (IN)
  YESTERDAY        0.0
  MONTH TO DATE    0.0
  SINCE MAR 1      0.0
  SINCE JUL 1      0.0
  SNOW DEPTH       0

DEGREE DAYS
 HEATING
  YESTERDAY        5
  MONTH TO DATE   88
  SINCE MAR 1    338
  SINCE JUL 1   2235

 COOLING
  YESTERDAY        0
  MONTH TO DATE   27
  SINCE MAR 1     27
  SINCE JAN 1     27
...............................................................


WIND (MPH)
  HIGHEST WIND SPEED    10   HIGHEST WIND DIRECTION    NE (50)
  HIGHEST GUST SPEED    14   HIGHEST GUST DIRECTION    NE (40)
  AVERAGE WIND SPEED     3.6




RELATIVE HUMIDITY (PERCENT)
 HIGHEST   100
 LOWEST     38
 AVERAGE    69

..........................................................


THE MERCED  CA CLIMATE NORMALS FOR TODAY
                         NORMAL    RECORD    YEAR
 MAXIMUM TEMPERATURE (F)   78        93      2013
                                             2007
 MINIMUM TEMPERATURE (F)   48        40      2010
                                             2009


SUNRISE AND SUNSET
APRIL 29 2016.........SUNRISE   609 AM PDT   SUNSET   751 PM PDT
APRIL 30 2016.........SUNRISE   608 AM PDT   SUNSET   752 PM PDT


-  INDICATES NEGATIVE NUMBERS.
R  INDICATES RECORD WAS SET OR TIED.
MM INDICATES DATA IS MISSING.
T  INDICATES TRACE AMOUNT.




$$
