000
CDUS46 KHNX 180823
CLIMCE


CLIMATE REPORT
NATIONAL WEATHER SERVICE SAN JOAQUIN VALLEY, CA
123 AM PDT WED OCT 18 2017


...................................

...THE MERCED  CA CLIMATE SUMMARY FOR OCTOBER 17 2017...

CLIMATE NORMAL PERIOD 1981 TO 2010
CLIMATE RECORD PERIOD 1998 TO 2017


WEATHER ITEM   OBSERVED TIME   RECORD YEAR NORMAL DEPARTURE
                VALUE   (LST)  VALUE       VALUE  FROM
                                                  NORMAL
...............................................................
TEMPERATURE (F)
 YESTERDAY
  MAXIMUM         82    239 PM  92    2008  78      4
  MINIMUM         47    514 AM  39    1998  48     -1
  AVERAGE         65                        63      2

PRECIPITATION (IN)
  YESTERDAY        0.00          0.53 2004   0.03  -0.03
  MONTH TO DATE    0.00                      0.26  -0.26
  SINCE OCT 1      0.00                      0.26  -0.26
  SINCE JAN 1     11.82                      9.25   2.57

SNOWFALL (IN)
  YESTERDAY        0.0
  MONTH TO DATE    0.0
  SINCE SEP 1      0.0
  SINCE JUL 1      0.0
  SNOW DEPTH       0

DEGREE DAYS
 HEATING
  YESTERDAY        0
  MONTH TO DATE   44
  SINCE SEP 1     53
  SINCE JUL 1     53

 COOLING
  YESTERDAY        0
  MONTH TO DATE    7
  SINCE SEP 1    288
  SINCE JAN 1   1824
...............................................................


WIND (MPH)
  HIGHEST WIND SPEED    10   HIGHEST WIND DIRECTION    NW (300)
  HIGHEST GUST SPEED    13   HIGHEST GUST DIRECTION    NW (320)
  AVERAGE WIND SPEED     2.7




RELATIVE HUMIDITY (PERCENT)
 HIGHEST    61
 LOWEST     21
 AVERAGE    41

..........................................................


THE MERCED  CA CLIMATE NORMALS FOR TODAY
                         NORMAL    RECORD    YEAR
 MAXIMUM TEMPERATURE (F)   78        92      2012
 MINIMUM TEMPERATURE (F)   48        40      1998


SUNRISE AND SUNSET
OCTOBER 18 2017.......SUNRISE   713 AM PDT   SUNSET   621 PM PDT
OCTOBER 19 2017.......SUNRISE   714 AM PDT   SUNSET   620 PM PDT


-  INDICATES NEGATIVE NUMBERS.
R  INDICATES RECORD WAS SET OR TIED.
MM INDICATES DATA IS MISSING.
T  INDICATES TRACE AMOUNT.




$$
