000
CDUS46 KHNX 220821
CLIMCE


CLIMATE REPORT
NATIONAL WEATHER SERVICE SAN JOAQUIN VALLEY, CA
121 AM PDT WED OCT 22 2014


...................................

...THE MERCED  CA CLIMATE SUMMARY FOR OCTOBER 21 2014...

CLIMATE NORMAL PERIOD 1981 TO 2010
CLIMATE RECORD PERIOD 1998 TO 2014


WEATHER ITEM   OBSERVED TIME   RECORD YEAR NORMAL DEPARTURE
                VALUE   (LST)  VALUE       VALUE  FROM
                                                  NORMAL
...............................................................
TEMPERATURE (F)
 YESTERDAY
  MAXIMUM         74    306 PM  94    2003  76     -2
  MINIMUM         51    622 AM  41    2007  48      3
  AVERAGE         63                        62      1

PRECIPITATION (IN)
  YESTERDAY        0.00          0.00   MM   0.02  -0.02
  MONTH TO DATE    0.00                      0.36  -0.36
  SINCE JUL 1      T                         0.67  -0.67
  SINCE JAN 1      3.96                      9.35  -5.39

SNOWFALL (IN)
  YESTERDAY        0.0
  MONTH TO DATE    0.0
  SINCE SEP 1      0.0
  SINCE JUL 1      0.0
  SNOW DEPTH       0

DEGREE DAYS
 HEATING
  YESTERDAY        2
  MONTH TO DATE    2
  SINCE SEP 1      2
  SINCE JUL 1      2

 COOLING
  YESTERDAY        0
  MONTH TO DATE  140
  SINCE SEP 1    496
  SINCE JAN 1   2144
...............................................................


WIND (MPH)
  HIGHEST WIND SPEED    20   HIGHEST WIND DIRECTION    NW (310)
  HIGHEST GUST SPEED    23   HIGHEST GUST DIRECTION    NW (320)
  AVERAGE WIND SPEED    10.9




RELATIVE HUMIDITY (PERCENT)
 HIGHEST    83
 LOWEST     31
 AVERAGE    57

..........................................................


THE MERCED  CA CLIMATE NORMALS FOR TODAY
                         NORMAL    RECORD    YEAR
 MAXIMUM TEMPERATURE (F)   76        87      2003
 MINIMUM TEMPERATURE (F)   47        42      2001


SUNRISE AND SUNSET
OCTOBER 22 2014.......SUNRISE   717 AM PDT   SUNSET   616 PM PDT
OCTOBER 23 2014.......SUNRISE   718 AM PDT   SUNSET   615 PM PDT


-  INDICATES NEGATIVE NUMBERS.
R  INDICATES RECORD WAS SET OR TIED.
MM INDICATES DATA IS MISSING.
T  INDICATES TRACE AMOUNT.




$$
