000
CDUS46 KHNX 300821
CLIMCE


CLIMATE REPORT
NATIONAL WEATHER SERVICE SAN JOAQUIN VALLEY, CA
120 AM PDT SAT MAY 30 2015


...................................

...THE MERCED  CA CLIMATE SUMMARY FOR MAY 29 2015...

CLIMATE NORMAL PERIOD 1981 TO 2010
CLIMATE RECORD PERIOD 1998 TO 2015


WEATHER ITEM   OBSERVED TIME   RECORD YEAR NORMAL DEPARTURE
                VALUE   (LST)  VALUE       VALUE  FROM
                                                  NORMAL
...............................................................
TEMPERATURE (F)
 YESTERDAY
  MAXIMUM         93    327 PM  97    2003  85      8
  MINIMUM         55    426 AM  46    2010  54      1
                                      2006
  AVERAGE         74                        70      4

PRECIPITATION (IN)
  YESTERDAY        0.00          0.01 2011   0.01  -0.01
  MONTH TO DATE    0.74                      0.57   0.17
  SINCE OCT 1      7.84                     12.05  -4.21
  SINCE JAN 1      3.09                      8.54  -5.45

SNOWFALL (IN)
  YESTERDAY        0.0
  MONTH TO DATE    0.0
  SINCE MAR 1      0.0
  SINCE JUL 1      0.0
  SNOW DEPTH       0

DEGREE DAYS
 HEATING
  YESTERDAY        0
  MONTH TO DATE   50
  SINCE MAR 1    309
  SINCE JUL 1   1773

 COOLING
  YESTERDAY        9
  MONTH TO DATE   57
  SINCE MAR 1    101
  SINCE JAN 1    101
...............................................................


WIND (MPH)
  HIGHEST WIND SPEED    15   HIGHEST WIND DIRECTION    NW (320)
  HIGHEST GUST SPEED    17   HIGHEST GUST DIRECTION    NW (310)
  AVERAGE WIND SPEED     7.1




RELATIVE HUMIDITY (PERCENT)
 HIGHEST    80
 LOWEST     14
 AVERAGE    47

..........................................................


THE MERCED  CA CLIMATE NORMALS FOR TODAY
                         NORMAL    RECORD    YEAR
 MAXIMUM TEMPERATURE (F)   85        99      2002
 MINIMUM TEMPERATURE (F)   54        48      2011
                                             2000


SUNRISE AND SUNSET
MAY 30 2015...........SUNRISE   544 AM PDT   SUNSET   816 PM PDT
MAY 31 2015...........SUNRISE   544 AM PDT   SUNSET   817 PM PDT


-  INDICATES NEGATIVE NUMBERS.
R  INDICATES RECORD WAS SET OR TIED.
MM INDICATES DATA IS MISSING.
T  INDICATES TRACE AMOUNT.




$$
