000
CDUS46 KHNX 160823
CLIMCE


CLIMATE REPORT
NATIONAL WEATHER SERVICE SAN JOAQUIN VALLEY, CA
1222 AM PST MON JAN 16 2017


...................................

...THE MERCED  CA CLIMATE SUMMARY FOR JANUARY 15 2017...

CLIMATE NORMAL PERIOD 1981 TO 2010
CLIMATE RECORD PERIOD 1998 TO 2017


WEATHER ITEM   OBSERVED TIME   RECORD YEAR NORMAL DEPARTURE
                VALUE   (LST)  VALUE       VALUE  FROM
                                                  NORMAL
...............................................................
TEMPERATURE (F)
 YESTERDAY
  MAXIMUM         46    336 PM  67    2014  53     -7
                                      2009
  MINIMUM         31    659 AM  19    2007  37     -6
  AVERAGE         39                        45     -6

PRECIPITATION (IN)
  YESTERDAY        0.00          0.23 1999   0.10  -0.10
  MONTH TO DATE    4.19                      1.57   2.62
  SINCE OCT 1      8.42                      5.08   3.34
  SINCE JAN 1      4.19                      1.57   2.62

SNOWFALL (IN)
  YESTERDAY        0.0
  MONTH TO DATE    0.0
  SINCE DEC 1      0.0
  SINCE JUL 1      0.0
  SNOW DEPTH       0

DEGREE DAYS
 HEATING
  YESTERDAY       26
  MONTH TO DATE  258
  SINCE DEC 1    864
  SINCE JUL 1   1209

 COOLING
  YESTERDAY        0
  MONTH TO DATE    0
  SINCE DEC 1      0
  SINCE JAN 1      0
...............................................................


WIND (MPH)
  HIGHEST WIND SPEED     8   HIGHEST WIND DIRECTION     N (340)
  HIGHEST GUST SPEED    11   HIGHEST GUST DIRECTION     N (20)
  AVERAGE WIND SPEED     2.2




RELATIVE HUMIDITY (PERCENT)
 HIGHEST   100
 LOWEST     71
 AVERAGE    86

..........................................................


THE MERCED  CA CLIMATE NORMALS FOR TODAY
                         NORMAL    RECORD    YEAR
 MAXIMUM TEMPERATURE (F)   53        68      2014
 MINIMUM TEMPERATURE (F)   37        21      2007


SUNRISE AND SUNSET
JANUARY 16 2017.......SUNRISE   715 AM PST   SUNSET   510 PM PST
JANUARY 17 2017.......SUNRISE   714 AM PST   SUNSET   511 PM PST


-  INDICATES NEGATIVE NUMBERS.
R  INDICATES RECORD WAS SET OR TIED.
MM INDICATES DATA IS MISSING.
T  INDICATES TRACE AMOUNT.




$$
