000
CDAK49 PAMC 301111
CLIMCG

CLIMATE REPORT
NATIONAL WEATHER SERVICE MCGRATH, AK
311 AM AKDT THU JUL 30 2015

...................................
...THE MCGRATH AIRPORT CLIMATE SUMMARY FOR JULY 29 2015...

CLIMATE NORMAL PERIOD  1981 TO  2010
CLIMATE RECORD PERIOD  1940 TO  2015

WEATHER ITEM   OBSERVED TIME    RECORD YEAR NORMAL DEPARTURE LAST
               VALUE    (LST)   VALUE       VALUE  FROM      YEAR
                                                   NORMAL
...................................................................
TEMPERATURE
YESTERDAY
 MAXIMUM            70  0329 PM    82  1953     67       3     72
 MINIMUM            47  0527 AM    36  1971     50      -3     45
 AVERAGE            59                          58       1     59

PRECIPITATION
(INCHES)
 YESTERDAY        0.01           0.56  1945   0.09   -0.08   0.00
 MONTH TO DATE    3.83                        2.20    1.63   2.44
 SINCE JUN 1      4.91                        3.72    1.19   3.96
 SINCE JAN 1      6.25                        8.39   -2.14   6.69

SNOWFALL
(INCHES)
 YESTERDAY         0.0            0.0  2015    0.0     0.0    0.0
 MONTH TO DATE     0.0                         0.0     0.0    0.0
 SINCE JUN 1       0.0                         0.0     0.0    0.0
 SINCE JUL 1       0.0                         0.0     0.0    0.0
 SNOW DEPTH (IN)     0                                          0

DEGREE DAYS
 HEATING
  YESTERDAY          6                           7      -1      6
  MONTH TO DATE     MM                         158      MM    180
  SINCE JUN 1      960                         392     568    485
  SINCE JUL 1      767                         158     609    180

 COOLING
  YESTERDAY          0                           0       0      0
  MONTH TO DATE     MM                          11      MM     11
  SINCE JUN 1       26                          16      10     11
  SINCE JAN 1       MM                          16      MM     11
...................................................................

WIND (MPH)
 HIGHEST WIND SPEED    12     HIGHEST WIND DIRECTION    150
 HIGHEST GUST SPEED    14     HIGHEST GUST DIRECTION    210
 AVERAGE WIND SPEED   2.3

WEATHER CONDITIONS
 THE FOLLOWING WEATHER WAS RECORDED YESTERDAY.
  FOG
  RAIN
...................................................................

THE MCGRATH CLIMATE NORMALS FOR TODAY
                           NORMAL    RECORD   YEAR
 MAXIMUM TEMPERATURE (F)     67        89     1977
 MINIMUM TEMPERATURE (F)     49        37     1948

SUNRISE AND SUNSET
 JUL 30 2015..........SUNRISE  5:35 AM      SUNSET 11:22 PM
 JUL 31 2015..........SUNRISE  5:38 AM      SUNSET 11:19 PM

-  INDICATES NEGATIVE NUMBERS.
R  INDICATES RECORD HAS BEEN SET OR TIED.
MM INDICATES DATA IS MISSING.
T  INDICATES TRACE OF PRECIPITATION.

&&
-------------------------------------------------------------------

AMOUNT OF DAYLIGHT TODAY  (HOUR:MIN)........17 HOURS 47 MINUTES
LOSS SINCE YESTERDAY (HOUR:MIN:SEC).........-0:05:51

$$
CRG JUL 15
