690
CDAK49 PAFG 210948
CLIMCG

CLIMATE REPORT
NATIONAL WEATHER SERVICE FAIRBANKS AK
1248 AM AKST SUN JAN 21 2018


...................................

...THE MCGRATH AK CLIMATE SUMMARY FOR JANUARY 20 2018...

CLIMATE NORMAL PERIOD 1981 TO 2010
CLIMATE RECORD PERIOD 1946 TO 2018


WEATHER ITEM   OBSERVED TIME   RECORD YEAR NORMAL DEPARTURE LAST
                VALUE   (LST)  VALUE       VALUE  FROM      YEAR
                                                  NORMAL
..................................................................
TEMPERATURE (F)
 YESTERDAY
  MAXIMUM         -3    439 AM  46    1961   2     -5       -9
  MINIMUM        -21   1129 AM -59    1989 -16     -5      -24
  AVERAGE        -12                        -7     -5      -16

PRECIPITATION (IN)
  YESTERDAY        0.00          0.17 1953   0.04  -0.04     0.05
  MONTH TO DATE    0.10                      0.73  -0.63     0.50
  SINCE DEC 1      1.23                      2.02  -0.79     1.47
  SINCE JAN 1      0.10                      0.73  -0.63     0.50

SNOWFALL (IN)
  YESTERDAY        0.0           2.9  1953   0.4   -0.4      2.8
  MONTH TO DATE    1.4                      10.4   -9.0     14.0
  SINCE DEC 1     10.3                      30.6  -20.3     27.9
  SINCE JUL 1     37.1                      61.6  -24.5     36.2
  SNOW DEPTH      14

DEGREE DAYS
 HEATING
  YESTERDAY       77                        72      5       81
  MONTH TO DATE 1237                      1439   -202     1496
  SINCE DEC 1   2646                      3553   -907     3518
  SINCE JUL 1   6071                      7676  -1605     7264

 COOLING
  YESTERDAY        0                         0      0        0
  MONTH TO DATE    0                         0      0        0
  SINCE DEC 1      0                         0      0        0
  SINCE JAN 1      0                         0      0        0
..................................................................


WIND (MPH)
  HIGHEST GUST SPEED    14   HIGHEST GUST DIRECTION     N (10)


SKY COVER
  AVERAGE SKY COVER 0.0


WEATHER CONDITIONS
 THE FOLLOWING WEATHER WAS RECORDED YESTERDAY.
  NO SIGNIFICANT WEATHER WAS OBSERVED.


RELATIVE HUMIDITY (PERCENT)
 HIGHEST    70
 LOWEST     47
 AVERAGE    59

..........................................................


THE MCGRATH AK CLIMATE NORMALS FOR TODAY
                         NORMAL    RECORD    YEAR
 MAXIMUM TEMPERATURE (F)    2        41      1961
 MINIMUM TEMPERATURE (F)  -15       -61      1973


SUNRISE AND SUNSET
JANUARY 21 2018.......SUNRISE  1023 AM AKST  SUNSET   447 PM AKST
JANUARY 22 2018.......SUNRISE  1020 AM AKST  SUNSET   450 PM AKST

-  INDICATES NEGATIVE NUMBERS.
R  INDICATES RECORD WAS SET OR TIED.
MM INDICATES DATA IS MISSING.
T  INDICATES TRACE AMOUNT.

&&

SNOW DEPTH IS MEASURED AT 3AM AKST/4AM AKDT.

----------------------------
AVAILABLE DAYLIGHT

AMOUNT OF DAYLIGHT TODAY  (HOUR:MIN)........6:24
GAIN/LOSS SINCE YESTERDAY (HOUR:MIN:SEC)....+0:05:19

$$
JAN 18
