000
CDAK49 PAMC 131140
CLIMCG

CLIMATE REPORT
NATIONAL WEATHER SERVICE MCGRATH, AK
340 AM AKDT SUN JUL 13 2014

...................................
...THE MCGRATH AIRPORT CLIMATE SUMMARY FOR JULY 12 2014...

CLIMATE NORMAL PERIOD  1981 TO  2010
CLIMATE RECORD PERIOD  1940 TO  2014

WEATHER ITEM   OBSERVED TIME    RECORD YEAR NORMAL DEPARTURE LAST
               VALUE    (LST)   VALUE       VALUE  FROM      YEAR
                                                   NORMAL
...................................................................
TEMPERATURE
YESTERDAY
 MAXIMUM            67  0450 PM    85  2009     70      -3     79
 MINIMUM            53  0701 AM    33  1959     51       2     45
 AVERAGE            60                          61      -1     62

PRECIPITATION
(INCHES)
 YESTERDAY        0.13           1.24  1955   0.07    0.06   0.00
 MONTH TO DATE    1.00                        0.82    0.18   1.11
 SINCE JUN 1      2.52                        2.34    0.18   1.97
 SINCE JAN 1      5.25                        7.01   -1.76   5.83

SNOWFALL
(INCHES)
 YESTERDAY         0.0            0.0  2014    0.0     0.0    0.0
 MONTH TO DATE     0.0                         0.0     0.0    0.0
 SINCE JUN 1       0.0                         0.0     0.0    0.0
 SINCE JUL 1       0.0                         0.0     0.0    0.0
 SNOW DEPTH (IN)     0                                          0

DEGREE DAYS
 HEATING
  YESTERDAY          5                           5       0      3
  MONTH TO DATE     32                          60     -28    115
  SINCE JUN 1      337                         294      43    250
  SINCE JUL 1       32                          60     -28    115

 COOLING
  YESTERDAY          0                           0       0      0
  MONTH TO DATE     11                          11       0      0
  SINCE JUN 1       11                          16      -5     51
  SINCE JAN 1       11                          16      -5     60
...................................................................

WIND (MPH)
 HIGHEST WIND SPEED    20     HIGHEST WIND DIRECTION    200
 HIGHEST GUST SPEED    25     HIGHEST GUST DIRECTION    210
 AVERAGE WIND SPEED   4.9

WEATHER CONDITIONS
 THE FOLLOWING WEATHER WAS RECORDED YESTERDAY.
 FOG
 RAIN
...................................................................

THE MCGRATH CLIMATE NORMALS FOR TODAY
                           NORMAL    RECORD   YEAR
 MAXIMUM TEMPERATURE (F)     70        88     1960
 MINIMUM TEMPERATURE (F)     51        38     1954

SUNRISE AND SUNSET
 JUL 13 2014..........SUNRISE  4:49 AM      SUNSET 12:06 AM
 JUL 14 2014..........SUNRISE  4:52 AM      SUNSET 12:04 AM

-  INDICATES NEGATIVE NUMBERS.
R  INDICATES RECORD HAS BEEN SET OR TIED.
MM INDICATES DATA IS MISSING.
T  INDICATES TRACE OF PRECIPITATION.

&&
-------------------------------------------------------------------

AMOUNT OF DAYLIGHT TODAY  (HOUR:MIN)........19 HOURS 17 MINUTES
LOSS SINCE YESTERDAY (HOUR:MIN:SEC)....-0:04:35

$$
ADJ JUL 14
