514
CDAK49 PAFG 190941
CLIMCG

CLIMATE REPORT
NATIONAL WEATHER SERVICE FAIRBANKS AK
141 AM AKDT SAT AUG 19 2017


...................................

...THE MCGRATH AK CLIMATE SUMMARY FOR AUGUST 18 2017...

CLIMATE NORMAL PERIOD 1981 TO 2010
CLIMATE RECORD PERIOD 1946 TO 2017


WEATHER ITEM   OBSERVED TIME   RECORD YEAR NORMAL DEPARTURE LAST
                VALUE   (LST)  VALUE       VALUE  FROM      YEAR
                                                  NORMAL
..................................................................
TEMPERATURE (F)
 YESTERDAY
  MAXIMUM         56    641 PM  87    2004  63     -7       71
  MINIMUM         40   1141 PM  33    1969  46     -6       55
  AVERAGE         48                        54     -6       63

PRECIPITATION (IN)
  YESTERDAY        T             1.39 1975   0.09  -0.09      T
  MONTH TO DATE    3.00                      1.64   1.36     1.69
  SINCE JUN 1      6.01                      5.54   0.47     8.29
  SINCE JAN 1      9.00                     10.21  -1.21    10.94

SNOWFALL (IN)
  YESTERDAY        0.0           0.0    MM   0.0    0.0      0.0
  MONTH TO DATE    0.0                       0.0    0.0      0.0
  SINCE JUN 1      T                         0.0    0.0      0.0
  SINCE JUL 1      0.0                       0.0    0.0      0.0
  SNOW DEPTH       0

DEGREE DAYS
 HEATING
  YESTERDAY       17                        11      6        2
  MONTH TO DATE  118                       164    -46       75
  SINCE JUN 1    339                       565   -226      375
  SINCE JUL 1    180                       331   -151      185

 COOLING
  YESTERDAY        0                         0      0        0
  MONTH TO DATE    5                         0      5        0
  SINCE JUN 1     37                        18     19       29
  SINCE JAN 1     37                        18     19       29
..................................................................


WIND (MPH)
  HIGHEST GUST SPEED    16   HIGHEST GUST DIRECTION     W (290)


SKY COVER
  AVERAGE SKY COVER 0.5


WEATHER CONDITIONS
 THE FOLLOWING WEATHER WAS RECORDED YESTERDAY.
  LIGHT RAIN
  FOG


RELATIVE HUMIDITY (PERCENT)
 HIGHEST   100
 LOWEST     43
 AVERAGE    72

..........................................................


THE MCGRATH AK CLIMATE NORMALS FOR TODAY
                         NORMAL    RECORD    YEAR
 MAXIMUM TEMPERATURE (F)   63        80      2004
 MINIMUM TEMPERATURE (F)   45        32      1997
                                             1969


SUNRISE AND SUNSET
AUGUST 19 2017........SUNRISE   634 AM AKDT  SUNSET  1016 PM AKDT
AUGUST 20 2017........SUNRISE   637 AM AKDT  SUNSET  1013 PM AKDT

-  INDICATES NEGATIVE NUMBERS.
R  INDICATES RECORD WAS SET OR TIED.
MM INDICATES DATA IS MISSING.
T  INDICATES TRACE AMOUNT.

&&

SNOW DEPTH IS MEASURED AT 3AM AKST/4AM AKDT.

----------------------------
AVAILABLE DAYLIGHT

AMOUNT OF DAYLIGHT TODAY  (HOUR:MIN)........15:42
GAIN/LOSS SINCE YESTERDAY (HOUR:MIN:SEC)....-0:06:08

$$
SDB AUG 17
