000
CDAK49 PAFG 231152
CLIMCG

CLIMATE REPORT
NATIONAL WEATHER SERVICE FAIRBANKS AK
352 AM AKDT MON OCT 23 2017


...................................

...THE MCGRATH AK CLIMATE SUMMARY FOR OCTOBER 22 2017...

CLIMATE NORMAL PERIOD 1981 TO 2010
CLIMATE RECORD PERIOD 1946 TO 2017


WEATHER ITEM   OBSERVED TIME   RECORD YEAR NORMAL DEPARTURE LAST
                VALUE   (LST)  VALUE       VALUE  FROM      YEAR
                                                  NORMAL
..................................................................
TEMPERATURE (F)
 YESTERDAY
  MAXIMUM         19    349 PM  54    1980  27     -8       29
  MINIMUM          1    604 AM -13    2008  14    -13       10
                                      1956
  AVERAGE         10                        21    -11       20

PRECIPITATION (IN)
  YESTERDAY        T             0.63 1975   0.04  -0.04     0.00
  MONTH TO DATE    2.19                      1.11   1.08     0.05
  SINCE SEP 1      3.84                      3.60   0.24     5.13
  SINCE JAN 1     14.21                     14.97  -0.76    17.96

SNOWFALL (IN)
  YESTERDAY        T             3.5  1953   0.4   -0.4      0.0
  MONTH TO DATE    0.3                       6.1   -5.8       T
  SINCE SEP 1      0.3                       7.6   -7.3       T
  SINCE JUL 1      0.3                       7.6   -7.3       T
  SNOW DEPTH       T

DEGREE DAYS
 HEATING
  YESTERDAY       55                        44     11       45
  MONTH TO DATE  656                       804   -148      705
  SINCE SEP 1   1179                      1416   -237     1248
  SINCE JUL 1   1532                      1907   -375     1524

 COOLING
  YESTERDAY        0                         0      0        0
  MONTH TO DATE    0                         0      0        0
  SINCE SEP 1      0                         0      0        0
  SINCE JAN 1     37                        20     17       29
..................................................................


WIND (MPH)
  HIGHEST GUST SPEED     8   HIGHEST GUST DIRECTION    SE (120)


SKY COVER
  AVERAGE SKY COVER 0.2


WEATHER CONDITIONS
 THE FOLLOWING WEATHER WAS RECORDED YESTERDAY.
  NO SIGNIFICANT WEATHER WAS OBSERVED.


RELATIVE HUMIDITY (PERCENT)
 HIGHEST    87
 LOWEST     67
 AVERAGE    77

..........................................................


THE MCGRATH AK CLIMATE NORMALS FOR TODAY
                         NORMAL    RECORD    YEAR
 MAXIMUM TEMPERATURE (F)   26        49      1981
 MINIMUM TEMPERATURE (F)   13       -13      1956


SUNRISE AND SUNSET
OCTOBER 23 2017.......SUNRISE   934 AM AKDT  SUNSET   639 PM AKDT
OCTOBER 24 2017.......SUNRISE   937 AM AKDT  SUNSET   636 PM AKDT

-  INDICATES NEGATIVE NUMBERS.
R  INDICATES RECORD WAS SET OR TIED.
MM INDICATES DATA IS MISSING.
T  INDICATES TRACE AMOUNT.

&&

SNOW DEPTH IS MEASURED AT 3AM AKST/4AM AKDT.

----------------------------
AVAILABLE DAYLIGHT

AMOUNT OF DAYLIGHT TODAY  (HOUR:MIN)........9:05
GAIN/LOSS SINCE YESTERDAY (HOUR:MIN:SEC)....-0:06:06

$$
OCT 17
