697
CDAK49 PAFG 260956
CLIMCG

CLIMATE REPORT
NATIONAL WEATHER SERVICE FAIRBANKS AK
156 AM AKDT MON SEP 26 2016


...................................

...THE MCGRATH AK CLIMATE SUMMARY FOR SEPTEMBER 25 2016...

CLIMATE NORMAL PERIOD 1981 TO 2010
CLIMATE RECORD PERIOD 1946 TO 2016


WEATHER ITEM   OBSERVED TIME   RECORD YEAR NORMAL DEPARTURE LAST
                VALUE   (LST)  VALUE       VALUE  FROM      YEAR
                                                  NORMAL
..................................................................
TEMPERATURE (F)
 YESTERDAY
  MAXIMUM         46        MM  65    1976  48     -2       MM
  MINIMUM         28        MM   9    1992  32     -4       MM
  AVERAGE         37                        40     -3       MM

PRECIPITATION (IN)
  YESTERDAY        T             0.72 2013   0.08  -0.08    MM
  MONTH TO DATE    5.08                      2.10   2.98    MM
  SINCE SEP 1      5.08                      2.10   2.98    MM
  SINCE JAN 1     17.91                     13.47   4.44    MM

SNOWFALL (IN)
  YESTERDAY        0.0           2.5  1996   0.1   -0.1     MM
  MONTH TO DATE    0.0                       0.9   -0.9     MM
  SINCE SEP 1      0.0                       0.9   -0.9     MM
  SINCE JUL 1      0.0                       0.9   -0.9     MM
  SNOW DEPTH       0

DEGREE DAYS
 HEATING
  YESTERDAY       28                        25      3       MM
  MONTH TO DATE  423                       478    -55       MM
  SINCE SEP 1    423                       478    -55       MM
  SINCE JUL 1    699                       969   -270       MM

 COOLING
  YESTERDAY        0                         0      0       MM
  MONTH TO DATE    0                         0      0       MM
  SINCE SEP 1      0                         0      0       MM
  SINCE JAN 1     29                        20      9       MM
..................................................................


WIND (MPH)
  HIGHEST GUST SPEED    MM   HIGHEST GUST DIRECTION    MM


SKY COVER
  AVERAGE SKY COVER 0.4


WEATHER CONDITIONS
 THE FOLLOWING WEATHER WAS RECORDED YESTERDAY.
  LIGHT RAIN
  FOG
  FOG W/VISIBILITY <= 1/4 MILE


RELATIVE HUMIDITY (PERCENT)
 HIGHEST    92
 LOWEST     58
 AVERAGE    75

..........................................................


THE MCGRATH AK CLIMATE NORMALS FOR TODAY
                         NORMAL    RECORD    YEAR
 MAXIMUM TEMPERATURE (F)   47        60      2012
                                             1979
                                             1966
 MINIMUM TEMPERATURE (F)   32         9      1983


SUNRISE AND SUNSET
SEPTEMBER 26 2016.....SUNRISE   819 AM AKDT  SUNSET   807 PM AKDT
SEPTEMBER 27 2016.....SUNRISE   822 AM AKDT  SUNSET   804 PM AKDT

-  INDICATES NEGATIVE NUMBERS.
R  INDICATES RECORD WAS SET OR TIED.
MM INDICATES DATA IS MISSING.
T  INDICATES TRACE AMOUNT.

&&

SNOW DEPTH IS MEASURED AT 3AM AKST/4AM AKDT.

----------------------------
AVAILABLE DAYLIGHT

AMOUNT OF DAYLIGHT TODAY  (HOUR:MIN)........11:48
GAIN/LOSS SINCE YESTERDAY (HOUR:MIN:SEC)....-0:06:05

$$
SDB SEP 16
