000
CDAK49 PAMC 260901
CLIMCG

CLIMATE REPORT
NATIONAL WEATHER SERVICE MCGRATH, AK
101 AM AKDT FRI AUG 26 2016

...................................
...THE MCGRATH AIRPORT CLIMATE SUMMARY FOR AUGUST 25 2016...

CLIMATE NORMAL PERIOD  1981 TO  2010
CLIMATE RECORD PERIOD  1940 TO  2016

WEATHER ITEM   OBSERVED TIME    RECORD YEAR NORMAL DEPARTURE LAST
               VALUE    (LST)   VALUE       VALUE  FROM      YEAR
                                                   NORMAL
...................................................................
TEMPERATURE
YESTERDAY
 MAXIMUM            67  0409 PM    79  1987     62       5     60
 MINIMUM            53  1159 PM    28  2009     44       9     53
 AVERAGE            60                          53       7     57

PRECIPITATION
(INCHES)
 YESTERDAY        0.13           1.33  1990   0.09    0.04   0.72
 MONTH TO DATE    3.77                        2.27    1.50   2.48
 SINCE JUN 1     10.38                        6.17    4.21   7.42
 SINCE JAN 1     13.19                       10.84    2.35   8.76

SNOWFALL
(INCHES)
 YESTERDAY         0.0            0.0  2016    0.0     0.0    0.0
 MONTH TO DATE     0.0                         0.0     0.0    0.0
 SINCE JUN 1       0.0                         0.0     0.0    0.0
 SINCE JUL 1       0.0                         0.0     0.0    0.0
 SNOW DEPTH (IN)     0                                          0

DEGREE DAYS
 HEATING
  YESTERDAY          5                          12      -7      8
  MONTH TO DATE    131                         245    -114    213
  SINCE JUN 1      456                         651    -195   1176
  SINCE JUL 1      266                         417    -151     MM

 COOLING
  YESTERDAY          0                           0       0      0
  MONTH TO DATE      0                           0       0      5
  SINCE JUN 1       28                          16      12     31
  SINCE JAN 1       28                          16      12     MM
...................................................................

WIND (MPH)
 HIGHEST WIND SPEED    14     HIGHEST WIND DIRECTION    200
 HIGHEST GUST SPEED    19     HIGHEST GUST DIRECTION    230
 AVERAGE WIND SPEED   6.3

WEATHER CONDITIONS
 THE FOLLOWING WEATHER WAS RECORDED YESTERDAY.
 FOG
 RAIN
...................................................................

THE MCGRATH CLIMATE NORMALS FOR TODAY
                           NORMAL    RECORD   YEAR
 MAXIMUM TEMPERATURE (F)     61        80     1941
 MINIMUM TEMPERATURE (F)     43        28     2009

SUNRISE AND SUNSET
 AUG 26 2016..........SUNRISE  6:55 AM      SUNSET  9:52 PM
 AUG 27 2016..........SUNRISE  6:58 AM      SUNSET  9:49 PM

-  INDICATES NEGATIVE NUMBERS.
R  INDICATES RECORD HAS BEEN SET OR TIED.
MM INDICATES DATA IS MISSING.
T  INDICATES TRACE OF PRECIPITATION.

&&
-------------------------------------------------------------------

AMOUNT OF DAYLIGHT TODAY  (HOUR:MIN)........14 HOURS 57 MINUTES
LOSS SINCE YESTERDAY (HOUR:MIN:SEC)....-0:06:08

$$
ADJ AUG 16
