000
CDAK49 PAFG 250948
CLIMCG

CLIMATE REPORT
NATIONAL WEATHER SERVICE FAIRBANKS AK
148 AM AKDT SAT MAR 25 2017


...................................

...THE MCGRATH AK CLIMATE SUMMARY FOR MARCH 24 2017...

CLIMATE NORMAL PERIOD 1981 TO 2010
CLIMATE RECORD PERIOD 1946 TO 2017


WEATHER ITEM   OBSERVED TIME   RECORD YEAR NORMAL DEPARTURE LAST
                VALUE   (LST)  VALUE       VALUE  FROM      YEAR
                                                  NORMAL
..................................................................
TEMPERATURE (F)
 YESTERDAY
  MAXIMUM         24    546 PM  47    1998  28     -4       36
  MINIMUM        -11    623 AM -30    2007   2    -13        9
                                      1995
  AVERAGE          7                        15     -8       23

PRECIPITATION (IN)
  YESTERDAY        0.00          0.65 1991   0.02  -0.02     0.05
  MONTH TO DATE    T                         0.65  -0.65     0.07
  SINCE MAR 1      T                         0.65  -0.65     0.07
  SINCE JAN 1      1.20                      2.68  -1.48     0.13

SNOWFALL (IN)
  YESTERDAY        0.0           5.3  2005   0.3   -0.3     MM
  MONTH TO DATE    T                         9.4   -9.4      0.0
  SINCE MAR 1      T                         9.4   -9.4      0.0
  SINCE JUL 1     48.7                      89.4  -40.7      0.0
  SNOW DEPTH      13

DEGREE DAYS
 HEATING
  YESTERDAY       58                        50      8       42
  MONTH TO DATE 1561                      1319    242     1239
  SINCE MAR 1   1561                      1319    242     1239
  SINCE JUL 1  11319                     11551   -232     2207

 COOLING
  YESTERDAY        0                         0      0        0
  MONTH TO DATE    0                         0      0        0
  SINCE MAR 1      0                         0      0        0
  SINCE JAN 1      0                         0      0        0
..................................................................


WIND (MPH)
  HIGHEST GUST SPEED    21   HIGHEST GUST DIRECTION     N (20)


SKY COVER
  AVERAGE SKY COVER 0.0


WEATHER CONDITIONS
 THE FOLLOWING WEATHER WAS RECORDED YESTERDAY.
  NO SIGNIFICANT WEATHER WAS OBSERVED.


RELATIVE HUMIDITY (PERCENT)
 HIGHEST    83
 LOWEST     36
 AVERAGE    60

..........................................................


THE MCGRATH AK CLIMATE NORMALS FOR TODAY
                         NORMAL    RECORD    YEAR
 MAXIMUM TEMPERATURE (F)   28        48      1999
 MINIMUM TEMPERATURE (F)    2       -35      1962


SUNRISE AND SUNSET
MARCH 25 2017.........SUNRISE   805 AM AKDT  SUNSET   854 PM AKDT
MARCH 26 2017.........SUNRISE   802 AM AKDT  SUNSET   857 PM AKDT

-  INDICATES NEGATIVE NUMBERS.
R  INDICATES RECORD WAS SET OR TIED.
MM INDICATES DATA IS MISSING.
T  INDICATES TRACE AMOUNT.

&&

SNOW DEPTH IS MEASURED AT 3AM AKST/4AM AKDT.

----------------------------
AVAILABLE DAYLIGHT

AMOUNT OF DAYLIGHT TODAY  (HOUR:MIN)........12:49
GAIN/LOSS SINCE YESTERDAY (HOUR:MIN:SEC)....+0:06:11

$$
MAR 17
