468
CDAK49 PAFG 300955
CLIMCG

CLIMATE REPORT
NATIONAL WEATHER SERVICE FAIRBANKS AK
155 AM AKDT SUN APR 30 2017


...................................

...THE MCGRATH AK CLIMATE SUMMARY FOR APRIL 29 2017...

CLIMATE NORMAL PERIOD 1981 TO 2010
CLIMATE RECORD PERIOD 1946 TO 2017


WEATHER ITEM   OBSERVED TIME   RECORD YEAR NORMAL DEPARTURE LAST
                VALUE   (LST)  VALUE       VALUE  FROM      YEAR
                                                  NORMAL
..................................................................
TEMPERATURE (F)
 YESTERDAY
  MAXIMUM         51    523 PM  68    2009  49      2       58
  MINIMUM         30    621 AM  -2    1949  29      1       29
  AVERAGE         41                        39      2       44

PRECIPITATION (IN)
  YESTERDAY        T             0.25 1954   0.02  -0.02     0.04
  MONTH TO DATE    0.38                      0.71  -0.33     0.41
  SINCE MAR 1      0.38                      1.52  -1.14     1.42
  SINCE JAN 1      1.58                      3.55  -1.97     1.48

SNOWFALL (IN)
  YESTERDAY        0.0           2.1  1999   0.1   -0.1     MM
  MONTH TO DATE    2.6                       5.0   -2.4      0.0
  SINCE MAR 1      2.6                      16.3  -13.7      0.0
  SINCE JUL 1     51.3                      96.3  -45.0      0.0
  SNOW DEPTH       0

DEGREE DAYS
 HEATING
  YESTERDAY       24                        26     -2       21
  MONTH TO DATE  826                      1035   -209      752
  SINCE MAR 1   2749                      2690     59     2225
  SINCE JUL 1  12507                     12922   -415     3193

 COOLING
  YESTERDAY        0                         0      0        0
  MONTH TO DATE    0                         0      0        0
  SINCE MAR 1      0                         0      0        0
  SINCE JAN 1      0                         0      0        0
..................................................................


WIND (MPH)
  HIGHEST GUST SPEED    21   HIGHEST GUST DIRECTION     S (160)


SKY COVER
  AVERAGE SKY COVER 0.6


WEATHER CONDITIONS
 THE FOLLOWING WEATHER WAS RECORDED YESTERDAY.
  LIGHT RAIN
  FOG
  FOG W/VISIBILITY <= 1/4 MILE


RELATIVE HUMIDITY (PERCENT)
 HIGHEST    96
 LOWEST     36
 AVERAGE    66

..........................................................


THE MCGRATH AK CLIMATE NORMALS FOR TODAY
                         NORMAL    RECORD    YEAR
 MAXIMUM TEMPERATURE (F)   50        67      2009
 MINIMUM TEMPERATURE (F)   29         7      1952


SUNRISE AND SUNSET
APRIL 30 2017.........SUNRISE   605 AM AKDT  SUNSET  1037 PM AKDT
MAY 01 2017...........SUNRISE   602 AM AKDT  SUNSET  1040 PM AKDT

-  INDICATES NEGATIVE NUMBERS.
R  INDICATES RECORD WAS SET OR TIED.
MM INDICATES DATA IS MISSING.
T  INDICATES TRACE AMOUNT.

&&

SNOW DEPTH IS MEASURED AT 3AM AKST/4AM AKDT.

----------------------------
AVAILABLE DAYLIGHT

AMOUNT OF DAYLIGHT TODAY  (HOUR:MIN)........16:32
GAIN/LOSS SINCE YESTERDAY (HOUR:MIN:SEC)....+0:06:10

$$
APR 17
