000
CDUS43 KEAX 290641
CLIMCI

CLIMATE REPORT
NATIONAL WEATHER SERVICE KANSAS CITY/PLEASANT HILL MO
139 AM CDT SUN MAR 29 2015


...................................

...THE KANSAS CITY INTERNATIONAL MO CLIMATE SUMMARY FOR MARCH 28 2015...

CLIMATE NORMAL PERIOD 1981 TO 2010
CLIMATE RECORD PERIOD 1888 TO 2015


WEATHER ITEM   OBSERVED TIME   RECORD YEAR NORMAL DEPARTURE LAST
                VALUE   (LST)  VALUE       VALUE  FROM      YEAR
                                                  NORMAL
..................................................................
TEMPERATURE (F)
 YESTERDAY
  MAXIMUM         53    416 PM  88    1895  60     -7       51
  MINIMUM         36    737 AM  18    1921  37     -1       35
  AVERAGE         45                        49     -4       43

PRECIPITATION (IN)
  YESTERDAY        0.00          1.32 1938   0.10  -0.10     0.00
  MONTH TO DATE    0.88                      2.09  -1.21     1.61
  SINCE MAR 1      0.88                      2.09  -1.21     1.61
  SINCE JAN 1      3.06                      4.62  -1.56     3.36

SNOWFALL (IN)
  YESTERDAY        0.0           1.7  1899   0.1   -0.1      0.0
  MONTH TO DATE    T                         1.9   -1.9      3.5
  SINCE MAR 1      T                         1.9   -1.9      3.5
  SINCE JUL 1     14.2                      18.1   -3.9     26.1
  SNOW DEPTH       0

DEGREE DAYS
 HEATING
  YESTERDAY       20                        17      3       22
  MONTH TO DATE  537                       599    -62      728
  SINCE MAR 1    537                       599    -62      728
  SINCE JUL 1   4751                      4644    107     5294

 COOLING
  YESTERDAY        0                         0      0        0
  MONTH TO DATE    2                         0      2        0
  SINCE MAR 1      2                         0      2        0
  SINCE JAN 1      2                         0      2        0
..................................................................


WIND (MPH)
  HIGHEST WIND SPEED    21   HIGHEST WIND DIRECTION    SE (150)
  HIGHEST GUST SPEED    29   HIGHEST GUST DIRECTION    SE (130)
  AVERAGE WIND SPEED    13.8


SKY COVER
  POSSIBLE SUNSHINE  MM
  AVERAGE SKY COVER 0.6


WEATHER CONDITIONS
 THE FOLLOWING WEATHER WAS RECORDED YESTERDAY.
  NO SIGNIFICANT WEATHER WAS OBSERVED.


RELATIVE HUMIDITY (PERCENT)
 HIGHEST    76           800 AM
 LOWEST     44           200 PM
 AVERAGE    60

..........................................................


THE KANSAS CITY INTERNATIONAL MO CLIMATE NORMALS FOR TODAY
                         NORMAL    RECORD    YEAR
 MAXIMUM TEMPERATURE (F)   60        86      1986
                                             1895
 MINIMUM TEMPERATURE (F)   38        18      1969


SUNRISE AND SUNSET
MARCH 29 2015.........SUNRISE   708 AM CDT   SUNSET   740 PM CDT
MARCH 30 2015.........SUNRISE   707 AM CDT   SUNSET   741 PM CDT


-  INDICATES NEGATIVE NUMBERS.
R  INDICATES RECORD WAS SET OR TIED.
MM INDICATES DATA IS MISSING.
T  INDICATES TRACE AMOUNT.



&&

...MISCELLANEOUS CLIMATE DATA FROM YESTERDAY...

LOCATION                HIGH    LOW      PRECIP
ST. JOSEPH               54      35       0.00
DOWNTOWN KANSAS CITY     55      38       0.00
OLATHE NEW CENTURY       52      37       0.00
OLATHE JO CO EXEC        53      37       0.00
LEES SUMMIT              52      36       0.00
KIRKSVILLE               47      28       0.00
CHILLICOTHE              50      33       0.00
SEDALIA                  52      34       0.01
NWS PLEASANT HILL MO     49      34       T


THIS PRODUCT...ALONG WITH OTHER WEATHER...HYDROLOGICAL AND CLIMATE
INFORMATION...IS AVAILABLE ON THE WEB AT HTTP://WWW.CRH.NOAA.GOV/EAX
OR AT HTTP://WEATHER.GOV

$$
