000
CDUS43 KEAX 140633
CLIMCI

CLIMATE REPORT
NATIONAL WEATHER SERVICE KANSAS CITY/PLEASANT HILL MO
132 AM CDT MON JUL 14 2014


...................................

...THE KANSAS CITY INTERNATIONAL MO CLIMATE SUMMARY FOR JULY 13 2014...

CLIMATE NORMAL PERIOD 1981 TO 2010
CLIMATE RECORD PERIOD 1888 TO 2014


WEATHER ITEM   OBSERVED TIME   RECORD YEAR NORMAL DEPARTURE LAST
                VALUE   (LST)  VALUE       VALUE  FROM      YEAR
                                                  NORMAL
..................................................................
TEMPERATURE (F)
 YESTERDAY
  MAXIMUM         86    338 PM 112    1954  88     -2       89
  MINIMUM         70    603 AM  54    1975  69      1       69
  AVERAGE         78                        78      0       79

PRECIPITATION (IN)
  YESTERDAY        0.62          1.78 1952   0.16   0.46      T
  MONTH TO DATE    2.77                      2.05   0.72     0.17
  SINCE JUN 1      9.68                      7.28   2.40     3.29
  SINCE JAN 1     18.30                     21.11  -2.81    18.22

SNOWFALL (IN)
  YESTERDAY        0.0           0.0    MM   0.0    0.0      0.0
  MONTH TO DATE    0.0                       0.0    0.0      0.0
  SINCE JUN 1      0.0                       0.0    0.0      0.0
  SINCE JUL 1      0.0                       0.0    0.0      0.0
  SNOW DEPTH       0

DEGREE DAYS
 HEATING
  YESTERDAY        0                         0      0        0
  MONTH TO DATE    1                         0      1        0
  SINCE JUN 1      2                         9     -7       17
  SINCE JUL 1      1                         0      1        0

 COOLING
  YESTERDAY       13                        13      0       14
  MONTH TO DATE  132                       167    -35      161
  SINCE JUN 1    409                       433    -24      437
  SINCE JAN 1    570                       549     21      542
..................................................................


WIND (MPH)
  HIGHEST WIND SPEED    16   HIGHEST WIND DIRECTION     N (20)
  HIGHEST GUST SPEED    20   HIGHEST GUST DIRECTION     N (20)
  AVERAGE WIND SPEED     7.0


SKY COVER
  POSSIBLE SUNSHINE  MM
  AVERAGE SKY COVER 0.7


WEATHER CONDITIONS
 THE FOLLOWING WEATHER WAS RECORDED YESTERDAY.
  THUNDERSTORM
  HEAVY RAIN
  RAIN
  LIGHT RAIN
  FOG


RELATIVE HUMIDITY (PERCENT)
 HIGHEST   100           600 AM
 LOWEST     55           500 PM
 AVERAGE    78

..........................................................


THE KANSAS CITY INTERNATIONAL MO CLIMATE NORMALS FOR TODAY
                         NORMAL    RECORD    YEAR
 MAXIMUM TEMPERATURE (F)   88       111      1954
 MINIMUM TEMPERATURE (F)   69        54      1990
                                             1950


SUNRISE AND SUNSET
JULY 14 2014..........SUNRISE   604 AM CDT   SUNSET   845 PM CDT
JULY 15 2014..........SUNRISE   605 AM CDT   SUNSET   845 PM CDT


-  INDICATES NEGATIVE NUMBERS.
R  INDICATES RECORD WAS SET OR TIED.
MM INDICATES DATA IS MISSING.
T  INDICATES TRACE AMOUNT.



&&

...MISCELLANEOUS CLIMATE DATA FROM YESTERDAY...

LOCATION                HIGH    LOW      PRECIP
ST. JOSEPH               86      71       0.45
DOWNTOWN KANSAS CITY     88      72       0.42
OLATHE NEW CENTURY       87      70       0.11
OLATHE JO CO EXEC        86      71       0.14
LEES SUMMIT              86      70       0.01
KIRKSVILLE               87      68       0.50
CHILLICOTHE              88      71       0.28
SEDALIA                  85      70       0.14
NWS PLEASANT HILL MO     84      70       0.12


THIS PRODUCT...ALONG WITH OTHER WEATHER...HYDROLOGICAL AND CLIMATE
INFORMATION...IS AVAILABLE ON THE WEB AT HTTP://WWW.CRH.NOAA.GOV/EAX
OR AT HTTP://WEATHER.GOV

$$

CUTTER
