000
CDUS43 KEAX 250639
CLIMCI

CLIMATE REPORT
NATIONAL WEATHER SERVICE KANSAS CITY/PLEASANT HILL MO
138 AM CDT TUE APR 25 2017


...................................

...THE KANSAS CITY INTERNATIONAL MO CLIMATE SUMMARY FOR APRIL 24 2017...

CLIMATE NORMAL PERIOD 1981 TO 2010
CLIMATE RECORD PERIOD 1888 TO 2017


WEATHER ITEM   OBSERVED TIME   RECORD YEAR NORMAL DEPARTURE LAST
                VALUE   (LST)  VALUE       VALUE  FROM      YEAR
                                                  NORMAL
..................................................................
TEMPERATURE (F)
 YESTERDAY
  MAXIMUM         75    326 PM  90    1989  68      7       80
  MINIMUM         41    455 AM  27    1967  47     -6       59
  AVERAGE         58                        58      0       70

PRECIPITATION (IN)
  YESTERDAY        0.00          0.91 1897   0.14  -0.14     0.56
  MONTH TO DATE    4.27                      2.79   1.48     2.03
  SINCE MAR 1      7.08                      5.16   1.92     4.75
  SINCE JAN 1      8.53                      7.69   0.84     5.91

SNOWFALL (IN)
  YESTERDAY        0.0           1.1  1918   0.0    0.0      0.0
  MONTH TO DATE    0.0                       0.6   -0.6      0.0
  SINCE MAR 1      0.4                       2.6   -2.2      0.6
  SINCE JUL 1      4.9                      18.8  -13.9      5.9
  SNOW DEPTH       0

DEGREE DAYS
 HEATING
  YESTERDAY        7                         8     -1        0
  MONTH TO DATE  176                       285   -109      203
  SINCE MAR 1    701                       931   -230      646
  SINCE JUL 1   3955                      4976  -1021     4003

 COOLING
  YESTERDAY        0                         1     -1        5
  MONTH TO DATE   27                        18      9        9
  SINCE MAR 1     33                        21     12       11
  SINCE JAN 1     33                        21     12       11
..................................................................


WIND (MPH)
  HIGHEST WIND SPEED    31   HIGHEST WIND DIRECTION     S (170)
  HIGHEST GUST SPEED    39   HIGHEST GUST DIRECTION     S (170)
  AVERAGE WIND SPEED    15.8


SKY COVER
  POSSIBLE SUNSHINE  MM
  AVERAGE SKY COVER 0.4


WEATHER CONDITIONS
 THE FOLLOWING WEATHER WAS RECORDED YESTERDAY.
  HAZE


RELATIVE HUMIDITY (PERCENT)
 HIGHEST    86           500 AM
 LOWEST     25           300 PM
 AVERAGE    56

..........................................................


THE KANSAS CITY INTERNATIONAL MO CLIMATE NORMALS FOR TODAY
                         NORMAL    RECORD    YEAR
 MAXIMUM TEMPERATURE (F)   69        92      2012
 MINIMUM TEMPERATURE (F)   48        33      2013


SUNRISE AND SUNSET
APRIL 25 2017.........SUNRISE   628 AM CDT   SUNSET   807 PM CDT
APRIL 26 2017.........SUNRISE   626 AM CDT   SUNSET   808 PM CDT


-  INDICATES NEGATIVE NUMBERS.
R  INDICATES RECORD WAS SET OR TIED.
MM INDICATES DATA IS MISSING.
T  INDICATES TRACE AMOUNT.


&&

...MISCELLANEOUS CLIMATE DATA FROM YESTERDAY...

LOCATION                HIGH    LOW      PRECIP
ST. JOSEPH               76      43       0.00
DOWNTOWN KANSAS CITY     77      49       0.00
OLATHE NEW CENTURY       74      42       0.00
OLATHE JO CO EXEC        73      42       0.00
LEES SUMMIT              76      49       0.00
KIRKSVILLE               77      42       0.00
CHILLICOTHE              77      40       0.00
SEDALIA                  79      42       0.00
NWS PLEASANT HILL MO     75      43       0.00


THIS PRODUCT...ALONG WITH OTHER WEATHER...HYDROLOGICAL AND CLIMATE
INFORMATION...IS AVAILABLE ON THE WEB AT HTTP://WWW.WEATHER.GOV/EAX
OR AT HTTP://WEATHER.GOV

$$

CUTTER
