000
CDUS43 KEAX 300034
CLIMCI

CLIMATE REPORT
NATIONAL WEATHER SERVICE KANSAS CITY/PLEASANT HILL MO
733 PM CDT SUN MAY 29 2016


...................................

...THE KANSAS CITY INTERNATIONAL MO CLIMATE SUMMARY FOR MAY 29 2016...
VALID TODAY AS OF 0700 PM LOCAL TIME.

CLIMATE NORMAL PERIOD 1981 TO 2010
CLIMATE RECORD PERIOD 1888 TO 2016


WEATHER ITEM   OBSERVED TIME   RECORD YEAR NORMAL DEPARTURE LAST
                VALUE   (LST)  VALUE       VALUE  FROM      YEAR
                                                  NORMAL
..................................................................
TEMPERATURE (F)
 TODAY
  MAXIMUM         85    231 PM  98    1934  79      6       70
  MINIMUM         58    445 AM  35    1947  58      0       62
  AVERAGE         72                        68      4       66

PRECIPITATION (IN)
  TODAY            0.00          2.12 1904   0.16  -0.16     0.23
  MONTH TO DATE    9.43                      4.89   4.54    10.18
  SINCE MAR 1     19.30                     10.96   8.34    14.35
  SINCE JAN 1     20.46                     13.49   6.97    16.53

SNOWFALL (IN)
  TODAY            0.0           0.0    MM   0.0    0.0      0.0
  MONTH TO DATE    0.0                       0.0    0.0      0.0
  SINCE MAR 1      0.6                       2.6   -2.0       T
  SINCE JUL 1      5.9                      18.8  -12.9     14.2
  SNOW DEPTH       0

DEGREE DAYS
 HEATING
  TODAY            0                         1     -1        0
  MONTH TO DATE  120                       102     18       89
  SINCE MAR 1    805                      1077   -272      895
  SINCE JUL 1   4162                      5122   -960     5109

 COOLING
  TODAY            7                         5      2        1
  MONTH TO DATE   44                        77    -33       59
  SINCE MAR 1     58                       105    -47       68
  SINCE JAN 1     58                       105    -47       68
..................................................................


WIND (MPH)
  HIGHEST WIND SPEED    12   HIGHEST WIND DIRECTION    SW (230)
  HIGHEST GUST SPEED    15   HIGHEST GUST DIRECTION    SW (230)
  AVERAGE WIND SPEED     5.6


SKY COVER
  POSSIBLE SUNSHINE  MM
  AVERAGE SKY COVER 0.2


WEATHER CONDITIONS
 THE FOLLOWING WEATHER WAS RECORDED TODAY.
  HAZE


RELATIVE HUMIDITY (PERCENT)
 HIGHEST    93           500 AM
 LOWEST     40           200 PM
 AVERAGE    67

..........................................................


THE KANSAS CITY INTERNATIONAL MO CLIMATE NORMALS FOR TOMORROW
                         NORMAL    RECORD    YEAR
 MAXIMUM TEMPERATURE (F)   79       103      1934
 MINIMUM TEMPERATURE (F)   59        42      1984


SUNRISE AND SUNSET
MAY 29 2016...........SUNRISE   555 AM CDT   SUNSET   838 PM CDT
MAY 30 2016...........SUNRISE   555 AM CDT   SUNSET   839 PM CDT


-  INDICATES NEGATIVE NUMBERS.
R  INDICATES RECORD WAS SET OR TIED.
MM INDICATES DATA IS MISSING.
T  INDICATES TRACE AMOUNT.


&&

...MISCELLANEOUS CLIMATE DATA FROM TODAY...

LOCATION                HIGH    LOW      PRECIP
ST. JOSEPH               87      58       0.00
DOWNTOWN KANSAS CITY     87      62       0.00
OLATHE NEW CENTURY       85      57       0.00
OLATHE JO CO EXEC        83      58       0.00
LEES SUMMIT              86      62       0.00
KIRKSVILLE               84      61       0.00
CHILLICOTHE              87      60       0.00
SEDALIA                  86      63       0.00
NWS PLEASANT HILL MO     85      60       0.00


THIS PRODUCT...ALONG WITH OTHER WEATHER...HYDROLOGICAL AND CLIMATE
INFORMATION...IS AVAILABLE ON THE WEB AT HTTP://WWW.WEATHER.GOV/EAX
OR AT HTTP://WEATHER.GOV

$$
