000
CDUS43 KGLD 300738 RRB
CLIMCK

CLIMATE REPORT
NATIONAL WEATHER SERVICE GOODLAND
135 AM MDT MON MAY 30 2016

...................................

...THE MCCOOK NE CLIMATE SUMMARY FOR MAY 29 2016...

CLIMATE NORMAL PERIOD 1981 TO 2010
CLIMATE RECORD PERIOD 1896 TO 2016


WEATHER ITEM   OBSERVED TIME   RECORD YEAR NORMAL DEPARTURE LAST
                VALUE   (LST)  VALUE       VALUE  FROM      YEAR
                                                  NORMAL
..................................................................
TEMPERATURE (F)
 YESTERDAY
  MAXIMUM         85    314 PM 103    2000  77      8       77
  MINIMUM         52    548 AM  36    1992  50      2       51
  AVERAGE         69                        64      5       64

PRECIPITATION (IN)
  YESTERDAY        0.05                      0.11  -0.06      T
  MONTH TO DATE    2.24                      2.90  -0.66     3.84
  SINCE MAR 1      8.82                      6.57   2.25     5.82
  SINCE JAN 1      9.83                      7.70   2.13     6.16

..................................................................


THE MCCOOK NE CLIMATE NORMALS FOR TODAY
                         NORMAL    RECORD    YEAR
 MAXIMUM TEMPERATURE (F)   78       102      1928
 MINIMUM TEMPERATURE (F)   51        37      1992


-  INDICATES NEGATIVE NUMBERS.
R  INDICATES RECORD WAS SET OR TIED.
MM INDICATES DATA IS MISSING.
T  INDICATES TRACE AMOUNT.


$$
