000
CDUS43 KGLD 010754
CLIMCK

CLIMATE REPORT
NATIONAL WEATHER SERVICE GOODLAND
1248 AM MST SUN FEB 1 2015

...................................

...THE MCCOOK NE CLIMATE SUMMARY FOR JANUARY 31 2015...

CLIMATE NORMAL PERIOD 1981 TO 2010
CLIMATE RECORD PERIOD 1896 TO 2015

WEATHER ITEM   OBSERVED TIME   RECORD YEAR NORMAL DEPARTURE LAST
                VALUE   (LST)  VALUE       VALUE  FROM      YEAR
                                                  NORMAL
..................................................................
TEMPERATURE (F)
 YESTERDAY
  MAXIMUM         37    307 PM  76    1989  42     -5       22
  MINIMUM         25   1159 PM -18    1918  15     10       16
  AVERAGE         31                        28      3       19

PRECIPITATION (IN)
  YESTERDAY        0.11                      0.02   0.09     0.13
  MONTH TO DATE    0.12                      0.51  -0.39     0.20
  SINCE DEC 1      1.41                      1.15   0.26     0.42
  SINCE JAN 1      0.12                      0.51  -0.39     0.20

..................................................................

THE MCCOOK NE CLIMATE NORMALS FOR TODAY
                         NORMAL    RECORD    YEAR
 MAXIMUM TEMPERATURE (F)   42        80      2003
 MINIMUM TEMPERATURE (F)   15       -23      1918

-  INDICATES NEGATIVE NUMBERS.
R  INDICATES RECORD WAS SET OR TIED.
MM INDICATES DATA IS MISSING.
T  INDICATES TRACE AMOUNT.

$$
