000
CDUS43 KGLD 050746 RRA
CLIMCK

CLIMATE REPORT
NATIONAL WEATHER SERVICE GOODLAND
141 AM MDT WED AUG 5 2015

...................................

...THE MCCOOK NE CLIMATE SUMMARY FOR AUGUST 4 2015...

CLIMATE NORMAL PERIOD 1981 TO 2010
CLIMATE RECORD PERIOD 1896 TO 2015

WEATHER ITEM   OBSERVED TIME   RECORD YEAR NORMAL DEPARTURE LAST
                VALUE   (LST)  VALUE       VALUE  FROM      YEAR
                                                  NORMAL
..................................................................
TEMPERATURE (F)
 YESTERDAY
  MAXIMUM         72   1258 AM 106    1961  89    -17       99
  MINIMUM         61    233 PM  46    1974  62     -1       61
  AVERAGE         67                        75     -8       80

PRECIPITATION (IN)
  YESTERDAY        1.70                      0.12   1.58     0.00
  MONTH TO DATE    1.70                      0.49   1.21     0.00
  SINCE JUN 1      8.14                      7.12   1.02    10.17
  SINCE JAN 1     14.30                     15.06  -0.76    15.13

..................................................................

THE MCCOOK NE CLIMATE NORMALS FOR TODAY
                         NORMAL    RECORD    YEAR
 MAXIMUM TEMPERATURE (F)   89       108      1960
 MINIMUM TEMPERATURE (F)   62        47      1974

-  INDICATES NEGATIVE NUMBERS.
R  INDICATES RECORD WAS SET OR TIED.
MM INDICATES DATA IS MISSING.
T  INDICATES TRACE AMOUNT.

$$
