000
CDUS43 KGLD 200739
CLIMCK

CLIMATE REPORT
NATIONAL WEATHER SERVICE GOODLAND
136 AM MDT WED SEP 20 2017

...................................

...THE MCCOOK NE CLIMATE SUMMARY FOR SEPTEMBER 19 2017...

CLIMATE NORMAL PERIOD 1981 TO 2010
CLIMATE RECORD PERIOD 1896 TO 2017

WEATHER ITEM   OBSERVED TIME   RECORD YEAR NORMAL DEPARTURE LAST
                VALUE   (LST)  VALUE       VALUE  FROM      YEAR
                                                  NORMAL
..................................................................
TEMPERATURE (F)
 YESTERDAY
  MAXIMUM         95    441 PM  99    1972  78     17       86
  MINIMUM         57   1159 PM  31    2003  48      9       53
                                      1971
  AVERAGE         76                        63     13       70

PRECIPITATION (IN)
  YESTERDAY        0.00                      0.05  -0.05     0.00
  MONTH TO DATE    0.16                      0.92  -0.76     5.63
  SINCE SEP 1      0.16                      0.92  -0.76     5.63
  SINCE JAN 1     14.27                     18.63  -4.36    23.76

..................................................................

THE MCCOOK NE CLIMATE NORMALS FOR TODAY
                         NORMAL    RECORD    YEAR
 MAXIMUM TEMPERATURE (F)   78        98      1937
 MINIMUM TEMPERATURE (F)   47        29      1983

-  INDICATES NEGATIVE NUMBERS.
R  INDICATES RECORD WAS SET OR TIED.
MM INDICATES DATA IS MISSING.
T  INDICATES TRACE AMOUNT.

$$
