000
CDUS42 KFFC 022038
CLIMCN


CLIMATE REPORT
NATIONAL WEATHER SERVICE PEACHTREE CITY GA
438 PM EDT TUE JUN 2 2015


...................................

...THE MACON CLIMATE SUMMARY FOR JUNE 2 2015...
VALID TODAY AS OF 0400 PM LOCAL TIME.

CLIMATE NORMAL PERIOD 1981 TO 2010
CLIMATE RECORD PERIOD 1899 TO 2015


WEATHER ITEM   OBSERVED TIME   RECORD YEAR NORMAL DEPARTURE LAST
                VALUE   (LST)  VALUE       VALUE  FROM      YEAR
                                                  NORMAL
..................................................................
TEMPERATURE (F)
 TODAY
  MAXIMUM         88    226 PM 103    1985  88      0       80
  MINIMUM         65    557 AM  46    1972  65      0       63
  AVERAGE         77                        76      1       72

PRECIPITATION (IN)
  TODAY            0.00          2.13 1967   0.13  -0.13     0.00
  MONTH TO DATE    0.00                      0.25  -0.25      T
  SINCE JUN 1      0.00                      0.25  -0.25      T
  SINCE JAN 1     16.50                     19.08  -2.58    22.19

DEGREE DAYS
 HEATING
  TODAY            0                         0      0        0
  MONTH TO DATE    0                         0      0        0
  SINCE JUN 1      0                         0      0        0
  SINCE JUL 1   2471                      2322    149     2626

 COOLING
  TODAY           12                        12      0        7
  MONTH TO DATE   25                        23      2       16
  SINCE JUN 1     25                        23      2       16
  SINCE JAN 1    410                       336     74      294
..................................................................


WIND (MPH)
  RESULTANT WIND SPEED   1   RESULTANT WIND DIRECTION  SE (150)
  HIGHEST WIND SPEED    MM   HIGHEST WIND DIRECTION    MM
  HIGHEST GUST SPEED    MM   HIGHEST GUST DIRECTION    MM
  AVERAGE WIND SPEED     2.5


SKY COVER
  AVERAGE SKY COVER 0.5


WEATHER CONDITIONS
 THE FOLLOWING WEATHER WAS RECORDED TODAY.
  FOG


RELATIVE HUMIDITY (PERCENT)
 HIGHEST   100           600 AM
 LOWEST     46           300 PM
 AVERAGE    73

..........................................................


THE MACON CLIMATE NORMALS FOR TOMORROW
                         NORMAL    RECORD    YEAR
 MAXIMUM TEMPERATURE (F)   89       103      2011
 MINIMUM TEMPERATURE (F)   65        48      1956


SUNRISE AND SUNSET
JUNE  2 2015..........SUNRISE   627 AM EDT   SUNSET   838 PM EDT
JUNE  3 2015..........SUNRISE   627 AM EDT   SUNSET   838 PM EDT


-  INDICATES NEGATIVE NUMBERS.
R  INDICATES RECORD WAS SET OR TIED.
MM INDICATES DATA IS MISSING.
T  INDICATES TRACE AMOUNT.




$$
