298
CDUS42 KFFC 270033
CLIMCN


CLIMATE REPORT
NATIONAL WEATHER SERVICE PEACHTREE CITY GA
832 PM EDT MON SEP 26 2016


...................................

...THE MACON CLIMATE SUMMARY FOR SEPTEMBER 26 2016...
VALID AS OF 0800 PM LOCAL TIME.

CLIMATE NORMAL PERIOD 1981 TO 2010
CLIMATE RECORD PERIOD 1899 TO 2016


WEATHER ITEM   OBSERVED TIME   RECORD YEAR NORMAL DEPARTURE LAST
                VALUE   (LST)  VALUE       VALUE  FROM      YEAR
                                                  NORMAL
..................................................................
TEMPERATURE (F)
 TODAY
  MAXIMUM         90    500 PM  96    1970  83      7       83
  MINIMUM         65    538 AM  46    1964  60      5       62
  AVERAGE         78                        72      6       73

PRECIPITATION (IN)
  TODAY            0.00          4.20 2010   0.11  -0.11     0.00
  MONTH TO DATE    2.18                      3.15  -0.97     1.64
  SINCE SEP 1      2.18                      3.15  -0.97     1.64
  SINCE JAN 1     26.40                     35.09  -8.69    28.55

DEGREE DAYS
 HEATING
  TODAY            0                         0      0        0
  MONTH TO DATE    0                         0      0        0
  SINCE SEP 1      0                         0      0        0
  SINCE JUL 1      0                         0      0        0

 COOLING
  TODAY           13                         7      6        8
  MONTH TO DATE  377                       279     98      254
  SINCE SEP 1    377                       279     98      254
  SINCE JAN 1   2404                      2023    381     2200
..................................................................


WIND (MPH)
  HIGHEST WIND SPEED    13   HIGHEST WIND DIRECTION     E (80)
  HIGHEST GUST SPEED    17   HIGHEST GUST DIRECTION     E (70)
  AVERAGE WIND SPEED     3.7


SKY COVER
  AVERAGE SKY COVER 0.3


WEATHER CONDITIONS
 THE FOLLOWING WEATHER WAS RECORDED TODAY.
  FOG


RELATIVE HUMIDITY (PERCENT)
 HIGHEST    93           400 AM
 LOWEST     41           500 PM

..........................................................


THE MACON CLIMATE NORMALS FOR TOMORROW
                         NORMAL    RECORD
 MAXIMUM TEMPERATURE (F)   83        94
 MINIMUM TEMPERATURE (F)   60        45


SUNRISE AND SUNSET
SEPTEMBER 26 2016.....SUNRISE   726 AM EDT   SUNSET   725 PM EDT
SEPTEMBER 27 2016.....SUNRISE   726 AM EDT   SUNSET   724 PM EDT


-  INDICATES NEGATIVE NUMBERS.
R  INDICATES RECORD WAS SET OR TIED.
MM INDICATES DATA IS MISSING.
T  INDICATES TRACE AMOUNT.




$$
