540
CDUS42 KFFC 190821
CLIMCN


CLIMATE REPORT
NATIONAL WEATHER SERVICE PEACHTREE CITY GA
421 AM EDT SAT AUG 19 2017


...................................

...THE MACON CLIMATE SUMMARY FOR AUGUST 18 2017...

CLIMATE NORMAL PERIOD 1981 TO 2010
CLIMATE RECORD PERIOD 1899 TO 2017


WEATHER ITEM   OBSERVED TIME   RECORD YEAR NORMAL DEPARTURE LAST
                VALUE   (LST)  VALUE       VALUE  FROM      YEAR
                                                  NORMAL
..................................................................
TEMPERATURE (F)
 YESTERDAY
  MAXIMUM         95    236 PM 104    2000  91      4       96
  MINIMUM         73    621 AM  63    1948  70      3       73
  AVERAGE         84                        81      3       85

PRECIPITATION (IN)
  YESTERDAY        0.00          1.61 1927   0.13  -0.13     0.01
  MONTH TO DATE    3.66                      2.36   1.30     1.27
  SINCE JUN 1     12.56                     11.37   1.19     5.50
  SINCE JAN 1     36.29                     30.20   6.09    23.46

DEGREE DAYS
 HEATING
  YESTERDAY        0                         0      0        0
  MONTH TO DATE    0                         0      0        0
  SINCE JUN 1      0                         0      0        0
  SINCE JUL 1      0                         0      0        0

 COOLING
  YESTERDAY       19                        16      3       20
  MONTH TO DATE  295                       297     -2      336
  SINCE JUN 1   1229                      1237     -8     1442
  SINCE JAN 1   1674                      1550    124     1794
..................................................................


WIND (MPH)
  RESULTANT WIND SPEED   6   RESULTANT WIND DIRECTION   W (280)
  HIGHEST WIND SPEED    14   HIGHEST WIND DIRECTION     W (280)
  HIGHEST GUST SPEED    18   HIGHEST GUST DIRECTION    NW (300)
  AVERAGE WIND SPEED     5.7


SKY COVER
  AVERAGE SKY COVER 0.1


WEATHER CONDITIONS
 THE FOLLOWING WEATHER WAS RECORDED YESTERDAY.
  NO SIGNIFICANT WEATHER WAS OBSERVED.


RELATIVE HUMIDITY (PERCENT)
 HIGHEST    94           700 AM
 LOWEST     49           200 PM
 AVERAGE    72

..........................................................


THE MACON CLIMATE NORMALS FOR TODAY
                         NORMAL    RECORD    YEAR
 MAXIMUM TEMPERATURE (F)   91       101      1983
                                             1925
 MINIMUM TEMPERATURE (F)   70        64      2006
                                             1976


SUNRISE AND SUNSET
AUGUST 19 2017........SUNRISE   701 AM EDT   SUNSET   815 PM EDT
AUGUST 20 2017........SUNRISE   702 AM EDT   SUNSET   814 PM EDT


-  INDICATES NEGATIVE NUMBERS.
R  INDICATES RECORD WAS SET OR TIED.
MM INDICATES DATA IS MISSING.
T  INDICATES TRACE AMOUNT.




$$
