597
CDUS42 KFFC 060835
CLIMCN


CLIMATE REPORT
NATIONAL WEATHER SERVICE PEACHTREE CITY GA
435 AM EDT FRI MAY 6 2016


...................................

...THE MACON CLIMATE SUMMARY FOR MAY 5 2016...

CLIMATE NORMAL PERIOD 1981 TO 2010
CLIMATE RECORD PERIOD 1899 TO 2016


WEATHER ITEM   OBSERVED TIME   RECORD YEAR NORMAL DEPARTURE LAST
                VALUE   (LST)  VALUE       VALUE  FROM      YEAR
                                                  NORMAL
..................................................................
TEMPERATURE (F)
 YESTERDAY
  MAXIMUM         70        MM  95    1950  82    -12       82
  MINIMUM         51        MM  40    1997  56     -5       52
  AVERAGE         61                        69     -8       67

PRECIPITATION (IN)
  YESTERDAY        0.00          1.70 1938   0.08  -0.08     0.00
  MONTH TO DATE    0.33                      0.39  -0.06     0.00
  SINCE MAR 1     10.60                      7.90   2.70     8.55
  SINCE JAN 1     16.33                     16.50  -0.17    15.35

DEGREE DAYS
 HEATING
  YESTERDAY        4                         1      3        0
  MONTH TO DATE    4                         5     -1        6
  SINCE MAR 1    261                       387   -126      258
  SINCE JUL 1   1791                      2312   -521     2471

 COOLING
  YESTERDAY        0                         5     -5        2
  MONTH TO DATE   34                        21     13        4
  SINCE MAR 1    153                       102     51      128
  SINCE JAN 1    154                       105     49      128
..................................................................


WIND (MPH)
  RESULTANT WIND SPEED  11   RESULTANT WIND DIRECTION  NW (310)
  HIGHEST WIND SPEED    21   HIGHEST WIND DIRECTION    NW (300)
  HIGHEST GUST SPEED    32   HIGHEST GUST DIRECTION    NW (300)
  AVERAGE WIND SPEED    11.9


SKY COVER
  AVERAGE SKY COVER 0.0


WEATHER CONDITIONS
 THE FOLLOWING WEATHER WAS RECORDED YESTERDAY.
  NO SIGNIFICANT WEATHER WAS OBSERVED.


RELATIVE HUMIDITY (PERCENT)
 HIGHEST     0          1200 AM
 LOWEST      0          1200 AM
 AVERAGE     0

..........................................................


THE MACON CLIMATE NORMALS FOR TODAY
                         NORMAL    RECORD    YEAR
 MAXIMUM TEMPERATURE (F)   82        96      1952
 MINIMUM TEMPERATURE (F)   56        40      1968


SUNRISE AND SUNSET
MAY  6 2016...........SUNRISE   643 AM EDT   SUNSET   820 PM EDT
MAY  7 2016...........SUNRISE   642 AM EDT   SUNSET   821 PM EDT


-  INDICATES NEGATIVE NUMBERS.
R  INDICATES RECORD WAS SET OR TIED.
MM INDICATES DATA IS MISSING.
T  INDICATES TRACE AMOUNT.




$$
