000
CDUS42 KFFC 300817
CLIMCN


CLIMATE REPORT
NATIONAL WEATHER SERVICE PEACHTREE CITY GA
416 AM EDT TUE SEP 30 2014


...................................

...THE MACON CLIMATE SUMMARY FOR SEPTEMBER 29 2014...

CLIMATE NORMAL PERIOD 1981 TO 2010
CLIMATE RECORD PERIOD 1899 TO 2014


WEATHER ITEM   OBSERVED TIME   RECORD YEAR NORMAL DEPARTURE LAST
                VALUE   (LST)  VALUE       VALUE  FROM      YEAR
                                                  NORMAL
..................................................................
TEMPERATURE (F)
 YESTERDAY
  MAXIMUM         72    241 PM  95    1941  82    -10       80
  MINIMUM         67   1040 PM  41    1967  59      8       52
  AVERAGE         70                        71     -1       66

PRECIPITATION (IN)
  YESTERDAY        0.12          2.44 1920   0.11   0.01     0.00
  MONTH TO DATE    2.79                      3.48  -0.69     1.77
  SINCE SEP 1      2.79                      3.48  -0.69     1.77
  SINCE JAN 1     36.72                     35.42   1.30    59.90

DEGREE DAYS
 HEATING
  YESTERDAY        0                         1     -1        0
  MONTH TO DATE    1                         3     -2        0
  SINCE SEP 1      1                         3     -2        0
  SINCE JUL 1      1                         3     -2        0

 COOLING
  YESTERDAY        5                         6     -1        1
  MONTH TO DATE  334                       299     35      289
  SINCE SEP 1    334                       299     35      289
  SINCE JAN 1   1932                      2043   -111     1764
..................................................................


WIND (MPH)
  RESULTANT WIND SPEED   6   RESULTANT WIND DIRECTION  NE (40)
  HIGHEST WIND SPEED    12   HIGHEST WIND DIRECTION     N (20)
  HIGHEST GUST SPEED    14   HIGHEST GUST DIRECTION    NE (30)
  AVERAGE WIND SPEED     5.7


SKY COVER
  AVERAGE SKY COVER 1.0


WEATHER CONDITIONS
 THE FOLLOWING WEATHER WAS RECORDED YESTERDAY.
  LIGHT RAIN
  FOG


RELATIVE HUMIDITY (PERCENT)
 HIGHEST   100          1200 AM
 LOWEST     93          1200 PM
 AVERAGE    97

..........................................................


THE MACON CLIMATE NORMALS FOR TODAY
                         NORMAL    RECORD    YEAR
 MAXIMUM TEMPERATURE (F)   82        95      1954
                                             1904
 MINIMUM TEMPERATURE (F)   59        35      1967


SUNRISE AND SUNSET
SEPTEMBER 30 2014.....SUNRISE   728 AM EDT   SUNSET   721 PM EDT
OCTOBER  1 2014.......SUNRISE   729 AM EDT   SUNSET   719 PM EDT


-  INDICATES NEGATIVE NUMBERS.
R  INDICATES RECORD WAS SET OR TIED.
MM INDICATES DATA IS MISSING.
T  INDICATES TRACE AMOUNT.




$$
