849
CDUS42 KFFC 141711
CLIMCN


CLIMATE REPORT
NATIONAL WEATHER SERVICE PEACHTREE CITY GA
1211 PM EST SUN FEB 14 2016


...................................

...THE MACON CLIMATE SUMMARY FOR FEBRUARY 13 2016...

CLIMATE NORMAL PERIOD 1981 TO 2010
CLIMATE RECORD PERIOD 1899 TO 2016


WEATHER ITEM   OBSERVED TIME   RECORD YEAR NORMAL DEPARTURE LAST
                VALUE   (LST)  VALUE       VALUE  FROM      YEAR
                                                  NORMAL
..................................................................
TEMPERATURE (F)
 YESTERDAY
  MAXIMUM         51   1206 AM  79    1949  62    -11       47
  MINIMUM         34   1159 PM  14    1905  38     -4       24
  AVERAGE         43                        50     -7       36

PRECIPITATION (IN)
  YESTERDAY        0.00          2.16 1960   0.16  -0.16     0.00
  MONTH TO DATE    2.21                      1.99   0.22     0.74
  SINCE DEC 1     17.35                     10.27   7.08     9.07
  SINCE JAN 1      4.73                      6.23  -1.50     3.18

SNOWFALL (IN)
  YESTERDAY        0.0           T    2014   0.0    0.0      0.0
  MONTH TO DATE    T                         0.0    0.0      0.0
  SINCE DEC 1      T                         0.5   -0.5      0.0
  SINCE JUL 1      T                         0.5   -0.5      0.0
  SNOW DEPTH       0

DEGREE DAYS
 HEATING
  YESTERDAY       22                        15      7       29
  MONTH TO DATE  229                       214     15      254
  SINCE DEC 1   1076                      1324   -248     1318
  SINCE JUL 1   1348                      1719   -371     1878

 COOLING
  YESTERDAY        0                         0      0        0
  MONTH TO DATE    0                         0      0        0
  SINCE DEC 1     42                         4     38        0
  SINCE JAN 1      0                         1     -1        0
..................................................................


WIND (MPH)
  RESULTANT WIND SPEED  10   RESULTANT WIND DIRECTION  NW (330)
  HIGHEST WIND SPEED    18   HIGHEST WIND DIRECTION    NW (330)
  HIGHEST GUST SPEED    25   HIGHEST GUST DIRECTION    NW (310)
  AVERAGE WIND SPEED    10.0


SKY COVER
  AVERAGE SKY COVER 0.0


WEATHER CONDITIONS
 THE FOLLOWING WEATHER WAS RECORDED YESTERDAY.
  NO SIGNIFICANT WEATHER WAS OBSERVED.


RELATIVE HUMIDITY (PERCENT)
 HIGHEST    60           400 AM
 LOWEST     16           400 PM
 AVERAGE    38

..........................................................


THE MACON CLIMATE NORMALS FOR TODAY
                         NORMAL    RECORD    YEAR
 MAXIMUM TEMPERATURE (F)   62        84      1962
 MINIMUM TEMPERATURE (F)   38        10      1905


SUNRISE AND SUNSET
FEBRUARY 14 2016......SUNRISE   719 AM EST   SUNSET   619 PM EST
FEBRUARY 15 2016......SUNRISE   718 AM EST   SUNSET   620 PM EST


-  INDICATES NEGATIVE NUMBERS.
R  INDICATES RECORD WAS SET OR TIED.
MM INDICATES DATA IS MISSING.
T  INDICATES TRACE AMOUNT.




$$
