000
CDUS42 KFFC 252134
CLIMCN


CLIMATE REPORT
NATIONAL WEATHER SERVICE PEACHTREE CITY GA
434 PM EST TUE NOV 25 2014


...................................

...THE MACON CLIMATE SUMMARY FOR NOVEMBER 25 2014...
VALID TODAY AS OF 0400 PM LOCAL TIME.

CLIMATE NORMAL PERIOD 1981 TO 2010
CLIMATE RECORD PERIOD 1899 TO 2014


WEATHER ITEM   OBSERVED TIME   RECORD YEAR NORMAL DEPARTURE LAST
                VALUE   (LST)  VALUE       VALUE  FROM      YEAR
                                                  NORMAL
..................................................................
TEMPERATURE (F)
 TODAY
  MAXIMUM         65   1208 AM  80    1973  66     -1       54
                                      1958
  MINIMUM         52    259 PM  10    1950  41     11       26
  AVERAGE         59                        53      6       40

PRECIPITATION (IN)
  TODAY            0.01          2.05 2001   0.12  -0.11     0.00
  MONTH TO DATE    3.70                      2.67   1.03     1.32
  SINCE SEP 1      8.06                      9.05  -0.99     3.69
  SINCE JAN 1     41.99                     40.99   1.00    61.82

SNOWFALL (IN)
  TODAY            0.0           0.0  2001   0.0    0.0      0.0
  MONTH TO DATE    0.0                       0.0    0.0      0.0
  SINCE SEP 1      0.0                       0.0    0.0      0.0
  SINCE JUL 1      0.0                       0.0    0.0      0.0
  SNOW DEPTH       0

DEGREE DAYS
 HEATING
  TODAY            6                        12     -6       25
  MONTH TO DATE  372                       226    146      262
  SINCE SEP 1    458                       329    129      329
  SINCE JUL 1    458                       329    129      329

 COOLING
  TODAY            0                         0      0        0
  MONTH TO DATE    7                        16     -9        7
  SINCE SEP 1    450                       416     34      374
  SINCE JAN 1   2048                      2160   -112     1849
..................................................................


WIND (MPH)
  RESULTANT WIND SPEED   5   RESULTANT WIND DIRECTION  NW (330)
  HIGHEST WIND SPEED    12   HIGHEST WIND DIRECTION    NW (330)
  HIGHEST GUST SPEED    15   HIGHEST GUST DIRECTION     N (10)
  AVERAGE WIND SPEED     5.0


SKY COVER
  AVERAGE SKY COVER 0.9


WEATHER CONDITIONS
 THE FOLLOWING WEATHER WAS RECORDED TODAY.
  LIGHT RAIN
  FOG


RELATIVE HUMIDITY (PERCENT)
 HIGHEST   100          1200 AM
 LOWEST     51           200 PM
 AVERAGE    76

..........................................................


THE MACON CLIMATE NORMALS FOR TOMORROW
                         NORMAL    RECORD    YEAR
 MAXIMUM TEMPERATURE (F)   65        85      1973
 MINIMUM TEMPERATURE (F)   40        21      1950


SUNRISE AND SUNSET
NOVEMBER 25 2014......SUNRISE   714 AM EST   SUNSET   529 PM EST
NOVEMBER 26 2014......SUNRISE   714 AM EST   SUNSET   529 PM EST


-  INDICATES NEGATIVE NUMBERS.
R  INDICATES RECORD WAS SET OR TIED.
MM INDICATES DATA IS MISSING.
T  INDICATES TRACE AMOUNT.




$$
