000
CDUS42 KFFC 210921
CLIMCN


CLIMATE REPORT
NATIONAL WEATHER SERVICE PEACHTREE CITY GA
417 AM EST WED FEB 21 2018


...................................

...THE MACON CLIMATE SUMMARY FOR FEBRUARY 20 2018...

CLIMATE NORMAL PERIOD 1981 TO 2010
CLIMATE RECORD PERIOD 1899 TO 2018


WEATHER ITEM   OBSERVED TIME   RECORD YEAR NORMAL DEPARTURE LAST
                VALUE   (LST)  VALUE       VALUE  FROM      YEAR
                                                  NORMAL
..................................................................
TEMPERATURE (F)
 YESTERDAY
  MAXIMUM         77    509 PM  80    1991  63     14       75
                                      1986
  MINIMUM         57    500 AM  18    2015  39     18       43
  AVERAGE         67                        51     16       59

PRECIPITATION (IN)
  YESTERDAY        T             1.27 1933   0.16  -0.16     0.00
  MONTH TO DATE    2.79                      3.12  -0.33     1.51
  SINCE DEC 1      8.19                     11.40  -3.21    18.72
  SINCE JAN 1      4.93                      7.36  -2.43    12.77

SNOWFALL (IN)
  YESTERDAY        0.0           0.0  2002   0.0    0.0      0.0
  MONTH TO DATE    0.0                       0.0    0.0      0.0
  SINCE DEC 1      1.0                       0.5    0.5      0.0
  SINCE JUL 1      1.0                       0.5    0.5      0.0
  SNOW DEPTH       0

DEGREE DAYS
 HEATING
  YESTERDAY        0                        14    -14        6
  MONTH TO DATE  162                       316   -154      178
  SINCE DEC 1   1280                      1426   -146      911
  SINCE JUL 1   1638                      1821   -183     1153

 COOLING
  YESTERDAY        2                         0      2        0
  MONTH TO DATE   20                         0     20        4
  SINCE DEC 1     22                         4     18       10
  SINCE JAN 1     20                         1     19        8
..................................................................


WIND (MPH)
  RESULTANT WIND SPEED   6   RESULTANT WIND DIRECTION  SE (140)
  HIGHEST WIND SPEED    14   HIGHEST WIND DIRECTION    SE (140)
  HIGHEST GUST SPEED    19   HIGHEST GUST DIRECTION    SE (150)
  AVERAGE WIND SPEED     6.1


SKY COVER
  AVERAGE SKY COVER 0.8


WEATHER CONDITIONS
 THE FOLLOWING WEATHER WAS RECORDED YESTERDAY.
  FOG
  FOG W/VISIBILITY <= 1/4 MILE


RELATIVE HUMIDITY (PERCENT)
 HIGHEST   100           400 AM
 LOWEST     60           500 PM
 AVERAGE    80

..........................................................


THE MACON CLIMATE NORMALS FOR TODAY
                         NORMAL    RECORD    YEAR
 MAXIMUM TEMPERATURE (F)   64        81      1976
 MINIMUM TEMPERATURE (F)   39        23      1958


SUNRISE AND SUNSET
FEBRUARY 21 2018......SUNRISE   711 AM EST   SUNSET   625 PM EST
FEBRUARY 22 2018......SUNRISE   710 AM EST   SUNSET   626 PM EST


-  INDICATES NEGATIVE NUMBERS.
R  INDICATES RECORD WAS SET OR TIED.
MM INDICATES DATA IS MISSING.
T  INDICATES TRACE AMOUNT.




$$
