000
CDUS42 KMLB 050652
CLIMCO


CLIMATE REPORT
NATIONAL WEATHER SERVICE MELBOURNE FL
141 AM EST THU MAR 5 2015


...................................

...THE ORLANDO  CLIMATE SUMMARY FOR MARCH 4 2015...

CLIMATE NORMAL PERIOD 1981 TO 2010
CLIMATE RECORD PERIOD 1892 TO 2015


WEATHER ITEM   OBSERVED TIME   RECORD YEAR NORMAL DEPARTURE LAST
                VALUE   (LST)  VALUE       VALUE  FROM      YEAR
                                                  NORMAL
..................................................................
TEMPERATURE (F)
 YESTERDAY
  MAXIMUM         86    434 PM  88    1989  76     10       81
                                      1953
                                      1922
  MINIMUM         64    724 AM  30    2013  54     10       59
  AVERAGE         75                        65     10       70

PRECIPITATION (IN)
  YESTERDAY        0.00          2.18 1948   0.10  -0.10     0.11
  MONTH TO DATE    0.35                      0.40  -0.05     0.11
  SINCE MAR 1      0.35                      0.40  -0.05     0.11
  SINCE JAN 1      8.45                      5.13   3.32     5.15

SNOWFALL (IN)
  YESTERDAY        0.0
  MONTH TO DATE    0.0
  SINCE MAR 1      0.0
  SINCE JUL 1      0.0

DEGREE DAYS
 HEATING
  YESTERDAY        0                         3     -3        0
  MONTH TO DATE    0                        12    -12        1
  SINCE MAR 1      0                        12    -12        1
  SINCE JUL 1    470                       511    -41      365

 COOLING
  YESTERDAY       10                         3      7        5
  MONTH TO DATE   34                        12     22       12
  SINCE MAR 1     34                        12     22       12
  SINCE JAN 1    108                       116     -8      162
..................................................................


WIND (MPH)
  HIGHEST WIND SPEED    17   HIGHEST WIND DIRECTION     S (170)
  HIGHEST GUST SPEED    23   HIGHEST GUST DIRECTION     S (170)
  AVERAGE WIND SPEED     8.1


SKY COVER
  AVERAGE SKY COVER 0.2


WEATHER CONDITIONS
 THE FOLLOWING WEATHER WAS RECORDED YESTERDAY.
  FOG


RELATIVE HUMIDITY (PERCENT)
 HIGHEST   100           400 AM
 LOWEST     51           200 PM
 AVERAGE    76

..........................................................


THE ORLANDO  CLIMATE NORMALS FOR TODAY
                         NORMAL    RECORD    YEAR
 MAXIMUM TEMPERATURE (F)   77        90      1929
 MINIMUM TEMPERATURE (F)   55        33      1931


SUNRISE AND SUNSET
MARCH  5 2015.........SUNRISE   646 AM EST   SUNSET   628 PM EST
MARCH  6 2015.........SUNRISE   645 AM EST   SUNSET   628 PM EST


-  INDICATES NEGATIVE NUMBERS.
R  INDICATES RECORD WAS SET OR TIED.
MM INDICATES DATA IS MISSING.
T  INDICATES TRACE AMOUNT.




$$
