000
CDUS42 KMLB 110629
CLIMCO


CLIMATE REPORT
NATIONAL WEATHER SERVICE MELBOURNE FL
129 AM EST MON DEC 11 2017


...................................

...THE ORLANDO INTL CLIMATE SUMMARY FOR DECEMBER 10 2017...

CLIMATE NORMAL PERIOD 1981 TO 2010
CLIMATE RECORD PERIOD 1892 TO 2017


WEATHER ITEM   OBSERVED TIME   RECORD YEAR NORMAL DEPARTURE LAST
                VALUE   (LST)  VALUE       VALUE  FROM      YEAR
                                                  NORMAL
..................................................................
TEMPERATURE (F)
 YESTERDAY
  MAXIMUM         57    215 PM  88    1918  74    -17       74
  MINIMUM         40    747 AM  28    1917  54    -14       51
  AVERAGE         49                        64    -15       63

PRECIPITATION (IN)
  YESTERDAY        0.00          1.63 1921   0.08  -0.08     0.00
  MONTH TO DATE    0.35                      0.81  -0.46     0.76
  SINCE DEC 1      0.35                      0.81  -0.46     0.76
  SINCE JAN 1     46.62                     48.96  -2.34    52.54

SNOWFALL (IN)
  YESTERDAY        0.0
  MONTH TO DATE    0.0
  SINCE JUL 1      0.0

DEGREE DAYS
 HEATING
  YESTERDAY       16                         4     12        2
  MONTH TO DATE   22                        34    -12       10
  SINCE DEC 1     22                        34    -12       10
  SINCE JUL 1     46                        81    -35       33

 COOLING
  YESTERDAY        0                         2     -2        0
  MONTH TO DATE   45                        29     16       45
  SINCE DEC 1     45                        29     16       45
  SINCE JAN 1   3648                      3383    265     3749
..................................................................


WIND (MPH)
  HIGHEST WIND SPEED    21   HIGHEST WIND DIRECTION    NW (320)
  HIGHEST GUST SPEED    26   HIGHEST GUST DIRECTION    NW (330)
  AVERAGE WIND SPEED    11.7


SKY COVER
  AVERAGE SKY COVER 0.0


WEATHER CONDITIONS
 THE FOLLOWING WEATHER WAS RECORDED YESTERDAY.
  NO SIGNIFICANT WEATHER WAS OBSERVED.


RELATIVE HUMIDITY (PERCENT)
 HIGHEST    79          1100 PM
 LOWEST     19          1200 PM
 AVERAGE    49

..........................................................


THE ORLANDO INTL CLIMATE NORMALS FOR TODAY
                         NORMAL    RECORD    YEAR
 MAXIMUM TEMPERATURE (F)   73        90      1919
 MINIMUM TEMPERATURE (F)   53        28      1898


SUNRISE AND SUNSET
DECEMBER 11 2017......SUNRISE   708 AM EST   SUNSET   530 PM EST
DECEMBER 12 2017......SUNRISE   708 AM EST   SUNSET   530 PM EST


-  INDICATES NEGATIVE NUMBERS.
R  INDICATES RECORD WAS SET OR TIED.
MM INDICATES DATA IS MISSING.
T  INDICATES TRACE AMOUNT.




$$
