000
CDUS42 KMLB 230627
CLIMCO


CLIMATE REPORT
NATIONAL WEATHER SERVICE MELBOURNE FL
127 AM EST FRI FEB 23 2018


...................................

...THE ORLANDO INTL CLIMATE SUMMARY FOR FEBRUARY 22 2018...

CLIMATE NORMAL PERIOD 1981 TO 2010
CLIMATE RECORD PERIOD 1892 TO 2018


WEATHER ITEM   OBSERVED TIME   RECORD YEAR NORMAL DEPARTURE LAST
                VALUE   (LST)  VALUE       VALUE  FROM      YEAR
                                                  NORMAL
..................................................................
TEMPERATURE (F)
 YESTERDAY
  MAXIMUM         85    333 PM  88    2003  75     10       72
                                      1971
                                      1962
  MINIMUM         66    439 AM  35    1978  53     13       64
                                      1977
  AVERAGE         76                        64     12       68

PRECIPITATION (IN)
  YESTERDAY        0.00          0.88 2012   0.08  -0.08     0.28
  MONTH TO DATE    0.36                      1.84  -1.48     0.75
  SINCE DEC 1      2.81                      6.77  -3.96     5.25
  SINCE JAN 1      2.46                      4.19  -1.73     2.73

SNOWFALL (IN)
  YESTERDAY        0.0
  MONTH TO DATE    0.0
  SINCE JUL 1      0.0

DEGREE DAYS
 HEATING
  YESTERDAY        0                         3     -3        0
  MONTH TO DATE    6                        97    -91       16
  SINCE DEC 1    360                       434    -74      146
  SINCE JUL 1    384                       481    -97      169

 COOLING
  YESTERDAY       11                         2      9        3
  MONTH TO DATE  145                        44    101       69
  SINCE DEC 1    281                       159    122      320
  SINCE JAN 1    189                        89    100      161
..................................................................


WIND (MPH)
  HIGHEST WIND SPEED    17   HIGHEST WIND DIRECTION     E (110)
  HIGHEST GUST SPEED    24   HIGHEST GUST DIRECTION     E (100)
  AVERAGE WIND SPEED     8.4


SKY COVER
  AVERAGE SKY COVER 0.3


WEATHER CONDITIONS
 THE FOLLOWING WEATHER WAS RECORDED YESTERDAY.
  NO SIGNIFICANT WEATHER WAS OBSERVED.


RELATIVE HUMIDITY (PERCENT)
 HIGHEST   100           200 AM
 LOWEST     47           200 PM
 AVERAGE    74

..........................................................


THE ORLANDO INTL CLIMATE NORMALS FOR TODAY
                         NORMAL    RECORD    YEAR
 MAXIMUM TEMPERATURE (F)   75        89      2013
 MINIMUM TEMPERATURE (F)   53        30      1939


SUNRISE AND SUNSET
FEBRUARY 23 2018......SUNRISE   656 AM EST   SUNSET   621 PM EST
FEBRUARY 24 2018......SUNRISE   655 AM EST   SUNSET   622 PM EST


-  INDICATES NEGATIVE NUMBERS.
R  INDICATES RECORD WAS SET OR TIED.
MM INDICATES DATA IS MISSING.
T  INDICATES TRACE AMOUNT.




$$
