000
CDUS42 KMLB 270632
CLIMCO


CLIMATE REPORT
NATIONAL WEATHER SERVICE MELBOURNE FL
130 AM EST TUE JAN 27 2015


...................................

...THE ORLANDO  CLIMATE SUMMARY FOR JANUARY 26 2015...

CLIMATE NORMAL PERIOD 1981 TO 2010
CLIMATE RECORD PERIOD 1892 TO 2015


WEATHER ITEM   OBSERVED TIME   RECORD YEAR NORMAL DEPARTURE LAST
                VALUE   (LST)  VALUE       VALUE  FROM      YEAR
                                                  NORMAL
..................................................................
TEMPERATURE (F)
 YESTERDAY
  MAXIMUM         67    306 PM  87    1929  72     -5       69
  MINIMUM         51   1255 AM  21    1905  50      1       47
  AVERAGE         59                        61     -2       58

PRECIPITATION (IN)
  YESTERDAY        0.06          1.00 1904   0.07  -0.01     0.02
  MONTH TO DATE    3.52                      1.96   1.56     1.28
  SINCE DEC 1      5.11                      4.54   0.57     1.55
  SINCE JAN 1      3.52                      1.96   1.56     1.28

SNOWFALL (IN)
  YESTERDAY        0.0
  MONTH TO DATE    0.0
  SINCE DEC 1      0.0
  SINCE JUL 1      0.0

DEGREE DAYS
 HEATING
  YESTERDAY        6                         6      0        7
  MONTH TO DATE  102                       163    -61      203
  SINCE DEC 1    196                       307   -111      237
  SINCE JUL 1    278                       354    -76      260

 COOLING
  YESTERDAY        0                         1     -1        0
  MONTH TO DATE   52                        29     23       40
  SINCE DEC 1    156                        99     57      173
  SINCE JAN 1     52                        29     23       40
..................................................................


WIND (MPH)
  HIGHEST WIND SPEED    33   HIGHEST WIND DIRECTION     W (280)
  HIGHEST GUST SPEED    41   HIGHEST GUST DIRECTION     W (280)
  AVERAGE WIND SPEED    14.0


SKY COVER
  AVERAGE SKY COVER 0.4


WEATHER CONDITIONS
 THE FOLLOWING WEATHER WAS RECORDED YESTERDAY.
  LIGHT RAIN
  FOG


RELATIVE HUMIDITY (PERCENT)
 HIGHEST    93           300 AM
 LOWEST     42           200 PM
 AVERAGE    68

..........................................................


THE ORLANDO  CLIMATE NORMALS FOR TODAY
                         NORMAL    RECORD    YEAR
 MAXIMUM TEMPERATURE (F)   72        86      1962
 MINIMUM TEMPERATURE (F)   50        24      1905


SUNRISE AND SUNSET
JANUARY 27 2015.......SUNRISE   716 AM EST   SUNSET   601 PM EST
JANUARY 28 2015.......SUNRISE   715 AM EST   SUNSET   602 PM EST


-  INDICATES NEGATIVE NUMBERS.
R  INDICATES RECORD WAS SET OR TIED.
MM INDICATES DATA IS MISSING.
T  INDICATES TRACE AMOUNT.




$$
