000
CDUS42 KMLB 242118
CLIMCO


CLIMATE REPORT
NATIONAL WEATHER SERVICE MELBOURNE FL
417 PM EST WED DEC 24 2014


...................................

...THE ORLANDO  CLIMATE SUMMARY FOR DECEMBER 24 2014...
VALID TODAY AS OF 0400 PM LOCAL TIME.

CLIMATE NORMAL PERIOD 1981 TO 2010
CLIMATE RECORD PERIOD 1892 TO 2014


WEATHER ITEM   OBSERVED TIME   RECORD YEAR NORMAL DEPARTURE LAST
                VALUE   (LST)  VALUE       VALUE  FROM      YEAR
                                                  NORMAL
..................................................................
TEMPERATURE (F)
 TODAY
  MAXIMUM         85R   137 PM  84    1970  72     13       72
                                      1931
                                      1911
  MINIMUM         72    800 AM  22    1989  51     21       52
  AVERAGE         79                        61     18       62

PRECIPITATION (IN)
  TODAY            T             1.29 2002   0.09  -0.09      T
  MONTH TO DATE    1.39                      2.04  -0.65     0.19
  SINCE DEC 1      1.39                      2.04  -0.65     0.19
  SINCE JAN 1     55.15                     50.19   4.96    42.63

SNOWFALL (IN)
  TODAY            0.0
  MONTH TO DATE    0.0
  SINCE DEC 1      0.0
  SINCE JUL 1      0.0

DEGREE DAYS
 HEATING
  TODAY            0                         6     -6        3
  MONTH TO DATE   84                       103    -19       30
  SINCE DEC 1     84                       103    -19       30
  SINCE JUL 1    166                       150     16       53

 COOLING
  TODAY           14                         2     12        0
  MONTH TO DATE   77                        57     20      113
  SINCE DEC 1     77                        57     20      113
  SINCE JAN 1   3568                      3411    157     3674
..................................................................


WIND (MPH)
  HIGHEST WIND SPEED    22   HIGHEST WIND DIRECTION     S (190)
  HIGHEST GUST SPEED    29   HIGHEST GUST DIRECTION     S (190)
  AVERAGE WIND SPEED    15.5


SKY COVER
  AVERAGE SKY COVER 0.8


WEATHER CONDITIONS
 THE FOLLOWING WEATHER WAS RECORDED TODAY.
  LIGHT RAIN


RELATIVE HUMIDITY (PERCENT)
 HIGHEST    93           100 AM
 LOWEST     61           200 PM
 AVERAGE    77

..........................................................


THE ORLANDO  CLIMATE NORMALS FOR TOMORROW
                         NORMAL    RECORD    YEAR
 MAXIMUM TEMPERATURE (F)   72        85      1924
                                             1903
 MINIMUM TEMPERATURE (F)   51        21      1983


SUNRISE AND SUNSET
DECEMBER 24 2014......SUNRISE   715 AM EST   SUNSET   535 PM EST
DECEMBER 25 2014......SUNRISE   715 AM EST   SUNSET   536 PM EST


-  INDICATES NEGATIVE NUMBERS.
R  INDICATES RECORD WAS SET OR TIED.
MM INDICATES DATA IS MISSING.
T  INDICATES TRACE AMOUNT.




$$
