000
CDUS42 KMLB 110627
CLIMCO


CLIMATE REPORT
NATIONAL WEATHER SERVICE MELBOURNE FL
126 AM EST THU FEB 11 2016


...................................

...THE ORLANDO  CLIMATE SUMMARY FOR FEBRUARY 10 2016...

CLIMATE NORMAL PERIOD 1981 TO 2010
CLIMATE RECORD PERIOD 1892 TO 2016


WEATHER ITEM   OBSERVED TIME   RECORD YEAR NORMAL DEPARTURE LAST
                VALUE   (LST)  VALUE       VALUE  FROM      YEAR
                                                  NORMAL
..................................................................
TEMPERATURE (F)
 YESTERDAY
  MAXIMUM         61    241 PM  87    1921  73    -12       65
  MINIMUM         41    708 AM  31    1947  52    -11       54
  AVERAGE         51                        62    -11       60

PRECIPITATION (IN)
  YESTERDAY        0.00          1.25 1914   0.08  -0.08     0.00
  MONTH TO DATE    0.67                      0.82  -0.15     2.34
  SINCE DEC 1      7.04                      5.75   1.29     7.45
  SINCE JAN 1      6.32                      3.17   3.15     5.86

SNOWFALL (IN)
  YESTERDAY        0.0
  MONTH TO DATE    0.0
  SINCE DEC 1      0.0
  SINCE JUL 1      0.0

DEGREE DAYS
 HEATING
  YESTERDAY       14                         5      9        5
  MONTH TO DATE   69                        50     19       41
  SINCE DEC 1    269                       387   -118      276
  SINCE JUL 1    278                       434   -156      358

 COOLING
  YESTERDAY        0                         2     -2        0
  MONTH TO DATE   30                        20     10        0
  SINCE DEC 1    268                       135    133      156
  SINCE JAN 1     45                        65    -20       52
..................................................................


WIND (MPH)
  HIGHEST WIND SPEED    25   HIGHEST WIND DIRECTION     W (260)
  HIGHEST GUST SPEED    34   HIGHEST GUST DIRECTION    NW (300)
  AVERAGE WIND SPEED    11.5


SKY COVER
  AVERAGE SKY COVER 0.4


WEATHER CONDITIONS
 THE FOLLOWING WEATHER WAS RECORDED YESTERDAY.
  HAZE


RELATIVE HUMIDITY (PERCENT)
 HIGHEST    58          1000 PM
 LOWEST     22           500 PM
 AVERAGE    40

..........................................................


THE ORLANDO  CLIMATE NORMALS FOR TODAY
                         NORMAL    RECORD    YEAR
 MAXIMUM TEMPERATURE (F)   73        88      1921
 MINIMUM TEMPERATURE (F)   52        29      1947


SUNRISE AND SUNSET
FEBRUARY 11 2016......SUNRISE   707 AM EST   SUNSET   612 PM EST
FEBRUARY 12 2016......SUNRISE   706 AM EST   SUNSET   613 PM EST


-  INDICATES NEGATIVE NUMBERS.
R  INDICATES RECORD WAS SET OR TIED.
MM INDICATES DATA IS MISSING.
T  INDICATES TRACE AMOUNT.




$$
