000
CDUS42 KMLB 180635
CLIMCO


CLIMATE REPORT
NATIONAL WEATHER SERVICE MELBOURNE FL
235 AM EDT FRI AUG 18 2017


...................................

...THE ORLANDO  CLIMATE SUMMARY FOR AUGUST 17 2017...

CLIMATE NORMAL PERIOD 1981 TO 2010
CLIMATE RECORD PERIOD 1892 TO 2017


WEATHER ITEM   OBSERVED TIME   RECORD YEAR NORMAL DEPARTURE LAST
                VALUE   (LST)  VALUE       VALUE  FROM      YEAR
                                                  NORMAL
..................................................................
TEMPERATURE (F)
 YESTERDAY
  MAXIMUM         93    300 PM  99    1929  92      1       92
  MINIMUM         73    518 PM  66    1938  74     -1       76
  AVERAGE         83                        83      0       84

PRECIPITATION (IN)
  YESTERDAY        1.23          2.13 1992   0.22   1.01     0.00
  MONTH TO DATE    4.80                      4.06   0.74     7.02
  SINCE JUN 1     20.84                     18.91   1.93    18.72
  SINCE JAN 1     27.23                     33.54  -6.31    38.81

SNOWFALL (IN)
  YESTERDAY        0.0
  MONTH TO DATE    0.0
  SINCE JUN 1      0.0
  SINCE JUL 1      0.0

DEGREE DAYS
 HEATING
  YESTERDAY        0                         0      0        0
  MONTH TO DATE    0                         0      0        0
  SINCE JUN 1      0                         0      0        0
  SINCE JUL 1      0                         0      0        0

 COOLING
  YESTERDAY       18                        18      0       19
  MONTH TO DATE  318                       306     12      314
  SINCE JUN 1   1310                      1345    -35     1487
  SINCE JAN 1   2346                      2146    200     2402
..................................................................


WIND (MPH)
  HIGHEST WIND SPEED    26   HIGHEST WIND DIRECTION     N (20)
  HIGHEST GUST SPEED    31   HIGHEST GUST DIRECTION     N (20)
  AVERAGE WIND SPEED     3.0


SKY COVER
  AVERAGE SKY COVER 0.4


WEATHER CONDITIONS
 THE FOLLOWING WEATHER WAS RECORDED YESTERDAY.
  THUNDERSTORM
  HEAVY RAIN
  LIGHT RAIN
  FOG


RELATIVE HUMIDITY (PERCENT)
 HIGHEST   100          1200 AM
 LOWEST     52           300 PM
 AVERAGE    76

..........................................................


THE ORLANDO  CLIMATE NORMALS FOR TODAY
                         NORMAL    RECORD    YEAR
 MAXIMUM TEMPERATURE (F)   92       101      1916
 MINIMUM TEMPERATURE (F)   74        67      2000
                                             1893


SUNRISE AND SUNSET
AUGUST 18 2017........SUNRISE   657 AM EDT   SUNSET   801 PM EDT
AUGUST 19 2017........SUNRISE   657 AM EDT   SUNSET   800 PM EDT


-  INDICATES NEGATIVE NUMBERS.
R  INDICATES RECORD WAS SET OR TIED.
MM INDICATES DATA IS MISSING.
T  INDICATES TRACE AMOUNT.




$$
