000
CDUS43 KDMX 270643
CLIMCW

CLIMATE REPORT
NATIONAL WEATHER SERVICE DES MOINES IA
137 AM CDT SAT AUG 27 2016


...................................

...THE MASON CITY IA CLIMATE SUMMARY FOR AUGUST 26 2016...

CLIMATE NORMAL PERIOD 1981 TO 2010
CLIMATE RECORD PERIOD 1893 TO 2016


WEATHER ITEM   OBSERVED TIME   RECORD YEAR NORMAL DEPARTURE LAST
                VALUE   (LST)  VALUE       VALUE  FROM      YEAR
                                                  NORMAL
..................................................................
TEMPERATURE (F)
 YESTERDAY
  MAXIMUM         70    103 PM  96    1955  80    -10       76
  MINIMUM         52    607 AM  38    1934  57     -5       45
  AVERAGE         61                        68     -7       61

PRECIPITATION (IN)
  YESTERDAY        0.01          1.74 2004   0.12  -0.11     0.00
  MONTH TO DATE    6.50                      3.41   3.09     3.20
  SINCE JUN 1     19.90                     13.25   6.65    14.87
  SINCE JAN 1     31.12                     25.73   5.39    25.87

SNOWFALL (IN)
  YESTERDAY        0.0          MM      MM   0.0    0.0      0.0
  MONTH TO DATE    0.0                       0.0    0.0      0.0
  SINCE JUN 1      0.0                       0.0    0.0      0.0
  SINCE JUL 1      0.0                       0.0    0.0      0.0
  SNOW DEPTH       0

DEGREE DAYS
 HEATING
  YESTERDAY        4                         1      3        4
  MONTH TO DATE    8                        21    -13       27
  SINCE JUN 1     26                        74    -48       60
  SINCE JUL 1     18                        30    -12       48

 COOLING
  YESTERDAY        0                         4     -4        0
  MONTH TO DATE  144                       142      2      125
  SINCE JUN 1    547                       501     46      478
  SINCE JAN 1    588                       536     52      508
..................................................................


WIND (MPH)
  HIGHEST WIND SPEED     9   HIGHEST WIND DIRECTION    SE (140)
  HIGHEST GUST SPEED    14   HIGHEST GUST DIRECTION    SE (120)
  AVERAGE WIND SPEED     2.8


SKY COVER
  POSSIBLE SUNSHINE  MM
  AVERAGE SKY COVER 0.3


WEATHER CONDITIONS
 THE FOLLOWING WEATHER WAS RECORDED YESTERDAY.
  LIGHT RAIN
  FOG
  FOG W/VISIBILITY <= 1/4 MILE


RELATIVE HUMIDITY (PERCENT)
 HIGHEST   100           200 AM
 LOWEST     66           100 PM
 AVERAGE    83

..........................................................


THE MASON CITY IA CLIMATE NORMALS FOR TODAY
                         NORMAL    RECORD    YEAR
 MAXIMUM TEMPERATURE (F)   79        98      1984
 MINIMUM TEMPERATURE (F)   56        39      1896


SUNRISE AND SUNSET
AUGUST 27 2016........SUNRISE   633 AM CDT   SUNSET   756 PM CDT
AUGUST 28 2016........SUNRISE   634 AM CDT   SUNSET   754 PM CDT


-  INDICATES NEGATIVE NUMBERS.
R  INDICATES RECORD WAS SET OR TIED.
MM INDICATES DATA IS MISSING.
T  INDICATES TRACE AMOUNT.




$$
