000
CDUS43 KDMX 240638 RRA
CLIMCW

CLIMATE REPORT
NATIONAL WEATHER SERVICE DES MOINES IA
136 AM CDT FRI MAR 24 2017


...................................

...THE MASON CITY IA CLIMATE SUMMARY FOR MARCH 23 2017...

CLIMATE NORMAL PERIOD 1981 TO 2010
CLIMATE RECORD PERIOD 1893 TO 2017


WEATHER ITEM   OBSERVED TIME   RECORD YEAR NORMAL DEPARTURE LAST
                VALUE   (LST)  VALUE       VALUE  FROM      YEAR
                                                  NORMAL
..................................................................
TEMPERATURE (F)
 YESTERDAY
  MAXIMUM         41    835 PM  82    1910  46     -5       48
  MINIMUM         34    809 AM  -5    1899  26      8       29
  AVERAGE         38                        36      2       39

PRECIPITATION (IN)
  YESTERDAY        0.05          1.36 2009   0.08  -0.03     0.62
  MONTH TO DATE    0.90                      1.50  -0.60     1.55
  SINCE MAR 1      0.90                      1.50  -0.60     1.55
  SINCE JAN 1      4.89                      3.32   1.57     2.84

SNOWFALL (IN)
  YESTERDAY        0.0           7.0  1966   0.1   -0.1       T
  MONTH TO DATE   10.0                       4.7    5.3      3.2
  SINCE MAR 1     10.0                       4.7    5.3      3.2
  SINCE JUL 1     49.4                      37.2   12.2     45.9
  SNOW DEPTH       0

DEGREE DAYS
 HEATING
  YESTERDAY       27                        29     -2       26
  MONTH TO DATE  824                       778     46      588
  SINCE MAR 1    824                       778     46      588
  SINCE JUL 1   5736                      6629   -893     5687

 COOLING
  YESTERDAY        0                         0      0        0
  MONTH TO DATE    0                         0      0        0
  SINCE MAR 1      0                         0      0        0
  SINCE JAN 1      0                         0      0        0
..................................................................


WIND (MPH)
  HIGHEST WIND SPEED    29   HIGHEST WIND DIRECTION    SE (150)
  HIGHEST GUST SPEED    39   HIGHEST GUST DIRECTION    SE (150)
  AVERAGE WIND SPEED    18.1


SKY COVER
  POSSIBLE SUNSHINE  MM
  AVERAGE SKY COVER 0.8


WEATHER CONDITIONS
 THE FOLLOWING WEATHER WAS RECORDED YESTERDAY.
  THUNDERSTORM
  LIGHT RAIN
  LIGHT SNOW
  FOG


RELATIVE HUMIDITY (PERCENT)
 HIGHEST    92           400 PM
 LOWEST     56          1200 AM
 AVERAGE    74

..........................................................


THE MASON CITY IA CLIMATE NORMALS FOR TODAY
                         NORMAL    RECORD    YEAR
 MAXIMUM TEMPERATURE (F)   46        77      1963
 MINIMUM TEMPERATURE (F)   27        -6      1974


SUNRISE AND SUNSET
MARCH 24 2017.........SUNRISE   709 AM CDT   SUNSET   731 PM CDT
MARCH 25 2017.........SUNRISE   707 AM CDT   SUNSET   732 PM CDT


-  INDICATES NEGATIVE NUMBERS.
R  INDICATES RECORD WAS SET OR TIED.
MM INDICATES DATA IS MISSING.
T  INDICATES TRACE AMOUNT.




$$
