000
CDUS43 KDMX 020629 RRA
CLIMCW

CLIMATE REPORT
NATIONAL WEATHER SERVICE DES MOINES IA
1228 AM CST MON MAR 2 2015


...................................

...THE MASON CITY IA CLIMATE SUMMARY FOR MARCH 1 2015...

CLIMATE NORMAL PERIOD 1981 TO 2010
CLIMATE RECORD PERIOD 1893 TO 2015


WEATHER ITEM   OBSERVED TIME   RECORD YEAR NORMAL DEPARTURE LAST
                VALUE   (LST)  VALUE       VALUE  FROM      YEAR
                                                  NORMAL
..................................................................
TEMPERATURE (F)
 YESTERDAY
  MAXIMUM         26    400 PM  63    1923  35     -9       11
  MINIMUM          5    310 AM -28    1962  18    -13       -7
  AVERAGE         16                        26    -10        2

PRECIPITATION (IN)
  YESTERDAY        0.00          0.82 2007   0.05  -0.05     0.14
  MONTH TO DATE    0.00                      0.05  -0.05     0.14
  SINCE MAR 1      0.00                      0.05  -0.05     0.14
  SINCE JAN 1      2.07                      1.87   0.20     3.16

SNOWFALL (IN)
  YESTERDAY        0.0           8.2  2007   0.2   -0.2      1.5
  MONTH TO DATE    0.0                       0.2   -0.2      1.5
  SINCE MAR 1      0.0                       0.2   -0.2      1.5
  SINCE JUL 1     35.8                      32.7    3.1     47.6
  SNOW DEPTH       8

DEGREE DAYS
 HEATING
  YESTERDAY       49                        39     10       63
  MONTH TO DATE   49                        39     10       63
  SINCE MAR 1     49                        39     10       63
  SINCE JUL 1   6112                      5890    222     6609

 COOLING
  YESTERDAY        0                         0      0        0
  MONTH TO DATE    0                         0      0        0
  SINCE MAR 1      0                         0      0        0
  SINCE JAN 1      0                         0      0        0
..................................................................


WIND (MPH)
  HIGHEST WIND SPEED    20   HIGHEST WIND DIRECTION     W (290)
  HIGHEST GUST SPEED    23   HIGHEST GUST DIRECTION     W (290)
  AVERAGE WIND SPEED    11.0


SKY COVER
  POSSIBLE SUNSHINE  MM
  AVERAGE SKY COVER 0.3


WEATHER CONDITIONS
 THE FOLLOWING WEATHER WAS RECORDED YESTERDAY.
  FOG


RELATIVE HUMIDITY (PERCENT)
 HIGHEST    92          1200 AM
 LOWEST     59           200 PM
 AVERAGE    76

..........................................................


THE MASON CITY IA CLIMATE NORMALS FOR TODAY
                         NORMAL    RECORD    YEAR
 MAXIMUM TEMPERATURE (F)   35        64      1983
 MINIMUM TEMPERATURE (F)   18       -18      1913


SUNRISE AND SUNSET
MARCH  2 2015.........SUNRISE   648 AM CST   SUNSET   603 PM CST
MARCH  3 2015.........SUNRISE   646 AM CST   SUNSET   605 PM CST


-  INDICATES NEGATIVE NUMBERS.
R  INDICATES RECORD WAS SET OR TIED.
MM INDICATES DATA IS MISSING.
T  INDICATES TRACE AMOUNT.




$$
