000
CDUS43 KDMX 290638 RRA
CLIMCW

CLIMATE REPORT
NATIONAL WEATHER SERVICE DES MOINES IA
138 AM CDT FRI MAY 29 2015


...................................

...THE MASON CITY IA CLIMATE SUMMARY FOR MAY 28 2015...

CLIMATE NORMAL PERIOD 1981 TO 2010
CLIMATE RECORD PERIOD 1893 TO 2015


WEATHER ITEM   OBSERVED TIME   RECORD YEAR NORMAL DEPARTURE LAST
                VALUE   (LST)  VALUE       VALUE  FROM      YEAR
                                                  NORMAL
..................................................................
TEMPERATURE (F)
 YESTERDAY
  MAXIMUM         82    229 PM  93    2006  74      8       81
  MINIMUM         56    447 AM  32    1947  51      5       63
  AVERAGE         69                        62      7       72

PRECIPITATION (IN)
  YESTERDAY        0.00          2.18 1995   0.16  -0.16     0.00
  MONTH TO DATE    3.09                      4.20  -1.11     2.17
  SINCE MAR 1      8.69                     10.18  -1.49    10.86
  SINCE JAN 1     10.76                     12.00  -1.24    13.88

SNOWFALL (IN)
  YESTERDAY        0.0           4.0  1947   0.0    0.0      0.0
  MONTH TO DATE    0.0                       0.1   -0.1      0.0
  SINCE MAR 1      4.2                       8.8   -4.6     11.9
  SINCE JUL 1     40.0                      41.3   -1.3     58.0
  SNOW DEPTH       0

DEGREE DAYS
 HEATING
  YESTERDAY        0                         4     -4        0
  MONTH TO DATE  182                       223    -41      247
  SINCE MAR 1   1597                      1772   -175     2065
  SINCE JUL 1   7660                      7623     37     8611

 COOLING
  YESTERDAY        4                         2      2        7
  MONTH TO DATE   29                        23      6       26
  SINCE MAR 1     29                        28      1       26
  SINCE JAN 1     29                        28      1       26
..................................................................


WIND (MPH)
  HIGHEST WIND SPEED    24   HIGHEST WIND DIRECTION     S (160)
  HIGHEST GUST SPEED    31   HIGHEST GUST DIRECTION    SE (150)
  AVERAGE WIND SPEED    12.7


SKY COVER
  POSSIBLE SUNSHINE  MM
  AVERAGE SKY COVER 0.3


WEATHER CONDITIONS
 THE FOLLOWING WEATHER WAS RECORDED YESTERDAY.
  FOG


RELATIVE HUMIDITY (PERCENT)
 HIGHEST    93           500 AM
 LOWEST     36           300 PM
 AVERAGE    65

..........................................................


THE MASON CITY IA CLIMATE NORMALS FOR TODAY
                         NORMAL    RECORD    YEAR
 MAXIMUM TEMPERATURE (F)   74        98      1934
 MINIMUM TEMPERATURE (F)   51        31      1947


SUNRISE AND SUNSET
MAY 29 2015...........SUNRISE   538 AM CDT   SUNSET   844 PM CDT
MAY 30 2015...........SUNRISE   538 AM CDT   SUNSET   845 PM CDT


-  INDICATES NEGATIVE NUMBERS.
R  INDICATES RECORD WAS SET OR TIED.
MM INDICATES DATA IS MISSING.
T  INDICATES TRACE AMOUNT.




$$
