000
CDUS43 KDMX 250635 RRA
CLIMCW

CLIMATE REPORT
NATIONAL WEATHER SERVICE DES MOINES IA
131 AM CDT SAT OCT 25 2014

...................................

...THE MASON CITY IA CLIMATE SUMMARY FOR OCTOBER 24 2014...

CLIMATE NORMAL PERIOD 1981 TO 2010
CLIMATE RECORD PERIOD 1893 TO 2014


WEATHER ITEM   OBSERVED TIME   RECORD YEAR NORMAL DEPARTURE LAST
                VALUE   (LST)  VALUE       VALUE  FROM      YEAR
                                                  NORMAL
..................................................................
TEMPERATURE (F)
 YESTERDAY
  MAXIMUM         68    359 PM  79    1963  56     12       46
  MINIMUM         40    403 AM  14    1896  34      6       25
  AVERAGE         54                        45      9       36

PRECIPITATION (IN)
  YESTERDAY        0.00          1.33 1946   0.07  -0.07     0.00
  MONTH TO DATE    2.17                      1.97   0.20     1.84
  SINCE SEP 1      4.76                      5.24  -0.48     2.99
  SINCE JAN 1     33.41                     31.60   1.81    36.37

SNOWFALL (IN)
  YESTERDAY        0.0           3.0  1976   0.1   -0.1      0.0
  MONTH TO DATE    0.0                       0.2   -0.2       T
  SINCE SEP 1      0.0                       0.2   -0.2       T
  SINCE JUL 1      0.0                       0.2   -0.2       T
  SNOW DEPTH       0

DEGREE DAYS
 HEATING
  YESTERDAY       11                        20     -9       29
  MONTH TO DATE  383                       373     10      355
  SINCE SEP 1    557                       550      7      475
  SINCE JUL 1    578                       586     -8      513

 COOLING
  YESTERDAY        0                         0      0        0
  MONTH TO DATE    0                         2     -2        6
  SINCE SEP 1     33                        56    -23      126
  SINCE JAN 1    544                       612    -68      718
..................................................................


WIND (MPH)
  HIGHEST WIND SPEED    15   HIGHEST WIND DIRECTION     S (180)
  HIGHEST GUST SPEED    19   HIGHEST GUST DIRECTION     S (160)
  AVERAGE WIND SPEED     7.5


SKY COVER
  POSSIBLE SUNSHINE  MM
  AVERAGE SKY COVER 0.4


WEATHER CONDITIONS
 THE FOLLOWING WEATHER WAS RECORDED YESTERDAY.
  FOG
  FOG W/VISIBILITY <= 1/4 MILE
  HAZE


RELATIVE HUMIDITY (PERCENT)
 HIGHEST   100           600 AM
 LOWEST     68           400 PM
 AVERAGE    84

..........................................................


THE MASON CITY IA CLIMATE NORMALS FOR TODAY
                         NORMAL    RECORD    YEAR
 MAXIMUM TEMPERATURE (F)   56        83      1927
 MINIMUM TEMPERATURE (F)   34        19      1987


SUNRISE AND SUNSET
OCTOBER 25 2014.......SUNRISE   739 AM CDT   SUNSET   615 PM CDT
OCTOBER 26 2014.......SUNRISE   741 AM CDT   SUNSET   613 PM CDT


-  INDICATES NEGATIVE NUMBERS.
R  INDICATES RECORD WAS SET OR TIED.
MM INDICATES DATA IS MISSING.
T  INDICATES TRACE AMOUNT.

$$

REV
