000
CDUS41 KCTP 102117
CLIMDT


CLIMATE REPORT
NATIONAL WEATHER SERVICE STATE COLLEGE PA
517 PM EDT THU JUL 10 2014


...................................

...THE HARRISBURG PA CLIMATE SUMMARY FOR JULY 10 2014...
VALID TODAY AS OF 0500 PM LOCAL TIME.

CLIMATE NORMAL PERIOD 1981 TO 2010
CLIMATE RECORD PERIOD 1888 TO 2014


WEATHER ITEM   OBSERVED TIME   RECORD YEAR NORMAL DEPARTURE LAST
                VALUE   (LST)  VALUE       VALUE  FROM      YEAR
                                                  NORMAL
..................................................................
TEMPERATURE (F)
 TODAY
  MAXIMUM         88    317 PM 103    1936  86      2       87
  MINIMUM         67    538 AM  52    1894  66      1       71
  AVERAGE         78                        76      2       79

PRECIPITATION (IN)
  TODAY            0.00          1.38 2010   0.15  -0.15     0.02
  MONTH TO DATE    0.47                      1.46  -0.99     1.40
  SINCE JUN 1      4.25                      5.06  -0.81     5.17
  SINCE JAN 1     25.89                     20.59   5.30    17.33

DEGREE DAYS
 HEATING
  TODAY            0                         0      0        0
  MONTH TO DATE    0                         0      0        0
  SINCE JUN 1      1                        18    -17        2
  SINCE JUL 1      0                         0      0        0

 COOLING
  TODAY           13                        11      2       14
  MONTH TO DATE  142                       108     34      141
  SINCE JUN 1    389                       321     68      365
  SINCE JAN 1    449                       386     63      448
..................................................................


WIND (MPH)
  HIGHEST WIND SPEED    12   HIGHEST WIND DIRECTION     E (80)
  HIGHEST GUST SPEED    15   HIGHEST GUST DIRECTION     E (90)
  AVERAGE WIND SPEED     3.8


SKY COVER
  POSSIBLE SUNSHINE  MM
  AVERAGE SKY COVER 0.3


WEATHER CONDITIONS
 THE FOLLOWING WEATHER WAS RECORDED TODAY.
  NO SIGNIFICANT WEATHER WAS OBSERVED.


RELATIVE HUMIDITY (PERCENT)
 HIGHEST    87           400 AM
 LOWEST     40           100 PM
 AVERAGE    64

..........................................................


THE HARRISBURG PA CLIMATE NORMALS FOR TOMORROW
                         NORMAL    RECORD    YEAR
 MAXIMUM TEMPERATURE (F)   86       100      1936
 MINIMUM TEMPERATURE (F)   66        53      1983
                                             1898


SUNRISE AND SUNSET
JULY 10 2014..........SUNRISE   547 AM EDT   SUNSET   838 PM EDT
JULY 11 2014..........SUNRISE   547 AM EDT   SUNSET   838 PM EDT


-  INDICATES NEGATIVE NUMBERS.
R  INDICATES RECORD WAS SET OR TIED.
MM INDICATES DATA IS MISSING.
T  INDICATES TRACE AMOUNT.




$$
