000
CDUS41 KCTP 010633
CLIMDT


CLIMATE REPORT
NATIONAL WEATHER SERVICE STATE COLLEGE PA
232 AM EDT SUN MAY 1 2016


...................................

...THE HARRISBURG PA CLIMATE SUMMARY FOR APRIL 30 2016...

CLIMATE NORMAL PERIOD 1981 TO 2010
CLIMATE RECORD PERIOD 1888 TO 2016


WEATHER ITEM   OBSERVED TIME   RECORD YEAR NORMAL DEPARTURE LAST
                VALUE   (LST)  VALUE       VALUE  FROM      YEAR
                                                  NORMAL
..................................................................
TEMPERATURE (F)
 YESTERDAY
  MAXIMUM         60   1249 PM  92    1942  68     -8       74
  MINIMUM         45    638 AM  35    2012  47     -2       46
                                      1977
                                      1931
  AVERAGE         53                        57     -4       60

PRECIPITATION (IN)
  YESTERDAY        0.01          2.58 2014   0.10  -0.09     0.09
  MONTH TO DATE    2.51                      3.10  -0.59     2.07
  SINCE MAR 1      3.81                      6.47  -2.66     5.63
  SINCE JAN 1     13.73                     11.74   1.99     9.22

SNOWFALL (IN)
  YESTERDAY        0.0           T    1925   0.0    0.0      0.0
  MONTH TO DATE    1.2                       0.4    0.8       T
  SINCE MAR 1      1.4                       5.6   -4.2     11.8
  SINCE JUL 1     39.1                      30.6    8.5     39.2
  SNOW DEPTH       0

DEGREE DAYS
 HEATING
  YESTERDAY       12                         8      4        5
  MONTH TO DATE  391                       392     -1      345
  SINCE MAR 1    911                      1115   -204     1239
  SINCE JUL 1   4283                      5103   -820     5542

 COOLING
  YESTERDAY        0                         0      0        0
  MONTH TO DATE   11                         6      5        0
  SINCE MAR 1     12                         7      5        0
  SINCE JAN 1     12                         7      5        0
..................................................................


WIND (MPH)
  HIGHEST WIND SPEED    14   HIGHEST WIND DIRECTION    SE (150)
  HIGHEST GUST SPEED    19   HIGHEST GUST DIRECTION     S (160)
  AVERAGE WIND SPEED     4.8


SKY COVER
  POSSIBLE SUNSHINE  MM
  AVERAGE SKY COVER 0.8


WEATHER CONDITIONS
 THE FOLLOWING WEATHER WAS RECORDED YESTERDAY.
  LIGHT RAIN
  FOG
  HAZE


RELATIVE HUMIDITY (PERCENT)
 HIGHEST    92           500 AM
 LOWEST     57           100 PM
 AVERAGE    75

..........................................................


THE HARRISBURG PA CLIMATE NORMALS FOR TODAY
                         NORMAL    RECORD    YEAR
 MAXIMUM TEMPERATURE (F)   68        97      1942
 MINIMUM TEMPERATURE (F)   47        35      1978


SUNRISE AND SUNSET
MAY  1 2016...........SUNRISE   606 AM EDT   SUNSET   803 PM EDT
MAY  2 2016...........SUNRISE   605 AM EDT   SUNSET   804 PM EDT


-  INDICATES NEGATIVE NUMBERS.
R  INDICATES RECORD WAS SET OR TIED.
MM INDICATES DATA IS MISSING.
T  INDICATES TRACE AMOUNT.




$$
