000
CDUS41 KCTP 030620
CLIMDT


CLIMATE REPORT
NATIONAL WEATHER SERVICE STATE COLLEGE PA
219 AM EDT WED JUN 3 2015


...................................

...THE HARRISBURG PA CLIMATE SUMMARY FOR JUNE 2 2015...

CLIMATE NORMAL PERIOD 1981 TO 2010
CLIMATE RECORD PERIOD 1888 TO 2015


WEATHER ITEM   OBSERVED TIME   RECORD YEAR NORMAL DEPARTURE LAST
                VALUE   (LST)  VALUE       VALUE  FROM      YEAR
                                                  NORMAL
..................................................................
TEMPERATURE (F)
 YESTERDAY
  MAXIMUM         61    525 PM  96    1895  77    -16       82
  MINIMUM         54    849 AM  45    1907  58     -4       61
  AVERAGE         58                        67     -9       72

PRECIPITATION (IN)
  YESTERDAY        0.55          2.74 1959   0.12   0.43     0.00
  MONTH TO DATE    0.97                      0.23   0.74     0.00
  SINCE JUN 1      0.97                      0.23   0.74     0.00
  SINCE JAN 1     13.71                     15.76  -2.05    21.64

DEGREE DAYS
 HEATING
  YESTERDAY        7                         2      5        0
  MONTH TO DATE    7                         4      3        0
  SINCE JUN 1      7                         4      3        0
  SINCE JUL 1   5594                      5255    339     5725

 COOLING
  YESTERDAY        0                         4     -4        7
  MONTH TO DATE    5                         8     -3        8
  SINCE JUN 1      5                         8     -3        8
  SINCE JAN 1    179                        73    106       68
..................................................................


WIND (MPH)
  HIGHEST WIND SPEED    12   HIGHEST WIND DIRECTION    NE (40)
  HIGHEST GUST SPEED    15   HIGHEST GUST DIRECTION    NE (40)
  AVERAGE WIND SPEED     4.8


SKY COVER
  POSSIBLE SUNSHINE  MM
  AVERAGE SKY COVER 1.0


WEATHER CONDITIONS
 THE FOLLOWING WEATHER WAS RECORDED YESTERDAY.
  HEAVY RAIN
  RAIN
  LIGHT RAIN
  FOG


RELATIVE HUMIDITY (PERCENT)
 HIGHEST    93           500 AM
 LOWEST     84          1200 AM
 AVERAGE    89

..........................................................


THE HARRISBURG PA CLIMATE NORMALS FOR TODAY
                         NORMAL    RECORD    YEAR
 MAXIMUM TEMPERATURE (F)   77        96      1919
                                             1895
 MINIMUM TEMPERATURE (F)   58        44      1929


SUNRISE AND SUNSET
JUNE  3 2015..........SUNRISE   539 AM EDT   SUNSET   832 PM EDT
JUNE  4 2015..........SUNRISE   539 AM EDT   SUNSET   832 PM EDT


-  INDICATES NEGATIVE NUMBERS.
R  INDICATES RECORD WAS SET OR TIED.
MM INDICATES DATA IS MISSING.
T  INDICATES TRACE AMOUNT.




$$
