000
CDUS41 KCTP 042123
CLIMDT


CLIMATE REPORT
NATIONAL WEATHER SERVICE STATE COLLEGE PA
523 PM EDT SAT JUL 4 2015


...................................

...THE HARRISBURG PA CLIMATE SUMMARY FOR JULY 4 2015...
VALID TODAY AS OF 0500 PM LOCAL TIME.

CLIMATE NORMAL PERIOD 1981 TO 2010
CLIMATE RECORD PERIOD 1888 TO 2015


WEATHER ITEM   OBSERVED TIME   RECORD YEAR NORMAL DEPARTURE LAST
                VALUE   (LST)  VALUE       VALUE  FROM      YEAR
                                                  NORMAL
..................................................................
TEMPERATURE (F)
 TODAY
  MAXIMUM         71    311 PM 104    1966  85    -14       78
  MINIMUM         66    942 AM  54    1979  66      0       66
                                      1933
                                      1907
  AVERAGE         69                        76     -7       72

PRECIPITATION (IN)
  TODAY            0.27          1.58 1989   0.14   0.13     0.04
  MONTH TO DATE    0.27                      0.58  -0.31     0.18
  SINCE JUN 1      7.11                      4.18   2.93     3.96
  SINCE JAN 1     19.85                     19.71   0.14    25.60

DEGREE DAYS
 HEATING
  TODAY            0                         0      0        0
  MONTH TO DATE    0                         0      0        0
  SINCE JUN 1     13                        18     -5        1
  SINCE JUL 1      0                         0      0        0

 COOLING
  TODAY            4                        11     -7        7
  MONTH TO DATE   25                        42    -17       63
  SINCE JUN 1    286                       255     31      310
  SINCE JAN 1    460                       320    140      370
..................................................................


WIND (MPH)
  HIGHEST WIND SPEED    12   HIGHEST WIND DIRECTION     E (110)
  HIGHEST GUST SPEED    16   HIGHEST GUST DIRECTION     E (100)
  AVERAGE WIND SPEED     3.6


SKY COVER
  POSSIBLE SUNSHINE  MM
  AVERAGE SKY COVER 0.9


WEATHER CONDITIONS
 THE FOLLOWING WEATHER WAS RECORDED TODAY.
  HEAVY RAIN
  RAIN
  LIGHT RAIN
  FOG
  HAZE


RELATIVE HUMIDITY (PERCENT)
 HIGHEST    93           800 AM
 LOWEST     78           200 AM
 AVERAGE    86

..........................................................


THE HARRISBURG PA CLIMATE NORMALS FOR TOMORROW
                         NORMAL    RECORD    YEAR
 MAXIMUM TEMPERATURE (F)   86       102      1999
 MINIMUM TEMPERATURE (F)   66        51      1979


SUNRISE AND SUNSET
JULY  4 2015..........SUNRISE   543 AM EDT   SUNSET   840 PM EDT
JULY  5 2015..........SUNRISE   543 AM EDT   SUNSET   840 PM EDT


-  INDICATES NEGATIVE NUMBERS.
R  INDICATES RECORD WAS SET OR TIED.
MM INDICATES DATA IS MISSING.
T  INDICATES TRACE AMOUNT.




$$
