000
CDUS41 KCTP 030623
CLIMDT


CLIMATE REPORT
NATIONAL WEATHER SERVICE STATE COLLEGE PA
123 AM EST TUE MAR 3 2015


...................................

...THE HARRISBURG PA CLIMATE SUMMARY FOR MARCH 2 2015...

CLIMATE NORMAL PERIOD 1981 TO 2010
CLIMATE RECORD PERIOD 1888 TO 2015


WEATHER ITEM   OBSERVED TIME   RECORD YEAR NORMAL DEPARTURE LAST
                VALUE   (LST)  VALUE       VALUE  FROM      YEAR
                                                  NORMAL
..................................................................
TEMPERATURE (F)
 YESTERDAY
  MAXIMUM         36    409 PM  74    1972  45     -9       38
  MINIMUM         24   1159 PM  10    1980  29     -5       30
                                      1962
                                      1925
  AVERAGE         30                        37     -7       34

PRECIPITATION (IN)
  YESTERDAY        0.00          1.04 1994   0.09  -0.09     0.11
  MONTH TO DATE    0.34                      0.18   0.16     0.11
  SINCE MAR 1      0.34                      0.18   0.16     0.11
  SINCE JAN 1      3.93                      5.45  -1.52     6.82

SNOWFALL (IN)
  YESTERDAY        0.0           8.0  1994   0.2   -0.2      0.2
  MONTH TO DATE    3.3                       0.5    2.8      0.2
  SINCE MAR 1      3.3                       0.5    2.8      0.2
  SINCE JUL 1     30.7                      25.5    5.2     42.8
  SNOW DEPTH       2

DEGREE DAYS
 HEATING
  YESTERDAY       35                        28      7       31
  MONTH TO DATE   79                        56     23       71
  SINCE MAR 1     79                        56     23       71
  SINCE JUL 1   4382                      4044    338     4415

 COOLING
  YESTERDAY        0                         0      0        0
  MONTH TO DATE    0                         0      0        0
  SINCE MAR 1      0                         0      0        0
  SINCE JAN 1      0                         0      0        0
..................................................................


WIND (MPH)
  HIGHEST WIND SPEED    31   HIGHEST WIND DIRECTION    NW (300)
  HIGHEST GUST SPEED    39   HIGHEST GUST DIRECTION    NW (310)
  AVERAGE WIND SPEED    11.9


SKY COVER
  POSSIBLE SUNSHINE  MM
  AVERAGE SKY COVER 0.6


WEATHER CONDITIONS
 THE FOLLOWING WEATHER WAS RECORDED YESTERDAY.
  FOG
  HAZE


RELATIVE HUMIDITY (PERCENT)
 HIGHEST    92          1200 AM
 LOWEST     45           600 PM
 AVERAGE    69

..........................................................


THE HARRISBURG PA CLIMATE NORMALS FOR TODAY
                         NORMAL    RECORD    YEAR
 MAXIMUM TEMPERATURE (F)   46        70      1923
 MINIMUM TEMPERATURE (F)   29         9      1925


SUNRISE AND SUNSET
MARCH  3 2015.........SUNRISE   638 AM EST   SUNSET   601 PM EST
MARCH  4 2015.........SUNRISE   636 AM EST   SUNSET   602 PM EST


-  INDICATES NEGATIVE NUMBERS.
R  INDICATES RECORD WAS SET OR TIED.
MM INDICATES DATA IS MISSING.
T  INDICATES TRACE AMOUNT.




$$
