000
CDUS41 KCTP 192217
CLIMDT


CLIMATE REPORT
NATIONAL WEATHER SERVICE STATE COLLEGE PA
516 PM EST FRI DEC 19 2014


...................................

...THE HARRISBURG PA CLIMATE SUMMARY FOR DECEMBER 19 2014...
VALID TODAY AS OF 0500 PM LOCAL TIME.

CLIMATE NORMAL PERIOD 1981 TO 2010
CLIMATE RECORD PERIOD 1888 TO 2014


WEATHER ITEM   OBSERVED TIME   RECORD YEAR NORMAL DEPARTURE LAST
                VALUE   (LST)  VALUE       VALUE  FROM      YEAR
                                                  NORMAL
..................................................................
TEMPERATURE (F)
 TODAY
  MAXIMUM         41    133 PM  63    1929  40      1       41
  MINIMUM         34    807 AM   5    1989  26      8       17
  AVERAGE         38                        33      5       29

PRECIPITATION (IN)
  TODAY            0.00          1.07 2008   0.11  -0.11     0.00
  MONTH TO DATE    2.04                      2.10  -0.06     2.32
  SINCE DEC 1      2.04                      2.10  -0.06     2.32
  SINCE JAN 1     42.43                     39.61   2.82    41.21

SNOWFALL (IN)
  TODAY            0.0
  MONTH TO DATE    2.1
  SINCE DEC 1      2.1
  SINCE JUL 1      4.5
  SNOW DEPTH       0

DEGREE DAYS
 HEATING
  TODAY           27                        32     -5       36
  MONTH TO DATE  535                       564    -29      615
  SINCE DEC 1    535                       564    -29      615
  SINCE JUL 1   1548                      1603    -55     1668

 COOLING
  TODAY            0                         0      0        0
  MONTH TO DATE    0                         0      0        0
  SINCE DEC 1      0                         0      0        0
  SINCE JAN 1   1050                      1002     48     1105
..................................................................


WIND (MPH)
  HIGHEST WIND SPEED    20   HIGHEST WIND DIRECTION    NW (320)
  HIGHEST GUST SPEED    25   HIGHEST GUST DIRECTION    NW (330)
  AVERAGE WIND SPEED    12.6


SKY COVER
  POSSIBLE SUNSHINE  MM
  AVERAGE SKY COVER 0.8


WEATHER CONDITIONS
 THE FOLLOWING WEATHER WAS RECORDED TODAY.
  NO SIGNIFICANT WEATHER WAS OBSERVED.


RELATIVE HUMIDITY (PERCENT)
 HIGHEST    69          1200 AM
 LOWEST     48           100 PM
 AVERAGE    59

..........................................................


THE HARRISBURG PA CLIMATE NORMALS FOR TOMORROW
                         NORMAL    RECORD    YEAR
 MAXIMUM TEMPERATURE (F)   40        63      1957
 MINIMUM TEMPERATURE (F)   26         3      1942


SUNRISE AND SUNSET
DECEMBER 19 2014......SUNRISE   725 AM EST   SUNSET   444 PM EST
DECEMBER 20 2014......SUNRISE   725 AM EST   SUNSET   444 PM EST


-  INDICATES NEGATIVE NUMBERS.
R  INDICATES RECORD WAS SET OR TIED.
MM INDICATES DATA IS MISSING.
T  INDICATES TRACE AMOUNT.




$$
