000
CDUS41 KCTP 310648
CLIMDT


CLIMATE REPORT
NATIONAL WEATHER SERVICE STATE COLLEGE PA
248 AM EDT TUE MAY 31 2016


...................................

...THE HARRISBURG PA CLIMATE SUMMARY FOR MAY 30 2016...

CLIMATE NORMAL PERIOD 1981 TO 2010
CLIMATE RECORD PERIOD 1888 TO 2016


WEATHER ITEM   OBSERVED TIME   RECORD YEAR NORMAL DEPARTURE LAST
                VALUE   (LST)  VALUE       VALUE  FROM      YEAR
                                                  NORMAL
..................................................................
TEMPERATURE (F)
 YESTERDAY
  MAXIMUM         86    504 PM  95    1895  76     10       88
  MINIMUM         64    129 AM  41    1949  57      7       70
  AVERAGE         75                        66      9       79

PRECIPITATION (IN)
  YESTERDAY        0.31          1.39 1953   0.14   0.17      T
  MONTH TO DATE    3.46                      3.66  -0.20     2.48
  SINCE MAR 1      7.27                     10.13  -2.86     8.11
  SINCE JAN 1     17.19                     15.40   1.79    11.70

SNOWFALL (IN)
  YESTERDAY        0.0           0.0  2002   0.0    0.0      0.0
                                      2001
  MONTH TO DATE    0.0                       0.0    0.0      0.0
  SINCE MAR 1      1.4                       5.6   -4.2     11.8
  SINCE JUL 1     39.1                      30.6    8.5     39.2
  SNOW DEPTH       0

DEGREE DAYS
 HEATING
  YESTERDAY        0                         2     -2        0
  MONTH TO DATE  173                       145     28       45
  SINCE MAR 1   1084                      1260   -176     1284
  SINCE JUL 1   4456                      5248   -792     5587

 COOLING
  YESTERDAY       10                         3      7       14
  MONTH TO DATE   73                        55     18      159
  SINCE MAR 1     85                        62     23      159
  SINCE JAN 1     85                        62     23      159
..................................................................


WIND (MPH)
  HIGHEST WIND SPEED    28   HIGHEST WIND DIRECTION     N (350)
  HIGHEST GUST SPEED    35   HIGHEST GUST DIRECTION    NW (330)
  AVERAGE WIND SPEED     3.3


SKY COVER
  POSSIBLE SUNSHINE  MM
  AVERAGE SKY COVER 0.9


WEATHER CONDITIONS
 THE FOLLOWING WEATHER WAS RECORDED YESTERDAY.
  HEAVY RAIN
  RAIN
  LIGHT RAIN
  FOG


RELATIVE HUMIDITY (PERCENT)
 HIGHEST    93           100 AM
 LOWEST     48           400 PM
 AVERAGE    71

..........................................................


THE HARRISBURG PA CLIMATE NORMALS FOR TODAY
                         NORMAL    RECORD    YEAR
 MAXIMUM TEMPERATURE (F)   76        97      1939
 MINIMUM TEMPERATURE (F)   57        43      1996
                                             1990
                                             1965


SUNRISE AND SUNSET
MAY 31 2016...........SUNRISE   540 AM EDT   SUNSET   830 PM EDT
JUNE  1 2016..........SUNRISE   540 AM EDT   SUNSET   831 PM EDT


-  INDICATES NEGATIVE NUMBERS.
R  INDICATES RECORD WAS SET OR TIED.
MM INDICATES DATA IS MISSING.
T  INDICATES TRACE AMOUNT.




$$
