000
CDUS43 KLOT 282138
CLIMDW


CLIMATE REPORT
NATIONAL WEATHER SERVICE CHICAGO IL
437 PM CDT THU AUG 28 2014


...................................

...THE CHICAGO-MIDWAY CLIMATE SUMMARY FOR AUGUST 28 2014...
VALID TODAY AS OF 0400 PM LOCAL TIME.

CLIMATE NORMAL PERIOD 1981 TO 2010
CLIMATE RECORD PERIOD 1928 TO 2014


WEATHER ITEM   OBSERVED TIME   RECORD YEAR NORMAL DEPARTURE
                VALUE   (LST)  VALUE       VALUE  FROM
                                                  NORMAL
...............................................................
TEMPERATURE (F)
 TODAY
  MAXIMUM         77    255 PM  97    1955  81     -4
                                      1953
  MINIMUM         69    659 AM  46    1982  65      4
                                      1935
  AVERAGE         73                        73      0

PRECIPITATION (IN)
  TODAY            0.00          1.57 2004   0.12  -0.12
  MONTH TO DATE    9.29                      3.62   5.67
  SINCE JUN 1     22.19                     11.69  10.50
  SINCE JAN 1     33.48                     26.18   7.30

DEGREE DAYS
 HEATING
  TODAY            0                         0      0
  MONTH TO DATE    0                         0      0
  SINCE JUN 1      3                        32    -29
  SINCE JUL 1      1                         1      0

 COOLING
  TODAY            8                         8      0
  MONTH TO DATE  286                       264     22
  SINCE JUN 1    776                       812    -36
  SINCE JAN 1    887                       886      1
...............................................................


WIND (MPH)
  RESULTANT WIND SPEED   8   RESULTANT WIND DIRECTION   E (80)
  HIGHEST WIND SPEED    15   HIGHEST WIND DIRECTION     E (80)
  HIGHEST GUST SPEED    19   HIGHEST GUST DIRECTION     E (70)
  AVERAGE WIND SPEED     8.4


SKY COVER
  POSSIBLE SUNSHINE  MM
  AVERAGE SKY COVER 0.5


WEATHER CONDITIONS
 THE FOLLOWING WEATHER WAS RECORDED TODAY.
  NO SIGNIFICANT WEATHER WAS OBSERVED.


..........................................................


THE CHICAGO-MIDWAY CLIMATE NORMALS FOR TOMORROW
                         NORMAL    RECORD    YEAR
 MAXIMUM TEMPERATURE (F)   81        98      1953
 MINIMUM TEMPERATURE (F)   64        43      1965


SUNRISE AND SUNSET
AUGUST 28 2014........SUNRISE   613 AM CDT   SUNSET   731 PM CDT
AUGUST 29 2014........SUNRISE   614 AM CDT   SUNSET   729 PM CDT


-  INDICATES NEGATIVE NUMBERS.
R  INDICATES RECORD WAS SET OR TIED.
MM INDICATES DATA IS MISSING.
T  INDICATES TRACE AMOUNT.




$$
