000
CDUS43 KLOT 282137
CLIMDW


CLIMATE REPORT
NATIONAL WEATHER SERVICE CHICAGO IL
435 PM CDT SAT MAR 28 2015


...................................

...THE CHICAGO-MIDWAY CLIMATE SUMMARY FOR MARCH 28 2015...
VALID TODAY AS OF 0400 PM LOCAL TIME.

CLIMATE NORMAL PERIOD 1981 TO 2010
CLIMATE RECORD PERIOD 1928 TO 2015


WEATHER ITEM   OBSERVED TIME   RECORD YEAR NORMAL DEPARTURE
                VALUE   (LST)  VALUE       VALUE  FROM
                                                  NORMAL
...............................................................
TEMPERATURE (F)
 TODAY
  MAXIMUM         37    258 PM  78    1968  52    -15
  MINIMUM         21    437 AM   9    1934  35    -14
  AVERAGE         29                        43    -14

PRECIPITATION (IN)
  TODAY            0.00          1.26 1977   0.10  -0.10
  MONTH TO DATE    0.44                      2.42  -1.98
  SINCE MAR 1      0.44                      2.42  -1.98
  SINCE JAN 1      1.78                      6.42  -4.64

DEGREE DAYS
 HEATING
  TODAY           36                        22     14
  MONTH TO DATE  771                       749     22
  SINCE MAR 1    771                       749     22
  SINCE JUL 1   5493                      5260    233

 COOLING
  TODAY            0                         0      0
  MONTH TO DATE    0                         0      0
  SINCE MAR 1      0                         0      0
  SINCE JAN 1      0                         0      0
...............................................................


WIND (MPH)
  RESULTANT WIND SPEED   5   RESULTANT WIND DIRECTION  NE (40)
  HIGHEST WIND SPEED    13   HIGHEST WIND DIRECTION     E (90)
  HIGHEST GUST SPEED    18   HIGHEST GUST DIRECTION    NE (60)
  AVERAGE WIND SPEED     6.1


SKY COVER
  POSSIBLE SUNSHINE  MM
  AVERAGE SKY COVER 0.1


WEATHER CONDITIONS
 THE FOLLOWING WEATHER WAS RECORDED TODAY.
  NO SIGNIFICANT WEATHER WAS OBSERVED.


..........................................................


THE CHICAGO-MIDWAY CLIMATE NORMALS FOR TOMORROW
                         NORMAL    RECORD    YEAR
 MAXIMUM TEMPERATURE (F)   52        86      1986
 MINIMUM TEMPERATURE (F)   35        17      1969


SUNRISE AND SUNSET
MARCH 28 2015.........SUNRISE   641 AM CDT   SUNSET   712 PM CDT
MARCH 29 2015.........SUNRISE   639 AM CDT   SUNSET   713 PM CDT


-  INDICATES NEGATIVE NUMBERS.
R  INDICATES RECORD WAS SET OR TIED.
MM INDICATES DATA IS MISSING.
T  INDICATES TRACE AMOUNT.




$$
