000
CDUS43 KLOT 262233
CLIMDW


CLIMATE REPORT
NATIONAL WEATHER SERVICE CHICAGO IL
433 PM CST SUN FEB 26 2017


...................................

...THE CHICAGO-MIDWAY CLIMATE SUMMARY FOR FEBRUARY 26 2017...
VALID TODAY AS OF 0400 PM LOCAL TIME.

CLIMATE NORMAL PERIOD 1981 TO 2010
CLIMATE RECORD PERIOD 1928 TO 2017


WEATHER ITEM   OBSERVED TIME   RECORD YEAR NORMAL DEPARTURE
                VALUE   (LST)  VALUE       VALUE  FROM
                                                  NORMAL
...............................................................
TEMPERATURE (F)
 TODAY
  MAXIMUM         49    330 PM  64    2000  40      9
  MINIMUM         24    255 AM  -1    1963  25     -1
                                      1888
  AVERAGE         37                        32      5

PRECIPITATION (IN)
  TODAY            0.00          1.76 2009   0.08  -0.08
  MONTH TO DATE    0.91                      1.77  -0.86
  SINCE DEC 1      4.87                      6.40  -1.53
  SINCE JAN 1      3.62                      3.83  -0.21

DEGREE DAYS
 HEATING
  TODAY           28                        33     -5
  MONTH TO DATE  668                       949   -281
  SINCE DEC 1   2900                      3310   -410
  SINCE JUL 1   3612                      4445   -833

 COOLING
  TODAY            0                         0      0
  MONTH TO DATE    0                         0      0
  SINCE DEC 1      0                         0      0
  SINCE JAN 1      0                         0      0
...............................................................


WIND (MPH)
  RESULTANT WIND SPEED  13   RESULTANT WIND DIRECTION  SW (210)
  HIGHEST WIND SPEED    28   HIGHEST WIND DIRECTION    SW (230)
  HIGHEST GUST SPEED    39   HIGHEST GUST DIRECTION    SW (240)
  AVERAGE WIND SPEED    14.4


SKY COVER
  POSSIBLE SUNSHINE  MM
  AVERAGE SKY COVER 0.7


WEATHER CONDITIONS
 THE FOLLOWING WEATHER WAS RECORDED TODAY.
  NO SIGNIFICANT WEATHER WAS OBSERVED.


..........................................................


THE CHICAGO-MIDWAY CLIMATE NORMALS FOR TOMORROW
                         NORMAL    RECORD    YEAR
 MAXIMUM TEMPERATURE (F)   40        75      1976
 MINIMUM TEMPERATURE (F)   25        -6      1934
                                             1879


SUNRISE AND SUNSET
FEBRUARY 26 2017......SUNRISE   630 AM CST   SUNSET   538 PM CST
FEBRUARY 27 2017......SUNRISE   629 AM CST   SUNSET   539 PM CST


-  INDICATES NEGATIVE NUMBERS.
R  INDICATES RECORD WAS SET OR TIED.
MM INDICATES DATA IS MISSING.
T  INDICATES TRACE AMOUNT.




$$
