399
CDUS43 KLOT 070642
CLIMDW


CLIMATE REPORT
NATIONAL WEATHER SERVICE CHICAGO IL
1241 AM CST SUN FEB 7 2016


...................................

...THE CHICAGO-MIDWAY CLIMATE SUMMARY FOR FEBRUARY 6 2016...

CLIMATE NORMAL PERIOD 1981 TO 2010
CLIMATE RECORD PERIOD 1928 TO 2016


WEATHER ITEM   OBSERVED TIME   RECORD YEAR NORMAL DEPARTURE LAST
                VALUE   (LST)  VALUE       VALUE  FROM      YEAR
                                                  NORMAL
..................................................................
TEMPERATURE (F)
 YESTERDAY
  MAXIMUM         42    428 PM  56    1938  33      9       32
  MINIMUM         26    730 AM -12    1982  20      6       15
  AVERAGE         34                        26      8       24

PRECIPITATION (IN)
  YESTERDAY        0.00          1.96 1942   0.05  -0.05     0.00
  MONTH TO DATE    T                         0.33  -0.33     0.05
  SINCE DEC 1      6.05                      4.96   1.09     2.06
  SINCE JAN 1      0.65                      2.39  -1.74     1.28

DEGREE DAYS
 HEATING
  YESTERDAY       31                        39     -8       41
  MONTH TO DATE  187                       235    -48      273
  SINCE DEC 1   2080                      2596   -516     2433
  SINCE JUL 1   2890                      3731   -841     3690

 COOLING
  YESTERDAY        0                         0      0        0
  MONTH TO DATE    0                         0      0        0
  SINCE DEC 1      0                         0      0        0
  SINCE JAN 1      0                         0      0        0
..................................................................


WIND (MPH)
  RESULTANT WIND SPEED   8   RESULTANT WIND DIRECTION  SW (220)
  HIGHEST WIND SPEED    18   HIGHEST WIND DIRECTION    SW (240)
  HIGHEST GUST SPEED    24   HIGHEST GUST DIRECTION     W (250)
  AVERAGE WIND SPEED     8.2



WEATHER CONDITIONS
 THE FOLLOWING WEATHER WAS RECORDED YESTERDAY.
  HAZE


..........................................................


THE CHICAGO-MIDWAY CLIMATE NORMALS FOR TODAY
                         NORMAL    RECORD    YEAR
 MAXIMUM TEMPERATURE (F)   33        59      2009
 MINIMUM TEMPERATURE (F)   20        -5      1972
                                             1951


SUNRISE AND SUNSET
FEBRUARY  7 2016......SUNRISE   657 AM CST   SUNSET   513 PM CST
FEBRUARY  8 2016......SUNRISE   656 AM CST   SUNSET   515 PM CST


-  INDICATES NEGATIVE NUMBERS.
R  INDICATES RECORD WAS SET OR TIED.
MM INDICATES DATA IS MISSING.
T  INDICATES TRACE AMOUNT.




$$
