000
CDUS43 KLOT 260634
CLIMDW


CLIMATE REPORT
NATIONAL WEATHER SERVICE CHICAGO IL
133 AM CDT FRI AUG 26 2016


...................................

...THE CHICAGO-MIDWAY CLIMATE SUMMARY FOR AUGUST 25 2016...

CLIMATE NORMAL PERIOD 1981 TO 2010
CLIMATE RECORD PERIOD 1928 TO 2016


WEATHER ITEM   OBSERVED TIME   RECORD YEAR NORMAL DEPARTURE LAST
                VALUE   (LST)  VALUE       VALUE  FROM      YEAR
                                                  NORMAL
..................................................................
TEMPERATURE (F)
 YESTERDAY
  MAXIMUM         85    255 PM  95    1991  81      4       73
                                      1959
                                      1953
  MINIMUM         71   1159 PM  47    1934  65      6       62
  AVERAGE         78                        73      5       68

PRECIPITATION (IN)
  YESTERDAY        0.06          1.88 1972   0.11  -0.05     0.00
  MONTH TO DATE    5.33                      3.25   2.08     3.09
  SINCE JUN 1     11.84                     11.32   0.52     8.30
  SINCE JAN 1     23.56                     25.81  -2.25    17.19

DEGREE DAYS
 HEATING
  YESTERDAY        0                         0      0        0
  MONTH TO DATE    0                         0      0        0
  SINCE JUN 1      6                        32    -26       24
  SINCE JUL 1      0                         1     -1        4

 COOLING
  YESTERDAY       13                         9      4        3
  MONTH TO DATE  331                       240     91      267
  SINCE JUN 1   1007                       788    219      778
  SINCE JAN 1   1114                       862    252      884
..................................................................


WIND (MPH)
  RESULTANT WIND SPEED   6   RESULTANT WIND DIRECTION   W (290)
  HIGHEST WIND SPEED    13   HIGHEST WIND DIRECTION    NW (320)
  HIGHEST GUST SPEED    16   HIGHEST GUST DIRECTION     W (260)
  AVERAGE WIND SPEED     7.2



WEATHER CONDITIONS
 THE FOLLOWING WEATHER WAS RECORDED YESTERDAY.
  THUNDERSTORM
  LIGHT RAIN


..........................................................


THE CHICAGO-MIDWAY CLIMATE NORMALS FOR TODAY
                         NORMAL    RECORD    YEAR
 MAXIMUM TEMPERATURE (F)   81        97      1973
                                             1953
 MINIMUM TEMPERATURE (F)   65        48      1982


SUNRISE AND SUNSET
AUGUST 26 2016........SUNRISE   611 AM CDT   SUNSET   733 PM CDT
AUGUST 27 2016........SUNRISE   612 AM CDT   SUNSET   732 PM CDT


-  INDICATES NEGATIVE NUMBERS.
R  INDICATES RECORD WAS SET OR TIED.
MM INDICATES DATA IS MISSING.
T  INDICATES TRACE AMOUNT.




$$
