000
CDUS43 KLOT 050637
CLIMDW


CLIMATE REPORT
NATIONAL WEATHER SERVICE CHICAGO IL
1237 AM CST THU MAR 5 2015


...................................

...THE CHICAGO-MIDWAY CLIMATE SUMMARY FOR MARCH 4 2015...

CLIMATE NORMAL PERIOD 1981 TO 2010
CLIMATE RECORD PERIOD 1928 TO 2015


WEATHER ITEM   OBSERVED TIME   RECORD YEAR NORMAL DEPARTURE LAST
                VALUE   (LST)  VALUE       VALUE  FROM      YEAR
                                                  NORMAL
..................................................................
TEMPERATURE (F)
 YESTERDAY
  MAXIMUM         33    111 AM  74    1983  42     -9       27
  MINIMUM         14   1159 PM  -4    2002  27    -13       12
  AVERAGE         24                        34    -10       20

PRECIPITATION (IN)
  YESTERDAY        0.00          1.42 1985   0.08  -0.08      T
  MONTH TO DATE    0.11                      0.34  -0.23      T
  SINCE MAR 1      0.11                      0.34  -0.23      T
  SINCE JAN 1      1.45                      4.34  -2.89     2.49

DEGREE DAYS
 HEATING
  YESTERDAY       41                        31     10       45
  MONTH TO DATE  156                       125     31      196
  SINCE MAR 1    156                       125     31      196
  SINCE JUL 1   4878                      4636    242     5398

 COOLING
  YESTERDAY        0                         0      0        0
  MONTH TO DATE    0                         0      0        0
  SINCE MAR 1      0                         0      0        0
  SINCE JAN 1      0                         0      0        0
..................................................................


WIND (MPH)
  RESULTANT WIND SPEED  12   RESULTANT WIND DIRECTION  NW (300)
  HIGHEST WIND SPEED    22   HIGHEST WIND DIRECTION    NW (320)
  HIGHEST GUST SPEED    27   HIGHEST GUST DIRECTION    NW (330)
  AVERAGE WIND SPEED    12.4



WEATHER CONDITIONS
 THE FOLLOWING WEATHER WAS RECORDED YESTERDAY.
  HAZE


..........................................................


THE CHICAGO-MIDWAY CLIMATE NORMALS FOR TODAY
                         NORMAL    RECORD    YEAR
 MAXIMUM TEMPERATURE (F)   42        76      1983
 MINIMUM TEMPERATURE (F)   27         0      1978


SUNRISE AND SUNSET
MARCH  5 2015.........SUNRISE   620 AM CST   SUNSET   546 PM CST
MARCH  6 2015.........SUNRISE   618 AM CST   SUNSET   547 PM CST


-  INDICATES NEGATIVE NUMBERS.
R  INDICATES RECORD WAS SET OR TIED.
MM INDICATES DATA IS MISSING.
T  INDICATES TRACE AMOUNT.




$$
