000
CDUS44 KMEG 280635
CLIMEG


CLIMATE REPORT
NATIONAL WEATHER SERVICE MEMPHIS TN
133 AM CDT SAT MAY 28 2016


...................................

...THE MEMPHIS/GERMANTOWN WFO CLIMATE SUMMARY FOR MAY 27 2016...

CLIMATE NORMAL PERIOD 1981 TO 2010
CLIMATE RECORD PERIOD 1988 TO 2016


WEATHER ITEM   OBSERVED TIME   RECORD YEAR NORMAL DEPARTURE LAST
                VALUE   (LST)  VALUE       VALUE  FROM      YEAR
                                                  NORMAL
..................................................................
TEMPERATURE (F)
 YESTERDAY
  MAXIMUM         83        MM  94    2012  83      0       80
                                      2006
  MINIMUM         67        MM  51    1999  62      5       68
  AVERAGE         75                        73      2       74

PRECIPITATION (IN)
  YESTERDAY        0.30          1.56 2008   0.16   0.14     0.05
  MONTH TO DATE    4.59                      5.00  -0.41     4.65
  SINCE MAR 1     27.36                     15.27  12.09    14.73
  SINCE JAN 1     36.31                     23.90  12.41    20.81

SNOWFALL (IN)
  YESTERDAY        0.0          MM      MM   0.0    0.0      0.0
  MONTH TO DATE    0.0                       0.0    0.0      0.0
  SINCE MAR 1      T                         0.8   -0.8      4.1
  SINCE JUL 1      0.9                       2.4   -1.5      6.3
  SNOW DEPTH       0

DEGREE DAYS
 HEATING
  YESTERDAY        0                         0      0        0
  MONTH TO DATE   38                        39     -1       25
  SINCE MAR 1    398                       666   -268      552
  SINCE JUL 1   2485                      3412   -927     3459

 COOLING
  YESTERDAY       10                         8      2        9
  MONTH TO DATE  120                       149    -29      184
  SINCE MAR 1    193                       214    -21      261
  SINCE JAN 1    193                       215    -22      261
..................................................................







THE MEMPHIS/GERMANTOWN WFO CLIMATE NORMALS FOR TODAY
                         NORMAL    RECORD    YEAR
 MAXIMUM TEMPERATURE (F)   84        96      2012
 MINIMUM TEMPERATURE (F)   63        50      1994


SUNRISE AND SUNSET
MAY 28 2016...........SUNRISE   547 AM CDT   SUNSET   806 PM CDT
MAY 29 2016...........SUNRISE   547 AM CDT   SUNSET   807 PM CDT


-  INDICATES NEGATIVE NUMBERS.
R  INDICATES RECORD WAS SET OR TIED.
MM INDICATES DATA IS MISSING.
T  INDICATES TRACE AMOUNT.




$$
