000
CDUS44 KMEG 210641
CLIMEG


CLIMATE REPORT
NATIONAL WEATHER SERVICE MEMPHIS TN
140 AM CDT THU AUG 21 2014


...................................

...THE MEMPHIS/GERMANTOWN WFO CLIMATE SUMMARY FOR AUGUST 20 2014...

CLIMATE NORMAL PERIOD 1981 TO 2010
CLIMATE RECORD PERIOD 1988 TO 2014


WEATHER ITEM   OBSERVED TIME   RECORD YEAR NORMAL DEPARTURE LAST
                VALUE   (LST)  VALUE       VALUE  FROM      YEAR
                                                  NORMAL
..................................................................
TEMPERATURE (F)
 YESTERDAY
  MAXIMUM         96    300 PM 101    2006  91      5       89
  MINIMUM         77    600 AM  58    1991  69      8       68
  AVERAGE         87                        80      7       79

PRECIPITATION (IN)
  YESTERDAY        0.00          1.03 2008   0.09  -0.09     0.00
  MONTH TO DATE    0.45                      2.26  -1.81     2.14
  SINCE JUN 1     16.49                     10.48   6.01    12.02
  SINCE JAN 1     42.07                     34.97   7.10    48.36

SNOWFALL (IN)
  YESTERDAY        0.0          MM      MM   0.0    0.0      0.0
  MONTH TO DATE    0.0                       0.0    0.0      0.0
  SINCE JUN 1      0.0                       0.0    0.0      0.0
  SINCE JUL 1      0.0                       0.0    0.0      0.0
  SNOW DEPTH       0

DEGREE DAYS
 HEATING
  YESTERDAY        0                         0      0        0
  MONTH TO DATE    0                         0      0        0
  SINCE JUN 1      0                         2     -2        0
  SINCE JUL 1      0                         0      0        0

 COOLING
  YESTERDAY       22                        15      7       14
  MONTH TO DATE  299                       313    -14      262
  SINCE JUN 1   1073                      1190   -117     1101
  SINCE JAN 1   1372                      1441    -69     1361
..................................................................







THE MEMPHIS/GERMANTOWN WFO CLIMATE NORMALS FOR TODAY
                         NORMAL    RECORD    YEAR
 MAXIMUM TEMPERATURE (F)   91       100      2005
 MINIMUM TEMPERATURE (F)   69        59      1991


SUNRISE AND SUNSET
AUGUST 21 2014........SUNRISE   624 AM CDT   SUNSET   740 PM CDT
AUGUST 22 2014........SUNRISE   624 AM CDT   SUNSET   739 PM CDT


-  INDICATES NEGATIVE NUMBERS.
R  INDICATES RECORD WAS SET OR TIED.
MM INDICATES DATA IS MISSING.
T  INDICATES TRACE AMOUNT.




$$
