000
CDUS44 KMEG 270638
CLIMEG


CLIMATE REPORT
NATIONAL WEATHER SERVICE MEMPHIS TN
138 AM CDT FRI MAR 27 2015


...................................

...THE MEMPHIS/GERMANTOWN WFO CLIMATE SUMMARY FOR MARCH 26 2015...

CLIMATE NORMAL PERIOD 1981 TO 2010
CLIMATE RECORD PERIOD 1988 TO 2015


WEATHER ITEM   OBSERVED TIME   RECORD YEAR NORMAL DEPARTURE LAST
                VALUE   (LST)  VALUE       VALUE  FROM      YEAR
                                                  NORMAL
..................................................................
TEMPERATURE (F)
 YESTERDAY
  MAXIMUM         67        MM  84    2007  66      1       60
  MINIMUM         36        MM  27    2014  43     -7       27
                                      2006
  AVERAGE         52                        54     -2       44

PRECIPITATION (IN)
  YESTERDAY        0.07          0.94 1997   0.17  -0.10      T
  MONTH TO DATE    5.68                      4.11   1.57     3.68
  SINCE MAR 1      5.68                      4.11   1.57     3.68
  SINCE JAN 1     11.76                     12.74  -0.98    12.30

SNOWFALL (IN)
  YESTERDAY        0.0           0.0    MM   0.0    0.0      0.0
  MONTH TO DATE    4.1                       0.8    3.3      0.3
  SINCE MAR 1      4.1                       0.8    3.3      0.3
  SINCE JUL 1      6.3                       2.4    3.9      0.8
  SNOW DEPTH       0

DEGREE DAYS
 HEATING
  YESTERDAY       13                        11      2       21
  MONTH TO DATE  353                       383    -30      481
  SINCE MAR 1    353                       383    -30      481
  SINCE JUL 1   3260                      3129    131     3485

 COOLING
  YESTERDAY        0                         1     -1        0
  MONTH TO DATE    3                         3      0        0
  SINCE MAR 1      3                         3      0        0
  SINCE JAN 1      3                         4     -1        0
..................................................................







THE MEMPHIS/GERMANTOWN WFO CLIMATE NORMALS FOR TODAY
                         NORMAL    RECORD    YEAR
 MAXIMUM TEMPERATURE (F)   66        85      2012
 MINIMUM TEMPERATURE (F)   43        25      2001


SUNRISE AND SUNSET
MARCH 27 2015.........SUNRISE   653 AM CDT   SUNSET   716 PM CDT
MARCH 28 2015.........SUNRISE   652 AM CDT   SUNSET   717 PM CDT


-  INDICATES NEGATIVE NUMBERS.
R  INDICATES RECORD WAS SET OR TIED.
MM INDICATES DATA IS MISSING.
T  INDICATES TRACE AMOUNT.




$$
