000
CDUS44 KMEG 180638
CLIMEG


CLIMATE REPORT
NATIONAL WEATHER SERVICE MEMPHIS TN
137 AM CDT FRI APR 18 2014


...................................

...THE MEMPHIS/GERMANTOWN WFO CLIMATE SUMMARY FOR APRIL 17 2014...

CLIMATE NORMAL PERIOD 1981 TO 2010
CLIMATE RECORD PERIOD 1988 TO 2014


WEATHER ITEM   OBSERVED TIME   RECORD YEAR NORMAL DEPARTURE LAST
                VALUE   (LST)  VALUE       VALUE  FROM      YEAR
                                                  NORMAL
..................................................................
TEMPERATURE (F)
 YESTERDAY
  MAXIMUM         72        MM  93    2006  73     -1       87
  MINIMUM         38        MM  37    1999  49    -11       68
  AVERAGE         55                        61     -6       78

PRECIPITATION (IN)
  YESTERDAY        0.00          0.35 1990   0.18  -0.18     0.00
  MONTH TO DATE    2.89                      2.89   0.00     3.18
  SINCE MAR 1      8.93                      7.84   1.09     6.42
  SINCE JAN 1     17.55                     16.47   1.08    21.11

SNOWFALL (IN)
  YESTERDAY        0.0          MM      MM   0.0    0.0      0.0
  MONTH TO DATE    0.0                       0.0    0.0      0.0
  SINCE MAR 1      0.3                       0.8   -0.5      0.1
  SINCE JUL 1      0.8                       2.4   -1.6      0.8
  SNOW DEPTH       0

DEGREE DAYS
 HEATING
  YESTERDAY       10                         6      4        0
  MONTH TO DATE  137                       135      2      114
  SINCE MAR 1    659                       571     88      670
  SINCE JUL 1   3663                      3317    346     3090

 COOLING
  YESTERDAY        0                         2     -2       13
  MONTH TO DATE   34                        24     10       58
  SINCE MAR 1     36                        35      1       59
  SINCE JAN 1     36                        36      0       65
..................................................................







THE MEMPHIS/GERMANTOWN WFO CLIMATE NORMALS FOR TODAY
                         NORMAL    RECORD    YEAR
 MAXIMUM TEMPERATURE (F)   73        94      2006
 MINIMUM TEMPERATURE (F)   50        34      1999


SUNRISE AND SUNSET
APRIL 18 2014.........SUNRISE   623 AM CDT   SUNSET   734 PM CDT
APRIL 19 2014.........SUNRISE   622 AM CDT   SUNSET   735 PM CDT


-  INDICATES NEGATIVE NUMBERS.
R  INDICATES RECORD WAS SET OR TIED.
MM INDICATES DATA IS MISSING.
T  INDICATES TRACE AMOUNT.




$$
