000
CDUS44 KMEG 280633
CLIMEG


CLIMATE REPORT
NATIONAL WEATHER SERVICE MEMPHIS TN
132 AM CDT SUN AUG 28 2016


...................................

...THE MEMPHIS/GERMANTOWN WFO CLIMATE SUMMARY FOR AUGUST 27 2016...

CLIMATE NORMAL PERIOD 1981 TO 2010
CLIMATE RECORD PERIOD 1988 TO 2016


WEATHER ITEM   OBSERVED TIME   RECORD YEAR NORMAL DEPARTURE LAST
                VALUE   (LST)  VALUE       VALUE  FROM      YEAR
                                                  NORMAL
..................................................................
TEMPERATURE (F)
 YESTERDAY
  MAXIMUM         92    400 PM 101    2007  90      2       82
  MINIMUM         69    700 AM  58    2015  68      1       58
  AVERAGE         81                        79      2       70

PRECIPITATION (IN)
  YESTERDAY        0.00          0.33 1993   0.10  -0.10     0.00
  MONTH TO DATE    4.69                      2.92   1.77     4.20
  SINCE JUN 1     14.78                     11.14   3.64    11.97
  SINCE JAN 1     51.23                     35.63  15.60    33.65

SNOWFALL (IN)
  YESTERDAY        0.0          MM      MM   0.0    0.0      0.0
  MONTH TO DATE    0.0                       0.0    0.0      0.0
  SINCE JUN 1      0.0                       0.0    0.0      0.0
  SINCE JUL 1      0.0                       0.0    0.0      0.0
  SNOW DEPTH       0

DEGREE DAYS
 HEATING
  YESTERDAY        0                         0      0        0
  MONTH TO DATE    0                         0      0        0
  SINCE JUN 1      0                         2     -2        0
  SINCE JUL 1      0                         0      0        0

 COOLING
  YESTERDAY       16                        14      2        5
  MONTH TO DATE  466                       414     52      365
  SINCE JUN 1   1514                      1291    223     1383
  SINCE JAN 1   1759                      1542    217     1683
..................................................................







THE MEMPHIS/GERMANTOWN WFO CLIMATE NORMALS FOR TODAY
                         NORMAL    RECORD    YEAR
 MAXIMUM TEMPERATURE (F)   90       103      2000
 MINIMUM TEMPERATURE (F)   68        59      2015
                                             1992


SUNRISE AND SUNSET
AUGUST 28 2016........SUNRISE   629 AM CDT   SUNSET   731 PM CDT
AUGUST 29 2016........SUNRISE   630 AM CDT   SUNSET   729 PM CDT


-  INDICATES NEGATIVE NUMBERS.
R  INDICATES RECORD WAS SET OR TIED.
MM INDICATES DATA IS MISSING.
T  INDICATES TRACE AMOUNT.




$$
