000
CDUS44 KMEG 230734
CLIMEG


CLIMATE REPORT
NATIONAL WEATHER SERVICE MEMPHIS TN
133 AM CST TUE JAN 23 2018


...................................

...THE MEMPHIS/GERMANTOWN WFO CLIMATE SUMMARY FOR JANUARY 22 2018...

CLIMATE NORMAL PERIOD 1981 TO 2010
CLIMATE RECORD PERIOD 1988 TO 2018


WEATHER ITEM   OBSERVED TIME   RECORD YEAR NORMAL DEPARTURE LAST
                VALUE   (LST)  VALUE       VALUE  FROM      YEAR
                                                  NORMAL
..................................................................
TEMPERATURE (F)
 YESTERDAY
  MAXIMUM         63        MM  75    1999  49     14       60
  MINIMUM         47        MM  14    2014  30     17       52
  AVERAGE         55                        39     16       56

PRECIPITATION (IN)
  YESTERDAY        0.71          2.85 2006   0.12   0.59     0.39
  MONTH TO DATE    3.44                      2.82   0.62     3.66
  SINCE DEC 1     10.40                      8.76   1.64    10.97
  SINCE JAN 1      3.44                      2.82   0.62     3.66

SNOWFALL (IN)
  YESTERDAY        0.0           0.9  2016                   0.0
  MONTH TO DATE    3.8                                       1.0
  SINCE DEC 1      3.8                                       1.0
  SINCE JUL 1      3.8                                       1.0
  SNOW DEPTH       0

DEGREE DAYS
 HEATING
  YESTERDAY       10                        26    -16        9
  MONTH TO DATE  686                       572    114      365
  SINCE DEC 1   1404                      1297    107     1040
  SINCE JUL 1   1909                      1896     13     1362

 COOLING
  YESTERDAY        0                         0      0        0
  MONTH TO DATE    0                         0      0        0
  SINCE DEC 1      0                         1     -1        5
  SINCE JAN 1      0                         0      0        0
..................................................................







THE MEMPHIS/GERMANTOWN WFO CLIMATE NORMALS FOR TODAY
                         NORMAL    RECORD    YEAR
 MAXIMUM TEMPERATURE (F)   49        74      2002
 MINIMUM TEMPERATURE (F)   30        10      2003


SUNRISE AND SUNSET
JANUARY 23 2018.......SUNRISE   704 AM CST   SUNSET   519 PM CST
JANUARY 24 2018.......SUNRISE   703 AM CST   SUNSET   520 PM CST


-  INDICATES NEGATIVE NUMBERS.
R  INDICATES RECORD WAS SET OR TIED.
MM INDICATES DATA IS MISSING.
T  INDICATES TRACE AMOUNT.




$$
