000
CDUS44 KMEG 300634
CLIMEG


CLIMATE REPORT
NATIONAL WEATHER SERVICE MEMPHIS TN
132 AM CDT SAT MAY 30 2015


...................................

...THE MEMPHIS/GERMANTOWN WFO CLIMATE SUMMARY FOR MAY 29 2015...

CLIMATE NORMAL PERIOD 1981 TO 2010
CLIMATE RECORD PERIOD 1988 TO 2015


WEATHER ITEM   OBSERVED TIME   RECORD YEAR NORMAL DEPARTURE LAST
                VALUE   (LST)  VALUE       VALUE  FROM      YEAR
                                                  NORMAL
..................................................................
TEMPERATURE (F)
 YESTERDAY
  MAXIMUM         87    300 PM  94    2012  84      3       78
  MINIMUM         67    500 AM  52    1992  63      4       68
  AVERAGE         77                        73      4       73

PRECIPITATION (IN)
  YESTERDAY        0.16          0.25 1992   0.14   0.02     0.24
  MONTH TO DATE    4.81                      5.29  -0.48     4.64
  SINCE MAR 1     14.89                     15.56  -0.67    16.74
  SINCE JAN 1     20.97                     24.19  -3.22    25.36

SNOWFALL (IN)
  YESTERDAY        0.0          MM      MM   0.0    0.0      0.0
  MONTH TO DATE    0.0                       0.0    0.0      0.0
  SINCE MAR 1      4.1                       0.8    3.3      0.3
  SINCE JUL 1      6.3                       2.4    3.9      0.8
  SNOW DEPTH       0

DEGREE DAYS
 HEATING
  YESTERDAY        0                         0      0        0
  MONTH TO DATE   25                        39    -14       57
  SINCE MAR 1    552                       666   -114      739
  SINCE JUL 1   3459                      3412     47     3743

 COOLING
  YESTERDAY       12                         9      3        8
  MONTH TO DATE  208                       167     41      226
  SINCE MAR 1    285                       232     53      274
  SINCE JAN 1    285                       233     52      274
..................................................................







THE MEMPHIS/GERMANTOWN WFO CLIMATE NORMALS FOR TODAY
                         NORMAL    RECORD    YEAR
 MAXIMUM TEMPERATURE (F)   84        94      2011
 MINIMUM TEMPERATURE (F)   63        53      1992


SUNRISE AND SUNSET
MAY 30 2015...........SUNRISE   547 AM CDT   SUNSET   807 PM CDT
MAY 31 2015...........SUNRISE   547 AM CDT   SUNSET   807 PM CDT


-  INDICATES NEGATIVE NUMBERS.
R  INDICATES RECORD WAS SET OR TIED.
MM INDICATES DATA IS MISSING.
T  INDICATES TRACE AMOUNT.




$$
