000
CDUS44 KMEG 252250
CLIMEG


CLIMATE REPORT
NATIONAL WEATHER SERVICE MEMPHIS TN
446 PM CST THU DEC 25 2014


...................................

...THE MEMPHIS/GERMANTOWN WFO CLIMATE SUMMARY FOR DECEMBER 25 2014...
VALID TODAY AS OF 0400 PM LOCAL TIME.

CLIMATE NORMAL PERIOD 1981 TO 2010
CLIMATE RECORD PERIOD 1988 TO 2014


WEATHER ITEM   OBSERVED TIME   RECORD YEAR NORMAL DEPARTURE LAST
                VALUE   (LST)  VALUE       VALUE  FROM      YEAR
                                                  NORMAL
..................................................................
TEMPERATURE (F)
 TODAY
  MAXIMUM         56        MM  64    1988  49      7       50
  MINIMUM         34        MM   2    1989  30      4       22
  AVERAGE         45                        40      5       36

PRECIPITATION (IN)
  TODAY            0.00          0.61 2012   0.18  -0.18     0.00
  MONTH TO DATE    2.15                      4.90  -2.75     5.35
  SINCE DEC 1      2.15                      4.90  -2.75     5.35
  SINCE JAN 1     57.30                     53.85   3.45    63.92

SNOWFALL (IN)
  TODAY            0.0

DEGREE DAYS
 HEATING
  TODAY           20                        25     -5       29
  MONTH TO DATE  468                       570   -102      560
  SINCE DEC 1    468                       570   -102      560
  SINCE JUL 1   1147                      1169    -22     1220

 COOLING
  TODAY            0                         0      0        0
  MONTH TO DATE    0                         0      0        1
  SINCE DEC 1      0                         0      0        1
  SINCE JAN 1   1967                      1926     41     1965
..................................................................







THE MEMPHIS/GERMANTOWN WFO CLIMATE NORMALS FOR TOMORROW
                         NORMAL    RECORD    YEAR
 MAXIMUM TEMPERATURE (F)   49        73      2008
 MINIMUM TEMPERATURE (F)   30        18      1990


SUNRISE AND SUNSET
DECEMBER 25 2014......SUNRISE   705 AM CST   SUNSET   453 PM CST
DECEMBER 26 2014......SUNRISE   706 AM CST   SUNSET   454 PM CST


-  INDICATES NEGATIVE NUMBERS.
R  INDICATES RECORD WAS SET OR TIED.
MM INDICATES DATA IS MISSING.
T  INDICATES TRACE AMOUNT.




$$
