000
CDUS44 KMEG 270739
CLIMEG


CLIMATE REPORT
NATIONAL WEATHER SERVICE MEMPHIS TN
138 AM CST MON FEB 27 2017


...................................

...THE MEMPHIS/GERMANTOWN WFO CLIMATE SUMMARY FOR FEBRUARY 26 2017...

CLIMATE NORMAL PERIOD 1981 TO 2010
CLIMATE RECORD PERIOD 1988 TO 2017


WEATHER ITEM   OBSERVED TIME   RECORD YEAR NORMAL DEPARTURE LAST
                VALUE   (LST)  VALUE       VALUE  FROM      YEAR
                                                  NORMAL
..................................................................
TEMPERATURE (F)
 YESTERDAY
  MAXIMUM         63        MM  74    1996  57      6       51
  MINIMUM         29        MM  20    2014  35     -6       29
                                      1994
  AVERAGE         46                        46      0       40

PRECIPITATION (IN)
  YESTERDAY        0.01          2.41 2000   0.17  -0.16     0.00
  MONTH TO DATE    1.28                      4.32  -3.04     6.21
  SINCE DEC 1     12.25                     14.22  -1.97    14.50
  SINCE JAN 1      4.94                      8.28  -3.34     8.95

SNOWFALL (IN)
  YESTERDAY        0.0           T    2002                   0.0
  MONTH TO DATE    0.0                                        T
  SINCE DEC 1      1.0                                       0.9
  SINCE JUL 1      1.0                                       0.9
  SNOW DEPTH       0

DEGREE DAYS
 HEATING
  YESTERDAY       19                        19      0       25
  MONTH TO DATE  305                       580   -275      502
  SINCE DEC 1   1512                      2110   -598     1675
  SINCE JUL 1   1834                      2709   -875     2056

 COOLING
  YESTERDAY        0                         0      0        0
  MONTH TO DATE   13                         0     13        0
  SINCE DEC 1     18                         1     17       13
  SINCE JAN 1     13                         0     13        0
..................................................................







THE MEMPHIS/GERMANTOWN WFO CLIMATE NORMALS FOR TODAY
                         NORMAL    RECORD    YEAR
 MAXIMUM TEMPERATURE (F)   57        74      2011
                                             1996
 MINIMUM TEMPERATURE (F)   36        18      2002


SUNRISE AND SUNSET
FEBRUARY 27 2017......SUNRISE   631 AM CST   SUNSET   553 PM CST
FEBRUARY 28 2017......SUNRISE   630 AM CST   SUNSET   554 PM CST


-  INDICATES NEGATIVE NUMBERS.
R  INDICATES RECORD WAS SET OR TIED.
MM INDICATES DATA IS MISSING.
T  INDICATES TRACE AMOUNT.




$$
