000
CDUS44 KMEG 300644
CLIMEG


CLIMATE REPORT
NATIONAL WEATHER SERVICE MEMPHIS TN
143 AM CDT THU MAR 30 2017


...................................

...THE MEMPHIS/GERMANTOWN WFO CLIMATE SUMMARY FOR MARCH 29 2017...

CLIMATE NORMAL PERIOD 1981 TO 2010
CLIMATE RECORD PERIOD 1988 TO 2017


WEATHER ITEM   OBSERVED TIME   RECORD YEAR NORMAL DEPARTURE LAST
                VALUE   (LST)  VALUE       VALUE  FROM      YEAR
                                                  NORMAL
..................................................................
TEMPERATURE (F)
 YESTERDAY
  MAXIMUM         84    130 PM  89    2007  67     17       71
  MINIMUM         59    359 AM  31    2015  44     15       41
                                      1994
  AVERAGE         72                        55     17       56

PRECIPITATION (IN)
  YESTERDAY        0.04          2.20 1989   0.17  -0.13     0.00
  MONTH TO DATE    4.01                      4.60  -0.59    13.60
  SINCE MAR 1      4.01                      4.60  -0.59    13.60
  SINCE JAN 1      9.22                     13.23  -4.01    22.55

SNOWFALL (IN)
  YESTERDAY        0.0           0.0    MM                   0.0
  MONTH TO DATE    0.4                                        T
  SINCE MAR 1      0.4                                        T
  SINCE JUL 1      1.4                                       0.9
  SNOW DEPTH       0

DEGREE DAYS
 HEATING
  YESTERDAY        0                        11    -11        9
  MONTH TO DATE  301                       416   -115      254
  SINCE MAR 1    301                       416   -115      254
  SINCE JUL 1   2142                      3162  -1020     2341

 COOLING
  YESTERDAY        7                         1      6        0
  MONTH TO DATE   33                         6     27        9
  SINCE MAR 1     33                         6     27        9
  SINCE JAN 1     47                         7     40        9
..................................................................







THE MEMPHIS/GERMANTOWN WFO CLIMATE NORMALS FOR TODAY
                         NORMAL    RECORD    YEAR
 MAXIMUM TEMPERATURE (F)   67        86      2007
 MINIMUM TEMPERATURE (F)   44        30      1991


SUNRISE AND SUNSET
MARCH 30 2017.........SUNRISE   648 AM CDT   SUNSET   719 PM CDT
MARCH 31 2017.........SUNRISE   647 AM CDT   SUNSET   720 PM CDT


-  INDICATES NEGATIVE NUMBERS.
R  INDICATES RECORD WAS SET OR TIED.
MM INDICATES DATA IS MISSING.
T  INDICATES TRACE AMOUNT.


$$
