000
CDUS44 KMEG 260628
CLIMEG


CLIMATE REPORT
NATIONAL WEATHER SERVICE MEMPHIS TN
127 AM CDT MON SEP 26 2016


...................................

...THE MEMPHIS/GERMANTOWN WFO CLIMATE SUMMARY FOR SEPTEMBER 25 2016...

CLIMATE NORMAL PERIOD 1981 TO 2010
CLIMATE RECORD PERIOD 1988 TO 2016


WEATHER ITEM   OBSERVED TIME   RECORD YEAR NORMAL DEPARTURE LAST
                VALUE   (LST)  VALUE       VALUE  FROM      YEAR
                                                  NORMAL
..................................................................
TEMPERATURE (F)
 YESTERDAY
  MAXIMUM         99R   350 PM  92    1998  81     18       87
  MINIMUM         69    350 AM  43    1990  57     12       61
  AVERAGE         84                        69     15       74

PRECIPITATION (IN)
  YESTERDAY        0.00          0.97 2011   0.11  -0.11     0.00
  MONTH TO DATE    0.56                      2.64  -2.08     1.25
  SINCE SEP 1      0.56                      2.64  -2.08     1.25
  SINCE JAN 1     51.80                     38.65  13.15    34.97

SNOWFALL (IN)
  YESTERDAY        0.0          MM      MM   0.0    0.0      0.0
  MONTH TO DATE    0.0                       0.0    0.0      0.0
  SINCE SEP 1      0.0                       0.0    0.0      0.0
  SINCE JUL 1      0.0                       0.0    0.0      0.0
  SNOW DEPTH       0

DEGREE DAYS
 HEATING
  YESTERDAY        0                         1     -1        0
  MONTH TO DATE    0                         8     -8        2
  SINCE SEP 1      0                         8     -8        2
  SINCE JUL 1      0                         8     -8        2

 COOLING
  YESTERDAY       19                         6     13        9
  MONTH TO DATE  381                       234    147      274
  SINCE SEP 1    381                       234    147      274
  SINCE JAN 1   2217                      1829    388     2013
..................................................................







THE MEMPHIS/GERMANTOWN WFO CLIMATE NORMALS FOR TODAY
                         NORMAL    RECORD    YEAR
 MAXIMUM TEMPERATURE (F)   81        93      1998
 MINIMUM TEMPERATURE (F)   57        41      2001


SUNRISE AND SUNSET
SEPTEMBER 26 2016.....SUNRISE   651 AM CDT   SUNSET   649 PM CDT
SEPTEMBER 27 2016.....SUNRISE   651 AM CDT   SUNSET   648 PM CDT


-  INDICATES NEGATIVE NUMBERS.
R  INDICATES RECORD WAS SET OR TIED.
MM INDICATES DATA IS MISSING.
T  INDICATES TRACE AMOUNT.




$$
