000
CDUS44 KJAN 240704
CLIMEI


CLIMATE REPORT
NATIONAL WEATHER SERVICE JACKSON MS
155 AM CDT WED MAY 24 2017


...................................

...THE MERIDIAN CLIMATE SUMMARY FOR MAY 23 2017...

CLIMATE NORMAL PERIOD 1981 TO 2010
CLIMATE RECORD PERIOD 1889 TO 2017


WEATHER ITEM   OBSERVED TIME   RECORD YEAR NORMAL DEPARTURE LAST
                VALUE   (LST)  VALUE       VALUE  FROM      YEAR
                                                  NORMAL
..................................................................
TEMPERATURE (F)
 YESTERDAY
  MAXIMUM         81    334 PM  95    1996  85     -4       85
  MINIMUM         66    350 AM  46    2002  61      5       51
                                      2001
                                      1892
  AVERAGE         74                        73      1       68

PRECIPITATION (IN)
  YESTERDAY        0.58          3.74 1943   0.15   0.43     0.00
  MONTH TO DATE    3.12                      3.35  -0.23     0.96
  SINCE MAR 1     18.82                     13.55   5.27    17.49
  SINCE JAN 1     28.39                     24.28   4.11    24.98

SNOWFALL (IN)
  YESTERDAY        0.0           0.0    MM   0.0    0.0      0.0
  MONTH TO DATE    0.0                       0.0    0.0      0.0
  SINCE MAR 1      0.0                       0.3   -0.3      0.0
  SINCE JUL 1      0.8                       0.6    0.2       T

DEGREE DAYS
 HEATING
  YESTERDAY        0                         0      0        0
  MONTH TO DATE   13                        16     -3        8
  SINCE MAR 1    234                       453   -219      253
  SINCE JUL 1   1362                      2550  -1188     1815

 COOLING
  YESTERDAY        9                         8      1        3
  MONTH TO DATE  156                       129     27      100
  SINCE MAR 1    373                       205    168      196
  SINCE JAN 1    419                       212    207      201
..................................................................


WIND (MPH)
  HIGHEST WIND SPEED    14   HIGHEST WIND DIRECTION    NW (300)
  HIGHEST GUST SPEED    18   HIGHEST GUST DIRECTION    NW (300)
  AVERAGE WIND SPEED     4.3


SKY COVER
  POSSIBLE SUNSHINE  MM
  AVERAGE SKY COVER 0.8


WEATHER CONDITIONS
 THE FOLLOWING WEATHER WAS RECORDED YESTERDAY.
  HEAVY RAIN
  RAIN
  LIGHT RAIN
  FOG


RELATIVE HUMIDITY (PERCENT)
 HIGHEST   100          1200 AM
 LOWEST     74           300 PM
 AVERAGE    87

..........................................................


THE MERIDIAN CLIMATE NORMALS FOR TODAY
                         NORMAL    RECORD    YEAR
 MAXIMUM TEMPERATURE (F)   85        95      1996
 MINIMUM TEMPERATURE (F)   61        45      1892


SUNRISE AND SUNSET
MAY 24 2017...........SUNRISE   552 AM CDT   SUNSET   752 PM CDT
MAY 25 2017...........SUNRISE   551 AM CDT   SUNSET   753 PM CDT


-  INDICATES NEGATIVE NUMBERS.
R  INDICATES RECORD WAS SET OR TIED.
MM INDICATES DATA IS MISSING.
T  INDICATES TRACE AMOUNT.




$$
