000
CDUS44 KJAN 170641
CLIMEI


CLIMATE REPORT
NATIONAL WEATHER SERVICE JACKSON MS
1234 AM CST TUE JAN 17 2017


...................................

...THE MERIDIAN CLIMATE SUMMARY FOR JANUARY 16 2017...

CLIMATE NORMAL PERIOD 1981 TO 2010
CLIMATE RECORD PERIOD 1889 TO 2017


WEATHER ITEM   OBSERVED TIME   RECORD YEAR NORMAL DEPARTURE LAST
                VALUE   (LST)  VALUE       VALUE  FROM      YEAR
                                                  NORMAL
..................................................................
TEMPERATURE (F)
 YESTERDAY
  MAXIMUM         78    340 PM  79    1943  56     22       61
  MINIMUM         58   1234 AM  14    1972  33     25       34
  AVERAGE         68                        44     24       48

PRECIPITATION (IN)
  YESTERDAY        T             1.78 1925   0.16  -0.16      T
  MONTH TO DATE    3.53                      2.38   1.15     0.14
  SINCE DEC 1      7.43                      7.44  -0.01     6.22
  SINCE JAN 1      3.53                      2.38   1.15     0.14

SNOWFALL (IN)
  YESTERDAY        0.0           T    2013   0.0    0.0      0.0
                                      2007
                                      1998
  MONTH TO DATE    0.8                       0.1    0.7      0.0
  SINCE DEC 1      0.8                       0.2    0.6      0.0
  SINCE JUL 1      0.8                       0.2    0.6      0.0

DEGREE DAYS
 HEATING
  YESTERDAY        0                        21    -21       17
  MONTH TO DATE  190                       329   -139      335
  SINCE DEC 1    594                       887   -293      623
  SINCE JUL 1    803                      1337   -534      874

 COOLING
  YESTERDAY        3                         0      3        0
  MONTH TO DATE   11                         0     11        0
  SINCE DEC 1     29                         6     23       43
  SINCE JAN 1     11                         0     11        0
..................................................................


WIND (MPH)
  HIGHEST WIND SPEED    21   HIGHEST WIND DIRECTION     S (170)
  HIGHEST GUST SPEED    26   HIGHEST GUST DIRECTION     S (180)
  AVERAGE WIND SPEED     8.8


SKY COVER
  POSSIBLE SUNSHINE  MM
  AVERAGE SKY COVER 0.5


WEATHER CONDITIONS
 THE FOLLOWING WEATHER WAS RECORDED YESTERDAY.
  LIGHT RAIN


RELATIVE HUMIDITY (PERCENT)
 HIGHEST    93           500 AM
 LOWEST     48           300 PM
 AVERAGE    71

..........................................................


THE MERIDIAN CLIMATE NORMALS FOR TODAY
                         NORMAL    RECORD    YEAR
 MAXIMUM TEMPERATURE (F)   56        80      1943
 MINIMUM TEMPERATURE (F)   33        10      1977


SUNRISE AND SUNSET
JANUARY 17 2017.......SUNRISE   656 AM CST   SUNSET   515 PM CST
JANUARY 18 2017.......SUNRISE   656 AM CST   SUNSET   516 PM CST


-  INDICATES NEGATIVE NUMBERS.
R  INDICATES RECORD WAS SET OR TIED.
MM INDICATES DATA IS MISSING.
T  INDICATES TRACE AMOUNT.




$$
