000
CDUS44 KJAN 170710
CLIMEI


CLIMATE REPORT
NATIONAL WEATHER SERVICE JACKSON MS
207 AM CDT WED SEP 17 2014


...................................

...THE MERIDIAN CLIMATE SUMMARY FOR SEPTEMBER 16 2014...

CLIMATE NORMAL PERIOD 1981 TO 2010
CLIMATE RECORD PERIOD 1889 TO 2014


WEATHER ITEM   OBSERVED TIME   RECORD YEAR NORMAL DEPARTURE LAST
                VALUE   (LST)  VALUE       VALUE  FROM      YEAR
                                                  NORMAL
..................................................................
TEMPERATURE (F)
 YESTERDAY
  MAXIMUM         90    303 PM 101    1980  87      3       93
  MINIMUM         70   1132 PM  48    1961  63      7       63
                                      1892
  AVERAGE         80                        75      5       78

PRECIPITATION (IN)
  YESTERDAY        T             3.37 1971   0.12  -0.12     0.00
  MONTH TO DATE    0.66                      1.83  -1.17      T
  SINCE SEP 1      0.66                      1.83  -1.17      T
  SINCE JAN 1     39.02                     40.79  -1.77    49.52

SNOWFALL (IN)
  YESTERDAY        0.0           0.0  2002   0.0    0.0      0.0
                                      2001
  MONTH TO DATE    0.0                       0.0    0.0      0.0
  SINCE SEP 1      0.0                       0.0    0.0      0.0
  SINCE JUL 1      0.0                       0.0    0.0      0.0

DEGREE DAYS
 HEATING
  YESTERDAY        0                         0      0        0
  MONTH TO DATE    0                         0      0        0
  SINCE SEP 1      0                         0      0        0
  SINCE JUL 1      0                         0      0        0

 COOLING
  YESTERDAY       15                        10      5       13
  MONTH TO DATE  237                       194     43      231
  SINCE SEP 1    237                       194     43      231
  SINCE JAN 1   1830                      1814     16     1811
..................................................................


WIND (MPH)
  HIGHEST WIND SPEED    14   HIGHEST WIND DIRECTION     N (350)
  HIGHEST GUST SPEED    17   HIGHEST GUST DIRECTION     N (20)
  AVERAGE WIND SPEED     4.0


SKY COVER
  POSSIBLE SUNSHINE  MM
  AVERAGE SKY COVER 0.0


WEATHER CONDITIONS
 THE FOLLOWING WEATHER WAS RECORDED YESTERDAY.
  LIGHT RAIN
  FOG


RELATIVE HUMIDITY (PERCENT)
 HIGHEST   100           400 AM
 LOWEST     44           100 PM
 AVERAGE    72

..........................................................


THE MERIDIAN CLIMATE NORMALS FOR TODAY
                         NORMAL    RECORD    YEAR
 MAXIMUM TEMPERATURE (F)   87        99      1953
                                             1927
 MINIMUM TEMPERATURE (F)   63        49      1961


SUNRISE AND SUNSET
SEPTEMBER 17 2014.....SUNRISE   640 AM CDT   SUNSET   658 PM CDT
SEPTEMBER 18 2014.....SUNRISE   641 AM CDT   SUNSET   657 PM CDT


-  INDICATES NEGATIVE NUMBERS.
R  INDICATES RECORD WAS SET OR TIED.
MM INDICATES DATA IS MISSING.
T  INDICATES TRACE AMOUNT.




$$
