000
CDUS44 KJAN 072118
CLIMEI


CLIMATE REPORT
NATIONAL WEATHER SERVICE JACKSON MS
416 PM CDT TUE JUL 7 2015


...................................

...THE MERIDIAN CLIMATE SUMMARY FOR JULY 7 2015...
VALID TODAY AS OF 0400 PM LOCAL TIME.

CLIMATE NORMAL PERIOD 1981 TO 2010
CLIMATE RECORD PERIOD 1889 TO 2015


WEATHER ITEM   OBSERVED TIME   RECORD YEAR NORMAL DEPARTURE LAST
                VALUE   (LST)  VALUE       VALUE  FROM      YEAR
                                                  NORMAL
..................................................................
TEMPERATURE (F)
 TODAY
  MAXIMUM         91    218 PM 102    1980  92     -1       93
  MINIMUM         72    251 AM  56    1972  69      3       62
  AVERAGE         82                        80      2       78

PRECIPITATION (IN)
  TODAY            T             2.70 1965   0.16  -0.16     0.00
  MONTH TO DATE    2.00                      1.15   0.85     0.02
  SINCE JUN 1      6.97                      5.55   1.42     2.56
  SINCE JAN 1     30.03                     30.98  -0.95    34.28

SNOWFALL (IN)
  TODAY            0.0           0.0    MM   0.0    0.0      0.0
  MONTH TO DATE    0.0                       0.0    0.0      0.0
  SINCE JUN 1      0.0                       0.0    0.0      0.0
  SINCE JUL 1      0.0                       0.0    0.0      0.0

DEGREE DAYS
 HEATING
  TODAY            0                         0      0        0
  MONTH TO DATE    0                         0      0        0
  SINCE JUN 1      0                         0      0        0
  SINCE JUL 1      0                         0      0        0

 COOLING
  TODAY           17                        15      2       13
  MONTH TO DATE   94                       105    -11       94
  SINCE JUN 1    510                       485     25      504
  SINCE JAN 1    875                       768    107      774
..................................................................


WIND (MPH)
  HIGHEST WIND SPEED    15   HIGHEST WIND DIRECTION    NW (310)
  HIGHEST GUST SPEED    20   HIGHEST GUST DIRECTION    NW (310)
  AVERAGE WIND SPEED     6.4


SKY COVER
  POSSIBLE SUNSHINE  MM
  AVERAGE SKY COVER 0.5


WEATHER CONDITIONS
 THE FOLLOWING WEATHER WAS RECORDED TODAY.
  THUNDERSTORM
  LIGHT RAIN
  FOG


RELATIVE HUMIDITY (PERCENT)
 HIGHEST   100          1200 AM
 LOWEST     56           100 PM
 AVERAGE    78

..........................................................


THE MERIDIAN CLIMATE NORMALS FOR TOMORROW
                         NORMAL    RECORD    YEAR
 MAXIMUM TEMPERATURE (F)   92       102      1902
 MINIMUM TEMPERATURE (F)   69        60      1972


SUNRISE AND SUNSET
JULY  7 2015..........SUNRISE   554 AM CDT   SUNSET   805 PM CDT
JULY  8 2015..........SUNRISE   555 AM CDT   SUNSET   805 PM CDT


-  INDICATES NEGATIVE NUMBERS.
R  INDICATES RECORD WAS SET OR TIED.
MM INDICATES DATA IS MISSING.
T  INDICATES TRACE AMOUNT.




$$
