000
CDUS44 KJAN 230921
CLIMEI


CLIMATE REPORT
NATIONAL WEATHER SERVICE JACKSON MS
419 AM CDT WED APR 23 2014


...................................

...THE MERIDIAN CLIMATE SUMMARY FOR APRIL 22 2014...

CLIMATE NORMAL PERIOD 1981 TO 2010
CLIMATE RECORD PERIOD 1889 TO 2014


WEATHER ITEM   OBSERVED TIME   RECORD YEAR NORMAL DEPARTURE LAST
                VALUE   (LST)  VALUE       VALUE  FROM      YEAR
                                                  NORMAL
..................................................................
TEMPERATURE (F)
 YESTERDAY
  MAXIMUM         71    526 PM  91    1955  78     -7       77
  MINIMUM         56   1135 PM  35    1993  51      5       42
  AVERAGE         64                        64      0       60

PRECIPITATION (IN)
  YESTERDAY        0.03          1.21 1995   0.14  -0.11     0.00
  MONTH TO DATE    9.90                      3.60   6.30     4.12
  SINCE MAR 1     15.64                      9.02   6.62     7.87
  SINCE JAN 1     24.99                     19.75   5.24    26.70

SNOWFALL (IN)
  YESTERDAY        0.0           0.0    MM   0.0    0.0      0.0
  MONTH TO DATE    0.0                       0.1   -0.1      0.0
  SINCE MAR 1      0.0                       0.3   -0.3      0.0
  SINCE JUL 1      2.5                       0.6    1.9      1.0

DEGREE DAYS
 HEATING
  YESTERDAY        1                         3     -2        5
  MONTH TO DATE  116                       111      5      119
  SINCE MAR 1    465                       418     47      553
  SINCE JUL 1   2841                      2515    326     2440

 COOLING
  YESTERDAY        0                         2     -2        0
  MONTH TO DATE   19                        35    -16       53
  SINCE MAR 1     21                        52    -31       56
  SINCE JAN 1     28                        59    -31       72
..................................................................


WIND (MPH)
  HIGHEST WIND SPEED     8   HIGHEST WIND DIRECTION    SW (210)
  HIGHEST GUST SPEED    10   HIGHEST GUST DIRECTION    SE (140)
  AVERAGE WIND SPEED     1.4


SKY COVER
  POSSIBLE SUNSHINE  MM
  AVERAGE SKY COVER 0.7


WEATHER CONDITIONS
 THE FOLLOWING WEATHER WAS RECORDED YESTERDAY.
  RAIN
  LIGHT RAIN
  FOG
  FOG W/VISIBILITY <= 1/4 MILE


RELATIVE HUMIDITY (PERCENT)
 HIGHEST   100           300 AM
 LOWEST     78           500 PM
 AVERAGE    89

..........................................................


THE MERIDIAN CLIMATE NORMALS FOR TODAY
                         NORMAL    RECORD    YEAR
 MAXIMUM TEMPERATURE (F)   78        90      1960
 MINIMUM TEMPERATURE (F)   51        33      1986


SUNRISE AND SUNSET
APRIL 23 2014.........SUNRISE   617 AM CDT   SUNSET   730 PM CDT
APRIL 24 2014.........SUNRISE   616 AM CDT   SUNSET   731 PM CDT


-  INDICATES NEGATIVE NUMBERS.
R  INDICATES RECORD WAS SET OR TIED.
MM INDICATES DATA IS MISSING.
T  INDICATES TRACE AMOUNT.




$$
