439
CDUS44 KJAN 300841
CLIMEI


CLIMATE REPORT
NATIONAL WEATHER SERVICE JACKSON MS
339 AM CDT THU MAR 30 2017


...................................

...THE MERIDIAN CLIMATE SUMMARY FOR MARCH 29 2017...

CLIMATE NORMAL PERIOD 1981 TO 2010
CLIMATE RECORD PERIOD 1889 TO 2017


WEATHER ITEM   OBSERVED TIME   RECORD YEAR NORMAL DEPARTURE LAST
                VALUE   (LST)  VALUE       VALUE  FROM      YEAR
                                                  NORMAL
..................................................................
TEMPERATURE (F)
 YESTERDAY
  MAXIMUM         85    225 PM  88    1974  72     13       76
  MINIMUM         66    647 AM  27    1955  45     21       42
  AVERAGE         76                        58     18       59

PRECIPITATION (IN)
  YESTERDAY        0.00          3.12 1989   0.17  -0.17     0.00
  MONTH TO DATE    5.62                      5.08   0.54     9.49
  SINCE MAR 1      5.62                      5.08   0.54     9.49
  SINCE JAN 1     15.19                     15.81  -0.62    16.98

SNOWFALL (IN)
  YESTERDAY        0.0           0.0  2002   0.0    0.0      0.0
                                      2001
  MONTH TO DATE    0.0                       0.2   -0.2      0.0
  SINCE MAR 1      0.0                       0.2   -0.2      0.0
  SINCE JUL 1      0.8                       0.5    0.3       T

DEGREE DAYS
 HEATING
  YESTERDAY        0                         7     -7        6
  MONTH TO DATE  190                       293   -103      181
  SINCE MAR 1    190                       293   -103      181
  SINCE JUL 1   1318                      2390  -1072     1743

 COOLING
  YESTERDAY       11                         1     10        0
  MONTH TO DATE   69                        21     48       25
  SINCE MAR 1     69                        21     48       25
  SINCE JAN 1    115                        28     87       30
..................................................................


WIND (MPH)
  HIGHEST WIND SPEED    18   HIGHEST WIND DIRECTION    SE (150)
  HIGHEST GUST SPEED    27   HIGHEST GUST DIRECTION    SE (140)
  AVERAGE WIND SPEED     8.5


SKY COVER
  POSSIBLE SUNSHINE  MM
  AVERAGE SKY COVER 0.3


WEATHER CONDITIONS
 THE FOLLOWING WEATHER WAS RECORDED YESTERDAY.
  FOG


RELATIVE HUMIDITY (PERCENT)
 HIGHEST   100           400 AM
 LOWEST     46           100 PM
 AVERAGE    73

..........................................................


THE MERIDIAN CLIMATE NORMALS FOR TODAY
                         NORMAL    RECORD    YEAR
 MAXIMUM TEMPERATURE (F)   73        88      1946
 MINIMUM TEMPERATURE (F)   45        27      1894


SUNRISE AND SUNSET
MARCH 30 2017.........SUNRISE   645 AM CDT   SUNSET   714 PM CDT
MARCH 31 2017.........SUNRISE   644 AM CDT   SUNSET   714 PM CDT


-  INDICATES NEGATIVE NUMBERS.
R  INDICATES RECORD WAS SET OR TIED.
MM INDICATES DATA IS MISSING.
T  INDICATES TRACE AMOUNT.




$$
