000
CDUS44 KJAN 170737
CLIMEI


CLIMATE REPORT
NATIONAL WEATHER SERVICE JACKSON MS
235 AM CDT THU APR 17 2014


...................................

...THE MERIDIAN CLIMATE SUMMARY FOR APRIL 16 2014...

CLIMATE NORMAL PERIOD 1981 TO 2010
CLIMATE RECORD PERIOD 1889 TO 2014


WEATHER ITEM   OBSERVED TIME   RECORD YEAR NORMAL DEPARTURE LAST
                VALUE   (LST)  VALUE       VALUE  FROM      YEAR
                                                  NORMAL
..................................................................
TEMPERATURE (F)
 YESTERDAY
  MAXIMUM         67    338 PM  89    1955  76     -9       85
                                      1894
  MINIMUM         35    547 AM  32    2007  49    -14       68
                                      1950
  AVERAGE         51                        63    -12       77

PRECIPITATION (IN)
  YESTERDAY        0.00          6.85 1900   0.16  -0.16     0.00
  MONTH TO DATE    9.80                      2.69   7.11     3.01
  SINCE MAR 1     15.54                      8.11   7.43     6.76
  SINCE JAN 1     24.89                     18.84   6.05    25.59

SNOWFALL (IN)
  YESTERDAY        0.0           0.0    MM   0.0    0.0      0.0
  MONTH TO DATE    0.0                       0.1   -0.1      0.0
  SINCE MAR 1      0.0                       0.3   -0.3      0.0
  SINCE JUL 1      2.5                       0.6    1.9      1.0

DEGREE DAYS
 HEATING
  YESTERDAY       14                         4     10        0
  MONTH TO DATE   92                        90      2       77
  SINCE MAR 1    441                       397     44      511
  SINCE JUL 1   2817                      2494    323     2398

 COOLING
  YESTERDAY        0                         2     -2       12
  MONTH TO DATE   19                        23     -4       37
  SINCE MAR 1     21                        40    -19       40
  SINCE JAN 1     28                        47    -19       56
..................................................................


WIND (MPH)
  HIGHEST WIND SPEED    16   HIGHEST WIND DIRECTION     E (80)
  HIGHEST GUST SPEED    21   HIGHEST GUST DIRECTION     E (80)
  AVERAGE WIND SPEED     4.4


SKY COVER
  POSSIBLE SUNSHINE  MM
  AVERAGE SKY COVER 0.0


WEATHER CONDITIONS
 THE FOLLOWING WEATHER WAS RECORDED YESTERDAY.
  NO SIGNIFICANT WEATHER WAS OBSERVED.


RELATIVE HUMIDITY (PERCENT)
 HIGHEST    86           900 PM
 LOWEST     24           400 PM
 AVERAGE    55

..........................................................


THE MERIDIAN CLIMATE NORMALS FOR TODAY
                         NORMAL    RECORD    YEAR
 MAXIMUM TEMPERATURE (F)   77        90      1955
 MINIMUM TEMPERATURE (F)   49        32      1951


SUNRISE AND SUNSET
APRIL 17 2014.........SUNRISE   624 AM CDT   SUNSET   726 PM CDT
APRIL 18 2014.........SUNRISE   622 AM CDT   SUNSET   727 PM CDT


-  INDICATES NEGATIVE NUMBERS.
R  INDICATES RECORD WAS SET OR TIED.
MM INDICATES DATA IS MISSING.
T  INDICATES TRACE AMOUNT.




$$
