000
CDUS44 KJAN 240734
CLIMEI


CLIMATE REPORT
NATIONAL WEATHER SERVICE JACKSON MS
232 AM CDT THU AUG 24 2017


...................................

...THE MERIDIAN CLIMATE SUMMARY FOR AUGUST 23 2017...

CLIMATE NORMAL PERIOD 1981 TO 2010
CLIMATE RECORD PERIOD 1889 TO 2017


WEATHER ITEM   OBSERVED TIME   RECORD YEAR NORMAL DEPARTURE LAST
                VALUE   (LST)  VALUE       VALUE  FROM      YEAR
                                                  NORMAL
..................................................................
TEMPERATURE (F)
 YESTERDAY
  MAXIMUM         94    145 PM 105    2007  91      3       94
  MINIMUM         76   1145 PM  54    1956  69      7       74
  AVERAGE         85                        80      5       84

PRECIPITATION (IN)
  YESTERDAY        0.00          1.61 2008   0.12  -0.12     0.09
  MONTH TO DATE    7.70                      3.10   4.60     5.03
  SINCE JUN 1     23.98                     12.64  11.34    12.34
  SINCE JAN 1     52.62                     38.07  14.55    37.33

SNOWFALL (IN)
  YESTERDAY        0.0           0.0  2002   0.0    0.0      0.0
                                      2001
  MONTH TO DATE    0.0                       0.0    0.0      0.0
  SINCE JUN 1      0.0                       0.0    0.0      0.0
  SINCE JUL 1      0.0                       0.0    0.0      0.0

DEGREE DAYS
 HEATING
  YESTERDAY        0                         0      0        0
  MONTH TO DATE    0                         0      0        0
  SINCE JUN 1      0                         0      0        0
  SINCE JUL 1      0                         0      0        0

 COOLING
  YESTERDAY       20                        15      5       19
  MONTH TO DATE  409                       359     50      464
  SINCE JUN 1   1368                      1223    145     1638
  SINCE JAN 1   1861                      1506    355     1950
..................................................................


WIND (MPH)
  HIGHEST WIND SPEED    15   HIGHEST WIND DIRECTION     N (10)
  HIGHEST GUST SPEED    19   HIGHEST GUST DIRECTION     N (10)
  AVERAGE WIND SPEED     5.5


SKY COVER
  POSSIBLE SUNSHINE  MM
  AVERAGE SKY COVER 0.2


WEATHER CONDITIONS
 THE FOLLOWING WEATHER WAS RECORDED YESTERDAY.
  NO SIGNIFICANT WEATHER WAS OBSERVED.


RELATIVE HUMIDITY (PERCENT)
 HIGHEST   100           500 AM
 LOWEST     56           100 PM
 AVERAGE    78

..........................................................


THE MERIDIAN CLIMATE NORMALS FOR TODAY
                         NORMAL    RECORD    YEAR
 MAXIMUM TEMPERATURE (F)   91       100      2007
 MINIMUM TEMPERATURE (F)   69        50      1891


SUNRISE AND SUNSET
AUGUST 24 2017........SUNRISE   625 AM CDT   SUNSET   729 PM CDT
AUGUST 25 2017........SUNRISE   626 AM CDT   SUNSET   728 PM CDT


-  INDICATES NEGATIVE NUMBERS.
R  INDICATES RECORD WAS SET OR TIED.
MM INDICATES DATA IS MISSING.
T  INDICATES TRACE AMOUNT.




$$
