000
CDUS44 KMEG 050737
CLIMEM


CLIMATE REPORT
NATIONAL WEATHER SERVICE MEMPHIS TN
137 AM CST MON DEC 5 2016


...................................

...THE MEMPHIS CLIMATE SUMMARY FOR DECEMBER 4 2016...

CLIMATE NORMAL PERIOD 1981 TO 2010
CLIMATE RECORD PERIOD 1872 TO 2016


WEATHER ITEM   OBSERVED TIME   RECORD YEAR NORMAL DEPARTURE LAST
                VALUE   (LST)  VALUE       VALUE  FROM      YEAR
                                                  NORMAL
..................................................................
TEMPERATURE (F)
 YESTERDAY
  MAXIMUM         49   1222 PM  78    1998  55     -6       58
  MINIMUM         42    511 AM  18    1893  38      4       33
  AVERAGE         46                        46      0       46

PRECIPITATION (IN)
  YESTERDAY        0.14          2.58 2011   0.19  -0.05     0.00
  MONTH TO DATE    0.49                      0.78  -0.29     0.07
  SINCE DEC 1      0.49                      0.78  -0.29     0.07
  SINCE JAN 1     54.75                     48.72   6.03    47.96

SNOWFALL (IN)
  YESTERDAY        0.0           3.5  1988   0.0    0.0      0.0
  MONTH TO DATE    0.0                       0.0    0.0      0.0
  SINCE DEC 1      0.0                       0.0    0.0      0.0
  SINCE JUL 1      0.0                       T      0.0      0.0
  SNOW DEPTH       0

DEGREE DAYS
 HEATING
  YESTERDAY       19                        19      0       19
  MONTH TO DATE   73                        74     -1       74
  SINCE DEC 1     73                        74     -1       74
  SINCE JUL 1    343                       573   -230      375

 COOLING
  YESTERDAY        0                         0      0        0
  MONTH TO DATE    0                         0      0        0
  SINCE DEC 1      0                         0      0        0
  SINCE JAN 1   2804                      2256    548     2460
..................................................................


WIND (MPH)
  HIGHEST WIND SPEED    20   HIGHEST WIND DIRECTION     E (110)
  HIGHEST GUST SPEED    25   HIGHEST GUST DIRECTION     E (110)
  AVERAGE WIND SPEED     7.1


SKY COVER
  POSSIBLE SUNSHINE  MM
  AVERAGE SKY COVER 1.0


WEATHER CONDITIONS
 THE FOLLOWING WEATHER WAS RECORDED YESTERDAY.
  LIGHT RAIN
  FOG


RELATIVE HUMIDITY (PERCENT)
 HIGHEST   100           300 AM
 LOWEST     83          1100 PM
 AVERAGE    92

..........................................................


THE MEMPHIS CLIMATE NORMALS FOR TODAY
                         NORMAL    RECORD    YEAR
 MAXIMUM TEMPERATURE (F)   55        76      1892
 MINIMUM TEMPERATURE (F)   37        17      1886


SUNRISE AND SUNSET
DECEMBER  5 2016......SUNRISE   654 AM CST   SUNSET   448 PM CST
DECEMBER  6 2016......SUNRISE   654 AM CST   SUNSET   448 PM CST


-  INDICATES NEGATIVE NUMBERS.
R  INDICATES RECORD WAS SET OR TIED.
MM INDICATES DATA IS MISSING.
T  INDICATES TRACE AMOUNT.




$$
