000
CDUS44 KMEG 210855
CLIMEM


CLIMATE REPORT
NATIONAL WEATHER SERVICE MEMPHIS TN
255 AM CST SUN JAN 21 2018


...................................

...THE MEMPHIS CLIMATE SUMMARY FOR JANUARY 20 2018...

CLIMATE NORMAL PERIOD 1981 TO 2010
CLIMATE RECORD PERIOD 1872 TO 2018


WEATHER ITEM   OBSERVED TIME   RECORD YEAR NORMAL DEPARTURE LAST
                VALUE   (LST)  VALUE       VALUE  FROM      YEAR
                                                  NORMAL
..................................................................
TEMPERATURE (F)
 YESTERDAY
  MAXIMUM         61    313 PM  74    1906  50     11       68
  MINIMUM         43    728 AM  -4    1985  32     11       56
  AVERAGE         52                        41     11       62

PRECIPITATION (IN)
  YESTERDAY        0.01          3.74 1935   0.13  -0.12     0.00
  MONTH TO DATE    2.58                      2.57   0.01     3.61
  SINCE DEC 1      9.84                      8.31   1.53    10.94
  SINCE JAN 1      2.58                      2.57   0.01     3.61

SNOWFALL (IN)
  YESTERDAY        0.0           5.3  1983   0.0    0.0      0.0
  MONTH TO DATE    2.5                       1.2    1.3      2.0
  SINCE DEC 1      2.5                       1.4    1.1      2.0
  SINCE JUL 1      2.5                       1.4    1.1      2.0
  SNOW DEPTH       T

DEGREE DAYS
 HEATING
  YESTERDAY       13                        24    -11        3
  MONTH TO DATE  654                       480    174      341
  SINCE DEC 1   1347                      1145    202      971
  SINCE JUL 1   1793                      1644    149     1241

 COOLING
  YESTERDAY        0                         0      0        0
  MONTH TO DATE    0                         0      0        1
  SINCE DEC 1      0                         2     -2        4
  SINCE JAN 1      0                         0      0        1
..................................................................


WIND (MPH)
  HIGHEST WIND SPEED    17   HIGHEST WIND DIRECTION     S (190)
  HIGHEST GUST SPEED    23   HIGHEST GUST DIRECTION     W (250)
  AVERAGE WIND SPEED     8.5


SKY COVER
  POSSIBLE SUNSHINE  MM
  AVERAGE SKY COVER 0.8


WEATHER CONDITIONS
 THE FOLLOWING WEATHER WAS RECORDED YESTERDAY.
  NO SIGNIFICANT WEATHER WAS OBSERVED.


RELATIVE HUMIDITY (PERCENT)
 HIGHEST    89           800 PM
 LOWEST     37          1200 AM
 AVERAGE    63

..........................................................


THE MEMPHIS CLIMATE NORMALS FOR TODAY
                         NORMAL    RECORD    YEAR
 MAXIMUM TEMPERATURE (F)   50        75      1999
 MINIMUM TEMPERATURE (F)   33         1      1985


SUNRISE AND SUNSET
JANUARY 21 2018.......SUNRISE   705 AM CST   SUNSET   517 PM CST
JANUARY 22 2018.......SUNRISE   705 AM CST   SUNSET   518 PM CST


-  INDICATES NEGATIVE NUMBERS.
R  INDICATES RECORD WAS SET OR TIED.
MM INDICATES DATA IS MISSING.
T  INDICATES TRACE AMOUNT.




$$
