000
CDUS44 KMEG 220731
CLIMEM


CLIMATE REPORT
NATIONAL WEATHER SERVICE MEMPHIS TN
131 AM CST MON DEC 22 2014


...................................

...THE MEMPHIS CLIMATE SUMMARY FOR DECEMBER 21 2014...

CLIMATE NORMAL PERIOD 1981 TO 2010
CLIMATE RECORD PERIOD 1872 TO 2014


WEATHER ITEM   OBSERVED TIME   RECORD YEAR NORMAL DEPARTURE LAST
                VALUE   (LST)  VALUE       VALUE  FROM      YEAR
                                                  NORMAL
..................................................................
TEMPERATURE (F)
 YESTERDAY
  MAXIMUM         57    259 PM  76    2013  51      6       76
  MINIMUM         32    721 AM   3    1989  34     -2       53
  AVERAGE         45                        42      3       65

PRECIPITATION (IN)
  YESTERDAY        0.00          3.23 1990   0.17  -0.17     1.44
  MONTH TO DATE    1.97                      4.04  -2.07     4.74
  SINCE DEC 1      1.97                      4.04  -2.07     4.74
  SINCE JAN 1     57.00                     51.98   5.02    59.35

SNOWFALL (IN)
  YESTERDAY        0.0           5.5  1897   0.0    0.0      0.0
  MONTH TO DATE    0.0                       0.0    0.0       T
  SINCE DEC 1      0.0                       0.0    0.0       T
  SINCE JUL 1      0.2                       T      0.2       T
  SNOW DEPTH       0

DEGREE DAYS
 HEATING
  YESTERDAY       20                        23     -3        0
  MONTH TO DATE  374                       433    -59      422
  SINCE DEC 1    374                       433    -59      422
  SINCE JUL 1    983                       932     51     1007

 COOLING
  YESTERDAY        0                         0      0        0
  MONTH TO DATE    0                         0      0        3
  SINCE DEC 1      0                         0      0        3
  SINCE JAN 1   2161                      2256    -95     2245
..................................................................


WIND (MPH)
  HIGHEST WIND SPEED    13   HIGHEST WIND DIRECTION    SE (150)
  HIGHEST GUST SPEED    17   HIGHEST GUST DIRECTION    SE (150)
  AVERAGE WIND SPEED     5.4


SKY COVER
  POSSIBLE SUNSHINE  MM
  AVERAGE SKY COVER 0.3


WEATHER CONDITIONS
 THE FOLLOWING WEATHER WAS RECORDED YESTERDAY.
  NO SIGNIFICANT WEATHER WAS OBSERVED.


RELATIVE HUMIDITY (PERCENT)
 HIGHEST    82           500 AM
 LOWEST     38           300 PM
 AVERAGE    60

..........................................................


THE MEMPHIS CLIMATE NORMALS FOR TODAY
                         NORMAL    RECORD    YEAR
 MAXIMUM TEMPERATURE (F)   51        70      1982
 MINIMUM TEMPERATURE (F)   34        -4      1989


SUNRISE AND SUNSET
DECEMBER 22 2014......SUNRISE   705 AM CST   SUNSET   453 PM CST
DECEMBER 23 2014......SUNRISE   705 AM CST   SUNSET   453 PM CST


-  INDICATES NEGATIVE NUMBERS.
R  INDICATES RECORD WAS SET OR TIED.
MM INDICATES DATA IS MISSING.
T  INDICATES TRACE AMOUNT.




$$
