000
CDUS44 KMEG 262145
CLIMEM


CLIMATE REPORT
NATIONAL WEATHER SERVICE MEMPHIS TN
445 PM CDT TUE SEP 26 2017


...................................

...THE MEMPHIS CLIMATE SUMMARY FOR SEPTEMBER 26 2017...
VALID TODAY AS OF 0400 PM LOCAL TIME.

CLIMATE NORMAL PERIOD 1981 TO 2010
CLIMATE RECORD PERIOD 1872 TO 2017


WEATHER ITEM   OBSERVED TIME   RECORD YEAR NORMAL DEPARTURE LAST
                VALUE   (LST)  VALUE       VALUE  FROM      YEAR
                                                  NORMAL
..................................................................
TEMPERATURE (F)
 TODAY
  MAXIMUM         90    239 PM  95    1954  81      9       79
  MINIMUM         69    548 AM  46    2001  61      8       63
                                      2000
                                      1942
  AVERAGE         80                        71      9       71

PRECIPITATION (IN)
  TODAY            0.00          3.03 2002   0.12  -0.12      T
  MONTH TO DATE    1.61                      2.61  -1.00     0.67
  SINCE SEP 1      1.61                      2.61  -1.00     0.67
  SINCE JAN 1     38.27                     37.99   0.28    50.48

SNOWFALL (IN)
  TODAY            0.0

DEGREE DAYS
 HEATING
  TODAY            0                         1     -1        0
  MONTH TO DATE    3                         6     -3        0
  SINCE SEP 1      3                         6     -3        0
  SINCE JUL 1      3                         6     -3        0

 COOLING
  TODAY           15                         7      8        6
  MONTH TO DATE  280                       289     -9      451
  SINCE SEP 1    280                       289     -9      451
  SINCE JAN 1   2096                      2124    -28     2552
..................................................................


WIND (MPH)
  HIGHEST WIND SPEED    10   HIGHEST WIND DIRECTION     E (70)
  HIGHEST GUST SPEED    15   HIGHEST GUST DIRECTION     E (110)
  AVERAGE WIND SPEED     2.1


SKY COVER
  POSSIBLE SUNSHINE  MM
  AVERAGE SKY COVER 0.2


WEATHER CONDITIONS
 THE FOLLOWING WEATHER WAS RECORDED TODAY.
  NO SIGNIFICANT WEATHER WAS OBSERVED.


RELATIVE HUMIDITY (PERCENT)
 HIGHEST    90           300 AM
 LOWEST     44           200 PM
 AVERAGE    67

..........................................................


THE MEMPHIS CLIMATE NORMALS FOR TOMORROW
                         NORMAL    RECORD    YEAR
 MAXIMUM TEMPERATURE (F)   81        95      1998
                                             1954
 MINIMUM TEMPERATURE (F)   61        40      1942


SUNRISE AND SUNSET
SEPTEMBER 26 2017.....SUNRISE   651 AM CDT   SUNSET   651 PM CDT
SEPTEMBER 27 2017.....SUNRISE   652 AM CDT   SUNSET   649 PM CDT


-  INDICATES NEGATIVE NUMBERS.
R  INDICATES RECORD WAS SET OR TIED.
MM INDICATES DATA IS MISSING.
T  INDICATES TRACE AMOUNT.




$$
