000
CDUS44 KMEG 262147
CLIMEM


CLIMATE REPORT
NATIONAL WEATHER SERVICE MEMPHIS TN
446 PM CDT FRI MAY 26 2017


...................................

...THE MEMPHIS CLIMATE SUMMARY FOR MAY 26 2017...
VALID TODAY AS OF 0400 PM LOCAL TIME.

CLIMATE NORMAL PERIOD 1981 TO 2010
CLIMATE RECORD PERIOD 1872 TO 2017


WEATHER ITEM   OBSERVED TIME   RECORD YEAR NORMAL DEPARTURE LAST
                VALUE   (LST)  VALUE       VALUE  FROM      YEAR
                                                  NORMAL
..................................................................
TEMPERATURE (F)
 TODAY
  MAXIMUM         85    252 PM  95    1962  84      1       90
  MINIMUM         64    501 AM  47    1925  65     -1       70
  AVERAGE         75                        74      1       80

PRECIPITATION (IN)
  TODAY            0.00          2.28 1975   0.16  -0.16     0.15
  MONTH TO DATE    2.55                      4.48  -1.93     3.83
  SINCE MAR 1     11.52                     15.14  -3.62    26.00
  SINCE JAN 1     17.18                     23.51  -6.33    33.85

SNOWFALL (IN)
  TODAY            0.0

DEGREE DAYS
 HEATING
  TODAY            0                         0      0        0
  MONTH TO DATE   23                        17      6       22
  SINCE MAR 1    360                       512   -152      315
  SINCE JUL 1   2059                      2962   -903     2186

 COOLING
  TODAY           10                        10      0       15
  MONTH TO DATE  147                       174    -27      132
  SINCE MAR 1    299                       266     33      236
  SINCE JAN 1    321                       269     52      239
..................................................................


WIND (MPH)
  HIGHEST WIND SPEED    28   HIGHEST WIND DIRECTION     S (180)
  HIGHEST GUST SPEED    37   HIGHEST GUST DIRECTION     S (180)
  AVERAGE WIND SPEED    13.9


SKY COVER
  POSSIBLE SUNSHINE  MM
  AVERAGE SKY COVER 0.3


WEATHER CONDITIONS
 THE FOLLOWING WEATHER WAS RECORDED TODAY.
  NO SIGNIFICANT WEATHER WAS OBSERVED.


RELATIVE HUMIDITY (PERCENT)
 HIGHEST    84           500 AM
 LOWEST     47          1100 AM
 AVERAGE    66

..........................................................


THE MEMPHIS CLIMATE NORMALS FOR TOMORROW
                         NORMAL    RECORD    YEAR
 MAXIMUM TEMPERATURE (F)   84        95      1911
 MINIMUM TEMPERATURE (F)   65        41      1961


SUNRISE AND SUNSET
MAY 26 2017...........SUNRISE   549 AM CDT   SUNSET   805 PM CDT
MAY 27 2017...........SUNRISE   549 AM CDT   SUNSET   806 PM CDT


-  INDICATES NEGATIVE NUMBERS.
R  INDICATES RECORD WAS SET OR TIED.
MM INDICATES DATA IS MISSING.
T  INDICATES TRACE AMOUNT.




$$
