000
CDUS44 KMEG 180624
CLIMEM


CLIMATE REPORT
NATIONAL WEATHER SERVICE MEMPHIS TN
1223 AM CST SAT NOV 18 2017


...................................

...THE MEMPHIS CLIMATE SUMMARY FOR NOVEMBER 17 2017...

CLIMATE NORMAL PERIOD 1981 TO 2010
CLIMATE RECORD PERIOD 1872 TO 2017


WEATHER ITEM   OBSERVED TIME   RECORD YEAR NORMAL DEPARTURE LAST
                VALUE   (LST)  VALUE       VALUE  FROM      YEAR
                                                  NORMAL
..................................................................
TEMPERATURE (F)
 YESTERDAY
  MAXIMUM         73    352 PM  84    1958  62     11       81
  MINIMUM         46    211 AM  17    1880  43      3       54
  AVERAGE         60                        53      7       68

PRECIPITATION (IN)
  YESTERDAY        0.00          6.54 1906   0.19  -0.19     0.00
  MONTH TO DATE    1.49                      2.85  -1.36     0.10
  SINCE SEP 1      7.14                      9.92  -2.78     1.99
  SINCE JAN 1     43.80                     45.30  -1.50    51.80

SNOWFALL (IN)
  YESTERDAY        0.0           0.7  1889   0.0    0.0      0.0
  MONTH TO DATE    0.0                       0.0    0.0      0.0
  SINCE SEP 1      0.0                       0.0    0.0      0.0
  SINCE JUL 1      0.0                       0.0    0.0      0.0
  SNOW DEPTH       0

DEGREE DAYS
 HEATING
  YESTERDAY        5                        13     -8        0
  MONTH TO DATE  131                       170    -39       76
  SINCE SEP 1    262                       301    -39       94
  SINCE JUL 1    262                       301    -39       94

 COOLING
  YESTERDAY        0                         0      0        3
  MONTH TO DATE   22                        11     11       30
  SINCE SEP 1    486                       419     67      703
  SINCE JAN 1   2302                      2254     48     2804
..................................................................


WIND (MPH)
  HIGHEST WIND SPEED    26   HIGHEST WIND DIRECTION     S (200)
  HIGHEST GUST SPEED    38   HIGHEST GUST DIRECTION     S (180)
  AVERAGE WIND SPEED    12.3


SKY COVER
  POSSIBLE SUNSHINE  MM
  AVERAGE SKY COVER 0.6


WEATHER CONDITIONS
 THE FOLLOWING WEATHER WAS RECORDED YESTERDAY.
  NO SIGNIFICANT WEATHER WAS OBSERVED.


RELATIVE HUMIDITY (PERCENT)
 HIGHEST    82           200 AM
 LOWEST     55          1000 AM
 AVERAGE    69

..........................................................


THE MEMPHIS CLIMATE NORMALS FOR TODAY
                         NORMAL    RECORD    YEAR
 MAXIMUM TEMPERATURE (F)   62        82      1930
 MINIMUM TEMPERATURE (F)   43        16      1880


SUNRISE AND SUNSET
NOVEMBER 18 2017......SUNRISE   638 AM CST   SUNSET   452 PM CST
NOVEMBER 19 2017......SUNRISE   639 AM CST   SUNSET   452 PM CST


-  INDICATES NEGATIVE NUMBERS.
R  INDICATES RECORD WAS SET OR TIED.
MM INDICATES DATA IS MISSING.
T  INDICATES TRACE AMOUNT.




$$
