746
CDUS44 KMEG 200737
CLIMEM


CLIMATE REPORT
NATIONAL WEATHER SERVICE MEMPHIS TN
136 AM CST MON FEB 20 2017


...................................

...THE MEMPHIS CLIMATE SUMMARY FOR FEBRUARY 19 2017...

CLIMATE NORMAL PERIOD 1981 TO 2010
CLIMATE RECORD PERIOD 1872 TO 2017


WEATHER ITEM   OBSERVED TIME   RECORD YEAR NORMAL DEPARTURE LAST
                VALUE   (LST)  VALUE       VALUE  FROM      YEAR
                                                  NORMAL
..................................................................
TEMPERATURE (F)
 YESTERDAY
  MAXIMUM         77R   321 PM  76    1986  56     21       71
                                      1882
  MINIMUM         46    533 AM   9    1958  37      9       55
  AVERAGE         62                        47     15       63

PRECIPITATION (IN)
  YESTERDAY        0.00          1.99 1991   0.16  -0.16     0.00
  MONTH TO DATE    1.00                      2.93  -1.93     3.51
  SINCE DEC 1     12.59                     12.65  -0.06    10.55
  SINCE JAN 1      5.26                      6.91  -1.65     5.78

SNOWFALL (IN)
  YESTERDAY        0.0           2.0  1921   0.0    0.0      0.0
  MONTH TO DATE    0.0                       1.0   -1.0      0.0
  SINCE DEC 1      2.0                       3.1   -1.1      0.3
  SINCE JUL 1      2.0                       3.1   -1.1      0.3
  SNOW DEPTH       0

DEGREE DAYS
 HEATING
  YESTERDAY        3                        18    -15        2
  MONTH TO DATE  242                       394   -152      367
  SINCE DEC 1   1375                      1797   -422     1451
  SINCE JUL 1   1645                      2296   -651     1752

 COOLING
  YESTERDAY        0                         0      0        0
  MONTH TO DATE   11                         0     11        1
  SINCE DEC 1     16                         3     13       22
  SINCE JAN 1     13                         1     12        3
..................................................................


WIND (MPH)
  HIGHEST WIND SPEED    10   HIGHEST WIND DIRECTION    SE (140)
  HIGHEST GUST SPEED    15   HIGHEST GUST DIRECTION    SE (150)
  AVERAGE WIND SPEED     3.2


SKY COVER
  POSSIBLE SUNSHINE  MM
  AVERAGE SKY COVER 0.1


WEATHER CONDITIONS
 THE FOLLOWING WEATHER WAS RECORDED YESTERDAY.
  FOG


RELATIVE HUMIDITY (PERCENT)
 HIGHEST   100          1200 AM
 LOWEST     46           200 PM
 AVERAGE    73

..........................................................


THE MEMPHIS CLIMATE NORMALS FOR TODAY
                         NORMAL    RECORD    YEAR
 MAXIMUM TEMPERATURE (F)   56        80      1986
 MINIMUM TEMPERATURE (F)   38        13      1958


SUNRISE AND SUNSET
FEBRUARY 20 2017......SUNRISE   640 AM CST   SUNSET   548 PM CST
FEBRUARY 21 2017......SUNRISE   639 AM CST   SUNSET   549 PM CST


-  INDICATES NEGATIVE NUMBERS.
R  INDICATES RECORD WAS SET OR TIED.
MM INDICATES DATA IS MISSING.
T  INDICATES TRACE AMOUNT.




$$
