000
CDUS44 KMEG 290632
CLIMEM


CLIMATE REPORT
NATIONAL WEATHER SERVICE MEMPHIS TN
132 AM CDT SUN MAR 29 2015


...................................

...THE MEMPHIS CLIMATE SUMMARY FOR MARCH 28 2015...

CLIMATE NORMAL PERIOD 1981 TO 2010
CLIMATE RECORD PERIOD 1872 TO 2015


WEATHER ITEM   OBSERVED TIME   RECORD YEAR NORMAL DEPARTURE LAST
                VALUE   (LST)  VALUE       VALUE  FROM      YEAR
                                                  NORMAL
..................................................................
TEMPERATURE (F)
 YESTERDAY
  MAXIMUM         43    726 PM  87    1895  68    -25       75
  MINIMUM         36    428 AM  27    1955  47    -11       58
                                      1947
  AVERAGE         40                        58    -18       67

PRECIPITATION (IN)
  YESTERDAY        T             3.14 2014   0.18  -0.18     3.14
  MONTH TO DATE    5.38                      4.61   0.77     7.22
  SINCE MAR 1      5.38                      4.61   0.77     7.22
  SINCE JAN 1     11.03                     12.98  -1.95    15.34

SNOWFALL (IN)
  YESTERDAY        0.0           T    1899   0.0    0.0      0.0
  MONTH TO DATE    3.6                       0.4    3.2      0.5
  SINCE MAR 1      3.6                       0.4    3.2      0.5
  SINCE JUL 1      6.1                       3.8    2.3      0.8
  SNOW DEPTH       0

DEGREE DAYS
 HEATING
  YESTERDAY       25                         9     16        0
  MONTH TO DATE  364                       335     29      443
  SINCE MAR 1    364                       335     29      443
  SINCE JUL 1   3087                      2785    302     3269

 COOLING
  YESTERDAY        0                         1     -1        2
  MONTH TO DATE    4                        13     -9        2
  SINCE MAR 1      4                        13     -9        2
  SINCE JAN 1      4                        16    -12        2
..................................................................


WIND (MPH)
  HIGHEST WIND SPEED    13   HIGHEST WIND DIRECTION    NE (60)
  HIGHEST GUST SPEED    15   HIGHEST GUST DIRECTION    NE (60)
  AVERAGE WIND SPEED     4.6


SKY COVER
  POSSIBLE SUNSHINE  MM
  AVERAGE SKY COVER 0.9


WEATHER CONDITIONS
 THE FOLLOWING WEATHER WAS RECORDED YESTERDAY.
  LIGHT SNOW


RELATIVE HUMIDITY (PERCENT)
 HIGHEST    60          1000 PM
 LOWEST     44           200 AM
 AVERAGE    52

..........................................................


THE MEMPHIS CLIMATE NORMALS FOR TODAY
                         NORMAL    RECORD    YEAR
 MAXIMUM TEMPERATURE (F)   68        86      2007
 MINIMUM TEMPERATURE (F)   48        28      1955


SUNRISE AND SUNSET
MARCH 29 2015.........SUNRISE   651 AM CDT   SUNSET   719 PM CDT
MARCH 30 2015.........SUNRISE   650 AM CDT   SUNSET   720 PM CDT


-  INDICATES NEGATIVE NUMBERS.
R  INDICATES RECORD WAS SET OR TIED.
MM INDICATES DATA IS MISSING.
T  INDICATES TRACE AMOUNT.




$$
